{"id":262,"date":"2020-01-23T12:37:13","date_gmt":"2020-01-23T11:37:13","guid":{"rendered":"http:\/\/blogsaverroes.juntadeandalucia.es\/pre\/nuevoies2v2\/?page_id=262"},"modified":"2026-03-20T13:41:36","modified_gmt":"2026-03-20T12:41:36","slug":"nuestra-historia","status":"publish","type":"page","link":"https:\/\/blogsaverroes.juntadeandalucia.es\/cprbembezar\/nuestra-historia\/","title":{"rendered":"Nuestra Historia"},"content":{"rendered":"<div data-sfc-cp=\"\" data-sfc-cb=\"\" data-hveid=\"CAEQAA\" data-processed=\"true\">\n<p>En el t\u00e9rmino municipal de Hornachuelos hay cuatro bellos pueblos de colonizaci\u00f3n&nbsp; de &nbsp;singular &nbsp;arquitectura: Bemb\u00e9zar,&nbsp; Mesas &nbsp;del Guadalora, C\u00e9spedes y Puebla de la Parrilla. Responden a nuevas poblaciones creadas por el Instituto Nacional de Colonizaci\u00f3n en la provincia cordobesa durante el franquismo, constituyendo la mayor transformaci\u00f3n del territorio en la historia reciente. Estos pueblos se construyeron con la puesta en regad\u00edo de los campos cercanos al pantano construido sobre el r\u00edo Bemb\u00e9zar. Todos los poblados tienen una iglesia construida en el centro de la poblaci\u00f3n, cuya plaza marca el punto m\u00e1s vital de la vida ciudadana y est\u00e1 de acuerdo con el&nbsp; tono &nbsp;funcional &nbsp;moderno &nbsp;con &nbsp;que &nbsp;se &nbsp;levantan &nbsp;todos &nbsp;los &nbsp;edificios destinados al vecindario y servicios civiles, como ayuntamiento, mercado, etc.<\/p>\n<p>De esas nuevas colonias, de las familias que las poblaron, de sus tierras y de su arquitectura, da cuenta la exposici\u00f3n&nbsp;<em>Pueblos de tierra<\/em>, que se puede visitar en la Oficina Municipal de Turismo de Hornachuelos.<\/p>\n<\/div>\n<div class=\"Y3BBE\" data-sfc-cp=\"\" data-sfc-cb=\"\" data-hveid=\"CAIQAA\" data-processed=\"true\"><strong class=\"Yjhzub\" data-sfc-cb=\"\" data-processed=\"true\">Puntos Clave de su Historia:<\/strong><img loading=\"lazy\" decoding=\"async\" class=\"wp-image-673 size-medium alignright\" src=\"https:\/\/blogsaverroes.juntadeandalucia.es\/cprbembezar\/files\/2026\/03\/Captura-de-pantalla-2026-03-18-133641-300x210.png\" alt=\"\" width=\"300\" height=\"210\" srcset=\"https:\/\/blogsaverroes.juntadeandalucia.es\/cprbembezar\/files\/2026\/03\/Captura-de-pantalla-2026-03-18-133641-300x210.png 300w, https:\/\/blogsaverroes.juntadeandalucia.es\/cprbembezar\/files\/2026\/03\/Captura-de-pantalla-2026-03-18-133641-1024x717.png 1024w, https:\/\/blogsaverroes.juntadeandalucia.es\/cprbembezar\/files\/2026\/03\/Captura-de-pantalla-2026-03-18-133641-768x538.png 768w, https:\/\/blogsaverroes.juntadeandalucia.es\/cprbembezar\/files\/2026\/03\/Captura-de-pantalla-2026-03-18-133641.png 1082w\" sizes=\"(max-width: 300px) 100vw, 300px\" \/><\/div>\n<ul class=\"KsbFXc U6u95\" data-sfc-cb=\"\" data-processed=\"true\">\n<li class=\"dF3vjf\" data-sfc-cb=\"\" data-hveid=\"CAMQAA\" data-processed=\"true\"><span class=\"T286Pc\" data-sfc-cp=\"\" data-sfc-cb=\"\" data-processed=\"true\"><strong class=\"Yjhzub\" data-sfc-cb=\"\" data-processed=\"true\">Origen:<\/strong>&nbsp;Creados principalmente a mediados de la d\u00e9cada de 1960, fueron proyectados para transformar el paisaje agrario de la zona gracias al regad\u00edo del embalse de Bemb\u00e9zar.<\/span><\/li>\n<li class=\"dF3vjf\" data-sfc-cb=\"\" data-hveid=\"CAMQAQ\" data-processed=\"true\"><span class=\"T286Pc\" data-sfc-cp=\"\" data-sfc-cb=\"\" data-processed=\"true\"><span class=\"T286Pc\" data-sfc-cp=\"\" data-sfc-cb=\"\" data-processed=\"true\"><strong class=\"Yjhzub\" data-sfc-cb=\"\" data-processed=\"true\">Finalidad:<\/strong> Reubicar<\/span><\/span><span class=\"T286Pc\" data-sfc-cp=\"\" data-sfc-cb=\"\" data-processed=\"true\">a familias de colonos, muchas provenientes de zonas inundadas como Izn\u00e1jar, ofreci\u00e9ndoles tierras y viviendas.<\/span><\/li>\n<li class=\"dF3vjf\" data-sfc-cb=\"\" data-hveid=\"CAMQAw\" data-processed=\"true\"><span class=\"T286Pc\" data-sfc-cp=\"\" data-sfc-cb=\"\" data-processed=\"true\"><strong class=\"Yjhzub\" data-sfc-cb=\"\" data-processed=\"true\">Los N\u00facleos:<\/strong><\/span>\n<ul data-sfc-cb=\"\" data-processed=\"true\">\n<li data-sfc-cb=\"\" data-hveid=\"CAMQBA\" data-processed=\"true\"><a href=\"https:\/\/www.google.com\/search?q=Bemb%C3%A9zar&amp;oq=historia+de+los+pueblos+de+colonizaci%C3%B3n+de+hornachuelos&amp;gs_lcrp=EgZjaHJvbWUyCQgAEEUYORigATIHCAEQIRigAdIBCTEwNDA3ajBqNKgCALACAQ&amp;sourceid=chrome&amp;ie=UTF-8&amp;safe=active&amp;ssui=on&amp;ved=2ahUKEwjVj4OzuqmTAxWmUKQEHRBGIkUQgK4QegQIAxAF\" data-ved=\"2ahUKEwjVj4OzuqmTAxWmUKQEHRBGIkUQgK4QegQIAxAF\" data-hveid=\"CAMQBQ\" data-processed=\"true\">Bemb\u00e9zar<\/a>: Uno de los principales n\u00facleos, fuertemente vinculado al regad\u00edo.<\/li>\n<li data-sfc-cb=\"\" data-hveid=\"CAMQBg\" data-processed=\"true\"><a href=\"https:\/\/www.google.com\/search?q=Mesas+de+Guadalora&amp;oq=historia+de+los+pueblos+de+colonizaci%C3%B3n+de+hornachuelos&amp;gs_lcrp=EgZjaHJvbWUyCQgAEEUYORigATIHCAEQIRigAdIBCTEwNDA3ajBqNKgCALACAQ&amp;sourceid=chrome&amp;ie=UTF-8&amp;safe=active&amp;ssui=on&amp;ved=2ahUKEwjVj4OzuqmTAxWmUKQEHRBGIkUQgK4QegQIAxAH\" data-ved=\"2ahUKEwjVj4OzuqmTAxWmUKQEHRBGIkUQgK4QegQIAxAH\" data-hveid=\"CAMQBw\" data-processed=\"true\">Mesas de Guadalora<\/a>:&nbsp;N\u00facleo de dise\u00f1o t\u00edpico de colonizaci\u00f3n, dise\u00f1ado por Francisco Jim\u00e9nez de la Cruz.<\/li>\n<li data-sfc-cb=\"\" data-hveid=\"CAMQCA\" data-processed=\"true\"><a href=\"https:\/\/www.google.com\/search?q=C%C3%A9spedes&amp;oq=historia+de+los+pueblos+de+colonizaci%C3%B3n+de+hornachuelos&amp;gs_lcrp=EgZjaHJvbWUyCQgAEEUYORigATIHCAEQIRigAdIBCTEwNDA3ajBqNKgCALACAQ&amp;sourceid=chrome&amp;ie=UTF-8&amp;safe=active&amp;ssui=on&amp;ved=2ahUKEwjVj4OzuqmTAxWmUKQEHRBGIkUQgK4QegQIAxAJ\" data-ved=\"2ahUKEwjVj4OzuqmTAxWmUKQEHRBGIkUQgK4QegQIAxAJ\" data-hveid=\"CAMQCQ\" data-processed=\"true\">C\u00e9spedes<\/a>: Proyectado en 1958 y completado hacia 1965, caracterizado por el uso de viviendas unifamiliares con patios y un trazado ortogonal.<\/li>\n<li data-sfc-cb=\"\" data-hveid=\"CAMQDA\" data-processed=\"true\"><a href=\"https:\/\/www.google.com\/search?q=Puebla+de+la+Parrilla&amp;oq=historia+de+los+pueblos+de+colonizaci%C3%B3n+de+hornachuelos&amp;gs_lcrp=EgZjaHJvbWUyCQgAEEUYORigATIHCAEQIRigAdIBCTEwNDA3ajBqNKgCALACAQ&amp;sourceid=chrome&amp;ie=UTF-8&amp;safe=active&amp;ssui=on&amp;ved=2ahUKEwjVj4OzuqmTAxWmUKQEHRBGIkUQgK4QegQIAxAN\" data-ved=\"2ahUKEwjVj4OzuqmTAxWmUKQEHRBGIkUQgK4QegQIAxAN\" data-hveid=\"CAMQDQ\" data-processed=\"true\">Puebla de la Parrilla<\/a>: Creada para unas 30 familias, con dise\u00f1o del arquitecto Jos\u00e9 Antonio G\u00f3mez-Luengo, enfocada en la vida comunitaria y agr\u00edcola.<\/li>\n<\/ul>\n<\/li>\n<\/ul>\n<p><strong class=\"Yjhzub\" data-sfc-cb=\"\" data-processed=\"true\">Nuestro Centro:<\/strong><\/p>\n<div class=\"Y3BBE\" data-sfc-cp=\"\" data-sfc-cb=\"\" data-hveid=\"CAEQAA\" data-processed=\"true\">La historia del colegio rural en Hornachuelos est\u00e1 marcada por la dispersi\u00f3n geogr\u00e1fica de sus pedan\u00edas, destacando el&nbsp;<strong class=\"Yjhzub\" data-sfc-cb=\"\"><span data-sfc-cb=\"\"><a class=\"H23r4e\" href=\"https:\/\/blogsaverroes.juntadeandalucia.es\/ceipvictoriadiez\/el-centro-2\/\" target=\"_blank\" rel=\"noopener\">C.P.R. Bemb\u00e9zar<\/a><\/span><\/strong>, que atiende a la infancia y primaria en las aldeas. Estas escuelas rurales son fundamentales para combatir la despoblaci\u00f3n, manteniendo la educaci\u00f3n en Mesas de Guadalora y C\u00e9spedes.<\/div>\n<div data-sfc-cp=\"\" data-sfc-cb=\"\" data-hveid=\"CAEQAA\" data-processed=\"true\">&nbsp;<\/div>\n<div data-sfc-cp=\"\" data-sfc-cb=\"\" data-hveid=\"CAEQAA\" data-processed=\"true\"><span data-wiz-uids=\"x7jmgf_d\" data-sfc-cb=\"\">Mesas de Guadalora<\/span>&nbsp;es un peque\u00f1o y tranquilo poblado de colonizaci\u00f3n perteneciente a Hornachuelos, C\u00f3rdoba, construido en 1959.&nbsp;Se caracteriza por su arquitectura funcional de una y dos plantas, una plaza mayor ajardinada, y un ambiente rural centrado en la agricultura y la convivencia vecinal, celebrando sus fiestas en honor a San Isidro y Santa Mar\u00eda. A fecha de 2024, cuenta con 431 habitantes (SIMA).<\/div>\n<div data-sfc-cp=\"\" data-sfc-cb=\"\" data-hveid=\"CAEQAA\" data-processed=\"true\">&nbsp;<\/div>\n<div data-sfc-cp=\"\" data-sfc-cb=\"\" data-hveid=\"CAEQAA\" data-processed=\"true\">C\u00e9spedes es una tranquila y pintoresca pedan\u00eda de Hornachuelos (C\u00f3rdoba), uno de sus poblados de colonizaci\u00f3n con alrededor de 267 habitantes (SIMA, 2024). Se caracteriza por su ambiente familiar, sus cuidados jardines, y la belleza de sus patios, destacando especialmente el jard\u00edn de la Casa de Custodia. Es un lugar tradicional con gran ambiente en sus fiestas patronales.<\/div>\n<div data-sfc-cp=\"\" data-sfc-cb=\"\" data-hveid=\"CAEQAA\" data-processed=\"true\">&nbsp;<\/div>\n<div data-sfc-cp=\"\" data-sfc-cb=\"\" data-hveid=\"CAEQAA\" data-processed=\"true\">En el curso 2025\/2026, nuestro centro tiene 6 unidades (2 de E. Infantil, 3 de E. Primaria y 1 de Pedagog\u00eda Terap\u00e9utica). Tenemos alumnado en clases multinivel con un clima positivo, con ambiente tranquilo y respetuoso.<\/div>\n<div data-sfc-cp=\"\" data-sfc-cb=\"\" data-hveid=\"CAEQAA\" data-processed=\"true\">&nbsp;<\/div>\n<div data-sfc-cp=\"\" data-sfc-cb=\"\" data-hveid=\"CAEQAA\" data-processed=\"true\">ngg_shortcode_0_placeholder<\/div>\n","protected":false},"excerpt":{"rendered":"<p>En el t\u00e9rmino municipal de Hornachuelos hay cuatro bellos pueblos de colonizaci\u00f3n&nbsp; de &nbsp;singular &nbsp;arquitectura: Bemb\u00e9zar,&nbsp; Mesas &nbsp;del Guadalora, C\u00e9spedes y Puebla de la Parrilla.&hellip;<\/p>\n","protected":false},"author":7051,"featured_media":0,"parent":0,"menu_order":0,"comment_status":"closed","ping_status":"closed","template":"","meta":{"ngg_post_thumbnail":0,"footnotes":""},"aioseo_notices":[],"_links":{"self":[{"href":"https:\/\/blogsaverroes.juntadeandalucia.es\/cprbembezar\/wp-json\/wp\/v2\/pages\/262"}],"collection":[{"href":"https:\/\/blogsaverroes.juntadeandalucia.es\/cprbembezar\/wp-json\/wp\/v2\/pages"}],"about":[{"href":"https:\/\/blogsaverroes.juntadeandalucia.es\/cprbembezar\/wp-json\/wp\/v2\/types\/page"}],"author":[{"embeddable":true,"href":"https:\/\/blogsaverroes.juntadeandalucia.es\/cprbembezar\/wp-json\/wp\/v2\/users\/7051"}],"replies":[{"embeddable":true,"href":"https:\/\/blogsaverroes.juntadeandalucia.es\/cprbembezar\/wp-json\/wp\/v2\/comments?post=262"}],"version-history":[{"count":7,"href":"https:\/\/blogsaverroes.juntadeandalucia.es\/cprbembezar\/wp-json\/wp\/v2\/pages\/262\/revisions"}],"predecessor-version":[{"id":737,"href":"https:\/\/blogsaverroes.juntadeandalucia.es\/cprbembezar\/wp-json\/wp\/v2\/pages\/262\/revisions\/737"}],"wp:attachment":[{"href":"https:\/\/blogsaverroes.juntadeandalucia.es\/cprbembezar\/wp-json\/wp\/v2\/media?parent=262"}],"curies":[{"name":"wp","href":"https:\/\/api.w.org\/{rel}","templated":true}]}}