{"id":141,"date":"2015-03-17T07:13:24","date_gmt":"2015-03-17T07:13:24","guid":{"rendered":"http:\/\/blogsaverroes.juntadeandalucia.es\/pre\/ceip\/?page_id=141"},"modified":"2021-03-03T13:15:10","modified_gmt":"2021-03-03T12:15:10","slug":"escolarizacion","status":"publish","type":"page","link":"https:\/\/blogsaverroes.juntadeandalucia.es\/cprcampodelrey\/escolarizacion\/","title":{"rendered":"Escolarizaci\u00f3n 2021-2022"},"content":{"rendered":"<header><\/header>\n<h1>Infantil a Bachillerato<\/h1>\n<p style=\"text-align: justify\"><strong>La Consejer\u00eda de Educaci\u00f3n y Deporte convoca el procedimiento de admisi\u00f3n del <a href=\"https:\/\/blogsaverroes.juntadeandalucia.es\/cprcampodelrey\/files\/2021\/01\/Logo-Andaluc\u00eda.png\"><img decoding=\"async\" class=\"wp-image-3380 alignright\" src=\"https:\/\/blogsaverroes.juntadeandalucia.es\/cprcampodelrey\/files\/2021\/01\/Logo-Andaluc\u00eda.png\" alt=\"\" width=\"172\" height=\"172\" srcset=\"https:\/\/blogsaverroes.juntadeandalucia.es\/cprcampodelrey\/files\/2021\/01\/Logo-Andaluc\u00eda.png 225w, https:\/\/blogsaverroes.juntadeandalucia.es\/cprcampodelrey\/files\/2021\/01\/Logo-Andaluc\u00eda-150x150.png 150w, https:\/\/blogsaverroes.juntadeandalucia.es\/cprcampodelrey\/files\/2021\/01\/Logo-Andaluc\u00eda-100x100.png 100w, https:\/\/blogsaverroes.juntadeandalucia.es\/cprcampodelrey\/files\/2021\/01\/Logo-Andaluc\u00eda-24x24.png 24w, https:\/\/blogsaverroes.juntadeandalucia.es\/cprcampodelrey\/files\/2021\/01\/Logo-Andaluc\u00eda-36x36.png 36w, https:\/\/blogsaverroes.juntadeandalucia.es\/cprcampodelrey\/files\/2021\/01\/Logo-Andaluc\u00eda-48x48.png 48w\" sizes=\"(max-width: 172px) 100vw, 172px\" \/><\/a><br \/>\nalumnado en los centros docentes p\u00fablicos y privados concertados para cursar las ense\u00f1anzas de segundo ciclo de educaci\u00f3n infantil, educaci\u00f3n primaria, educaci\u00f3n especial, educaci\u00f3n secundaria obligatoria y bachillerato para el curso escolar 2021\/22.<\/strong><\/p>\n<p style=\"text-align: justify\">Durante todo el mes de marzo permanecer\u00e1 abierto en Andaluc\u00eda el plazo para la presentaci\u00f3n de solicitudes de admisi\u00f3n correspondientes al curso escolar 2021\/22 en la red de centros sostenidos con fondos p\u00fablicos. Se inicia de este modo el proceso de escolarizaci\u00f3n en el que participan todos los ni\u00f1os y ni\u00f1as que se incorporan por primera vez al sistema educativo, tanto en centros p\u00fablicos como privados concertados, as\u00ed como el alumnado que cambie de centro escolar.<\/p>\n<p>Entre los d\u00edas 1 y 31 de marzo<strong>,<\/strong>&nbsp;ambos inclusive, deber\u00e1n presentar su solicitud los escolares de segundo ciclo de educaci\u00f3n infantil, educaci\u00f3n primaria, educaci\u00f3n especial, educaci\u00f3n secundaria obligatoria y bachillerato.<\/p>\n<p>Utiliza aqu\u00ed tu clave IANDE &nbsp;<a href=\"https:\/\/portals.ced.junta-andalucia.es\/educacion\/portals\/web\/escolarizacion\/idiomas\/tramitacion\">\u00bfC\u00f3mo?<\/a><\/p>\n<p><a href=\"https:\/\/www.juntadeandalucia.es\/educacion\/secretariavirtual\/accesoTramite\/543\/\">Secretaria virtual<\/a><\/p>\n<p style=\"text-align: justify\">Contin\u00faa publicada, con nuevas mejoras, la aplicaci\u00f3n para smartphones que permite realizar consultas de centros, as\u00ed como de los puntos del baremo por domicilio.&nbsp;Por su parte, los centros educativos <a href=\"https:\/\/blogsaverroes.juntadeandalucia.es\/cprcampodelrey\/files\/2021\/01\/Escoralizaci\u00f3n.jpg\"><img fetchpriority=\"high\" decoding=\"async\" class=\" wp-image-3383 alignright\" src=\"https:\/\/blogsaverroes.juntadeandalucia.es\/cprcampodelrey\/files\/2021\/01\/Escoralizaci\u00f3n.jpg\" alt=\"\" width=\"362\" height=\"188\" srcset=\"https:\/\/blogsaverroes.juntadeandalucia.es\/cprcampodelrey\/files\/2021\/01\/Escoralizaci\u00f3n.jpg 312w, https:\/\/blogsaverroes.juntadeandalucia.es\/cprcampodelrey\/files\/2021\/01\/Escoralizaci\u00f3n-300x156.jpg 300w, https:\/\/blogsaverroes.juntadeandalucia.es\/cprcampodelrey\/files\/2021\/01\/Escoralizaci\u00f3n-24x12.jpg 24w, https:\/\/blogsaverroes.juntadeandalucia.es\/cprcampodelrey\/files\/2021\/01\/Escoralizaci\u00f3n-36x19.jpg 36w, https:\/\/blogsaverroes.juntadeandalucia.es\/cprcampodelrey\/files\/2021\/01\/Escoralizaci\u00f3n-48x25.jpg 48w\" sizes=\"(max-width: 362px) 100vw, 362px\" \/><\/a>publican la relaci\u00f3n de puestos escolares vacantes, as\u00ed como la informaci\u00f3n sobre las direcciones catastrales comprendidas en sus \u00e1reas de influencia y \u00e1reas lim\u00edtrofes. Cuando la oferta de plazas coincida o sea superior a la demanda, los solicitantes ser\u00e1n admitidos y solo en aquellos casos donde no se pueda atender toda la demanda, se proceder\u00e1 a la baremaci\u00f3n de las solicitudes.<\/p>\n<p>&nbsp;<\/p>\n<p>La relaci\u00f3n definitiva de admitidos y no admitidos saldr\u00e1 en mayo.<\/p>\n<p>Criterios de Admisi\u00f3n:<\/p>\n<ol>\n<li>Existencia de hermanos o hermanas matriculados en el centro.<\/li>\n<li>Proximidad del domicilio familiar o del lugar de trabajo del padre, de la madre o de la persona tutora o guardadora legal.<\/li>\n<li>Renta per c\u00e1pita anual de la unidad familiar.<\/li>\n<li>Concurrencia de discapacidad legalmente reconocida del alumno o la alumna, de sus padres, madres, tutores o guardadores legales, o de alguno de sus hermanos o hermanas o menores en acogimiento en la misma unidad familiar. En el segundo ciclo de la educaci\u00f3n infantil se considerar\u00e1 tambi\u00e9n la presencia en el alumnado de trastornos en el desarrollo.<\/li>\n<li>Que el alumno o la alumna pertenezca a una familia con la condici\u00f3n de numerosa.<\/li>\n<li>Que el alumno o la alumna pertenezca a una familia con la condici\u00f3n de monoparental y sea menor de edad o mayor de edad sujeto a patria potestad prorrogada o tutela.<\/li>\n<li>Que el alumno o la alumna pertenezca a una familia no numerosa ni monoparental en la que tenga un \u00fanico hermano o hermana.<\/li>\n<li>Que quien o quienes ostenten la guarda y custodia del alumno o alumna realicen una actividad laboral o profesional remunerada.<\/li>\n<li>Que el alumno o la alumna est\u00e9 matriculado en el primer ciclo de la educaci\u00f3n infantil en un centro autorizado para ello.&nbsp;<\/li>\n<\/ol>\n<p>Para las ense\u00f1anzas de Bachillerato, adem\u00e1s de los criterios establecidos, se considerar\u00e1 el expediente acad\u00e9mico de los alumnos y alumnas.<\/p>\n<p>Para atender consultas sobre todo el proceso de escolarizaci\u00f3n, la Consejer\u00eda ha habilitado un tel\u00e9fono gratuito de informaci\u00f3n (900 848 000), en horario ininterrumpido de 8.00 a 19.00 horas.<\/p>\n<p>Esta secci\u00f3n puede contener cuanta informaci\u00f3n sea de utilidad para las familias a la hora de iniciar el proceso de escolarizaci\u00f3n: plazos, documentos, normativa, enlaces, etc.<\/p>\n<p><a title=\"Portal escolarizaci\u00f3n\" href=\"https:\/\/www.juntadeandalucia.es\/educacion\/portals\/web\/escolarizacion\" target=\"_blank\" rel=\"noopener noreferrer\">Enlace al portal de escolarizaci\u00f3n.<\/a><\/p>\n<div class=\"o9v6fnle cxmmr5t8 oygrvhab hcukyx3x c1et5uql ii04i59q\">\n<div dir=\"auto\" style=\"text-align: justify\">\u00bfEst\u00e1s interesado en pertenecer a nuestro centro?<\/div>\n<\/div>\n<div class=\"o9v6fnle cxmmr5t8 oygrvhab hcukyx3x c1et5uql ii04i59q\" style=\"text-align: justify\">\n<div dir=\"auto\">\u00bfFormar\u00edais parte de un centro Erasmus?<\/div>\n<\/div>\n<div class=\"o9v6fnle cxmmr5t8 oygrvhab hcukyx3x c1et5uql ii04i59q\" style=\"text-align: justify\">\n<div dir=\"auto\">\u00bfTe gustar\u00eda que tus hijos\/as jueguen, experimenten, \u2026 y aprendan las competencias digitales de una forma diferente y divertida?<\/div>\n<\/div>\n<div class=\"o9v6fnle cxmmr5t8 oygrvhab hcukyx3x c1et5uql ii04i59q\" style=\"text-align: justify\">\n<div dir=\"auto\">Y mucho m\u00e1s!<\/div>\n<\/div>\n<div class=\"o9v6fnle cxmmr5t8 oygrvhab hcukyx3x c1et5uql ii04i59q\" style=\"text-align: justify\">\n<div dir=\"auto\">Pues CPR CAMPO DEL REY <span class=\"pq6dq46d tbxw36s4 knj5qynh kvgmc6g5 ditlmg2l oygrvhab nvdbi5me sf5mxxl7 gl3lb2sf hhz5lgdu\"><img decoding=\"async\" src=\"https:\/\/static.xx.fbcdn.net\/images\/emoji.php\/v9\/t87\/2\/16\/1f451.png\" alt=\"\ud83d\udc51\" width=\"16\" height=\"16\"><\/span> es t\u00fa centro.<\/div>\n<\/div>\n<div class=\"o9v6fnle cxmmr5t8 oygrvhab hcukyx3x c1et5uql ii04i59q\">\n<blockquote>\n<h1 style=\"text-align: center\"><strong>Periodo de admisi\u00f3n del 1 al 31 de marzo.<\/strong><\/h1>\n<\/blockquote>\n<\/div>\n<div dir=\"auto\"><a href=\"https:\/\/blogsaverroes.juntadeandalucia.es\/cprcampodelrey\/files\/2021\/03\/WhatsApp-Image-2021-03-02-at-17.15.50.jpeg\"><img loading=\"lazy\" decoding=\"async\" class=\"aligncenter size-full wp-image-3621\" src=\"https:\/\/blogsaverroes.juntadeandalucia.es\/cprcampodelrey\/files\/2021\/03\/WhatsApp-Image-2021-03-02-at-17.15.50.jpeg\" alt=\"\" width=\"1600\" height=\"1600\" srcset=\"https:\/\/blogsaverroes.juntadeandalucia.es\/cprcampodelrey\/files\/2021\/03\/WhatsApp-Image-2021-03-02-at-17.15.50.jpeg 1600w, https:\/\/blogsaverroes.juntadeandalucia.es\/cprcampodelrey\/files\/2021\/03\/WhatsApp-Image-2021-03-02-at-17.15.50-300x300.jpeg 300w, https:\/\/blogsaverroes.juntadeandalucia.es\/cprcampodelrey\/files\/2021\/03\/WhatsApp-Image-2021-03-02-at-17.15.50-1024x1024.jpeg 1024w, https:\/\/blogsaverroes.juntadeandalucia.es\/cprcampodelrey\/files\/2021\/03\/WhatsApp-Image-2021-03-02-at-17.15.50-150x150.jpeg 150w, https:\/\/blogsaverroes.juntadeandalucia.es\/cprcampodelrey\/files\/2021\/03\/WhatsApp-Image-2021-03-02-at-17.15.50-768x768.jpeg 768w, https:\/\/blogsaverroes.juntadeandalucia.es\/cprcampodelrey\/files\/2021\/03\/WhatsApp-Image-2021-03-02-at-17.15.50-1536x1536.jpeg 1536w\" sizes=\"(max-width: 1600px) 100vw, 1600px\" \/><\/a><\/div>\n","protected":false},"excerpt":{"rendered":"<p>Infantil a Bachillerato La Consejer\u00eda de Educaci\u00f3n y Deporte convoca el procedimiento de admisi\u00f3n del alumnado en los centros docentes p\u00fablicos y privados concertados para cursar las ense\u00f1anzas de segundo ciclo de educaci\u00f3n infantil,&#46;&#46;&#46;<\/p>\n","protected":false},"author":1,"featured_media":0,"parent":0,"menu_order":0,"comment_status":"closed","ping_status":"open","template":"","meta":{"ngg_post_thumbnail":0,"footnotes":"","_mc_calendar":[]},"aioseo_notices":[],"_links":{"self":[{"href":"https:\/\/blogsaverroes.juntadeandalucia.es\/cprcampodelrey\/wp-json\/wp\/v2\/pages\/141"}],"collection":[{"href":"https:\/\/blogsaverroes.juntadeandalucia.es\/cprcampodelrey\/wp-json\/wp\/v2\/pages"}],"about":[{"href":"https:\/\/blogsaverroes.juntadeandalucia.es\/cprcampodelrey\/wp-json\/wp\/v2\/types\/page"}],"author":[{"embeddable":true,"href":"https:\/\/blogsaverroes.juntadeandalucia.es\/cprcampodelrey\/wp-json\/wp\/v2\/users\/1"}],"replies":[{"embeddable":true,"href":"https:\/\/blogsaverroes.juntadeandalucia.es\/cprcampodelrey\/wp-json\/wp\/v2\/comments?post=141"}],"version-history":[{"count":15,"href":"https:\/\/blogsaverroes.juntadeandalucia.es\/cprcampodelrey\/wp-json\/wp\/v2\/pages\/141\/revisions"}],"predecessor-version":[{"id":3626,"href":"https:\/\/blogsaverroes.juntadeandalucia.es\/cprcampodelrey\/wp-json\/wp\/v2\/pages\/141\/revisions\/3626"}],"wp:attachment":[{"href":"https:\/\/blogsaverroes.juntadeandalucia.es\/cprcampodelrey\/wp-json\/wp\/v2\/media?parent=141"}],"curies":[{"name":"wp","href":"https:\/\/api.w.org\/{rel}","templated":true}]}}

Escolarización 2021-2022

<header></header>
<h1>Infantil a Bachillerato</h1>
<p style="text-align: justify"><strong>La Consejería de Educación y Deporte convoca el procedimiento de admisión del <a href="https://blogsaverroes.juntadeandalucia.es/cprcampodelrey/files/2021/01/Logo-Andalucía.png"><img decoding="async" class="wp-image-3380 alignright" src="https://blogsaverroes.juntadeandalucia.es/cprcampodelrey/files/2021/01/Logo-Andalucía.png" alt="" width="172" height="172" srcset="https://blogsaverroes.juntadeandalucia.es/cprcampodelrey/files/2021/01/Logo-Andalucía.png 225w, https://blogsaverroes.juntadeandalucia.es/cprcampodelrey/files/2021/01/Logo-Andalucía-150x150.png 150w, https://blogsaverroes.juntadeandalucia.es/cprcampodelrey/files/2021/01/Logo-Andalucía-100x100.png 100w, https://blogsaverroes.juntadeandalucia.es/cprcampodelrey/files/2021/01/Logo-Andalucía-24x24.png 24w, https://blogsaverroes.juntadeandalucia.es/cprcampodelrey/files/2021/01/Logo-Andalucía-36x36.png 36w, https://blogsaverroes.juntadeandalucia.es/cprcampodelrey/files/2021/01/Logo-Andalucía-48x48.png 48w" sizes="(max-width: 172px) 100vw, 172px" /></a><br />
alumnado en los centros docentes públicos y privados concertados para cursar las enseñanzas de segundo ciclo de educación infantil, educación primaria, educación especial, educación secundaria obligatoria y bachillerato para el curso escolar 2021/22.</strong></p>
<p style="text-align: justify">Durante todo el mes de marzo permanecerá abierto en Andalucía el plazo para la presentación de solicitudes de admisión correspondientes al curso escolar 2021/22 en la red de centros sostenidos con fondos públicos. Se inicia de este modo el proceso de escolarización en el que participan todos los niños y niñas que se incorporan por primera vez al sistema educativo, tanto en centros públicos como privados concertados, así como el alumnado que cambie de centro escolar.</p>
<p>Entre los días 1 y 31 de marzo<strong>,</strong>&nbsp;ambos inclusive, deberán presentar su solicitud los escolares de segundo ciclo de educación infantil, educación primaria, educación especial, educación secundaria obligatoria y bachillerato.</p>
<p>Utiliza aquí tu clave IANDE &nbsp;<a href="https://portals.ced.junta-andalucia.es/educacion/portals/web/escolarizacion/idiomas/tramitacion">¿Cómo?</a></p>
<p><a href="https://www.juntadeandalucia.es/educacion/secretariavirtual/accesoTramite/543/">Secretaria virtual</a></p>
<p style="text-align: justify">Continúa publicada, con nuevas mejoras, la aplicación para smartphones que permite realizar consultas de centros, así como de los puntos del baremo por domicilio.&nbsp;Por su parte, los centros educativos <a href="https://blogsaverroes.juntadeandalucia.es/cprcampodelrey/files/2021/01/Escoralización.jpg"><img fetchpriority="high" decoding="async" class=" wp-image-3383 alignright" src="https://blogsaverroes.juntadeandalucia.es/cprcampodelrey/files/2021/01/Escoralización.jpg" alt="" width="362" height="188" srcset="https://blogsaverroes.juntadeandalucia.es/cprcampodelrey/files/2021/01/Escoralización.jpg 312w, https://blogsaverroes.juntadeandalucia.es/cprcampodelrey/files/2021/01/Escoralización-300x156.jpg 300w, https://blogsaverroes.juntadeandalucia.es/cprcampodelrey/files/2021/01/Escoralización-24x12.jpg 24w, https://blogsaverroes.juntadeandalucia.es/cprcampodelrey/files/2021/01/Escoralización-36x19.jpg 36w, https://blogsaverroes.juntadeandalucia.es/cprcampodelrey/files/2021/01/Escoralización-48x25.jpg 48w" sizes="(max-width: 362px) 100vw, 362px" /></a>publican la relación de puestos escolares vacantes, así como la información sobre las direcciones catastrales comprendidas en sus áreas de influencia y áreas limítrofes. Cuando la oferta de plazas coincida o sea superior a la demanda, los solicitantes serán admitidos y solo en aquellos casos donde no se pueda atender toda la demanda, se procederá a la baremación de las solicitudes.</p>
<p>&nbsp;</p>
<p>La relación definitiva de admitidos y no admitidos saldrá en mayo.</p>
<p>Criterios de Admisión:</p>
<ol>
<li>Existencia de hermanos o hermanas matriculados en el centro.</li>
<li>Proximidad del domicilio familiar o del lugar de trabajo del padre, de la madre o de la persona tutora o guardadora legal.</li>
<li>Renta per cápita anual de la unidad familiar.</li>
<li>Concurrencia de discapacidad legalmente reconocida del alumno o la alumna, de sus padres, madres, tutores o guardadores legales, o de alguno de sus hermanos o hermanas o menores en acogimiento en la misma unidad familiar. En el segundo ciclo de la educación infantil se considerará también la presencia en el alumnado de trastornos en el desarrollo.</li>
<li>Que el alumno o la alumna pertenezca a una familia con la condición de numerosa.</li>
<li>Que el alumno o la alumna pertenezca a una familia con la condición de monoparental y sea menor de edad o mayor de edad sujeto a patria potestad prorrogada o tutela.</li>
<li>Que el alumno o la alumna pertenezca a una familia no numerosa ni monoparental en la que tenga un único hermano o hermana.</li>
<li>Que quien o quienes ostenten la guarda y custodia del alumno o alumna realicen una actividad laboral o profesional remunerada.</li>
<li>Que el alumno o la alumna esté matriculado en el primer ciclo de la educación infantil en un centro autorizado para ello.&nbsp;</li>
</ol>
<p>Para las enseñanzas de Bachillerato, además de los criterios establecidos, se considerará el expediente académico de los alumnos y alumnas.</p>
<p>Para atender consultas sobre todo el proceso de escolarización, la Consejería ha habilitado un teléfono gratuito de información (900 848 000), en horario ininterrumpido de 8.00 a 19.00 horas.</p>
<p>Esta sección puede contener cuanta información sea de utilidad para las familias a la hora de iniciar el proceso de escolarización: plazos, documentos, normativa, enlaces, etc.</p>
<p><a title="Portal escolarización" href="https://www.juntadeandalucia.es/educacion/portals/web/escolarizacion" target="_blank" rel="noopener noreferrer">Enlace al portal de escolarización.</a></p>
<div class="o9v6fnle cxmmr5t8 oygrvhab hcukyx3x c1et5uql ii04i59q">
<div dir="auto" style="text-align: justify">¿Estás interesado en pertenecer a nuestro centro?</div>
</div>
<div class="o9v6fnle cxmmr5t8 oygrvhab hcukyx3x c1et5uql ii04i59q" style="text-align: justify">
<div dir="auto">¿Formaríais parte de un centro Erasmus?</div>
</div>
<div class="o9v6fnle cxmmr5t8 oygrvhab hcukyx3x c1et5uql ii04i59q" style="text-align: justify">
<div dir="auto">¿Te gustaría que tus hijos/as jueguen, experimenten, … y aprendan las competencias digitales de una forma diferente y divertida?</div>
</div>
<div class="o9v6fnle cxmmr5t8 oygrvhab hcukyx3x c1et5uql ii04i59q" style="text-align: justify">
<div dir="auto">Y mucho más!</div>
</div>
<div class="o9v6fnle cxmmr5t8 oygrvhab hcukyx3x c1et5uql ii04i59q" style="text-align: justify">
<div dir="auto">Pues CPR CAMPO DEL REY <span class="pq6dq46d tbxw36s4 knj5qynh kvgmc6g5 ditlmg2l oygrvhab nvdbi5me sf5mxxl7 gl3lb2sf hhz5lgdu"><img decoding="async" src="https://static.xx.fbcdn.net/images/emoji.php/v9/t87/2/16/1f451.png" alt="👑" width="16" height="16"></span> es tú centro.</div>
</div>
<div class="o9v6fnle cxmmr5t8 oygrvhab hcukyx3x c1et5uql ii04i59q">
<blockquote>
<h1 style="text-align: center"><strong>Periodo de admisión del 1 al 31 de marzo.</strong></h1>
</blockquote>
</div>
<div dir="auto"><a href="https://blogsaverroes.juntadeandalucia.es/cprcampodelrey/files/2021/03/WhatsApp-Image-2021-03-02-at-17.15.50.jpeg"><img loading="lazy" decoding="async" class="aligncenter size-full wp-image-3621" src="https://blogsaverroes.juntadeandalucia.es/cprcampodelrey/files/2021/03/WhatsApp-Image-2021-03-02-at-17.15.50.jpeg" alt="" width="1600" height="1600" srcset="https://blogsaverroes.juntadeandalucia.es/cprcampodelrey/files/2021/03/WhatsApp-Image-2021-03-02-at-17.15.50.jpeg 1600w, https://blogsaverroes.juntadeandalucia.es/cprcampodelrey/files/2021/03/WhatsApp-Image-2021-03-02-at-17.15.50-300x300.jpeg 300w, https://blogsaverroes.juntadeandalucia.es/cprcampodelrey/files/2021/03/WhatsApp-Image-2021-03-02-at-17.15.50-1024x1024.jpeg 1024w, https://blogsaverroes.juntadeandalucia.es/cprcampodelrey/files/2021/03/WhatsApp-Image-2021-03-02-at-17.15.50-150x150.jpeg 150w, https://blogsaverroes.juntadeandalucia.es/cprcampodelrey/files/2021/03/WhatsApp-Image-2021-03-02-at-17.15.50-768x768.jpeg 768w, https://blogsaverroes.juntadeandalucia.es/cprcampodelrey/files/2021/03/WhatsApp-Image-2021-03-02-at-17.15.50-1536x1536.jpeg 1536w" sizes="(max-width: 1600px) 100vw, 1600px" /></a></div>

<p>Infantil a Bachillerato La Consejería de Educación y Deporte convoca el procedimiento de admisión del alumnado en los centros docentes públicos y privados concertados para cursar las enseñanzas de segundo ciclo de educación infantil,&#46;&#46;&#46;</p>
