{"id":2848,"date":"2020-05-04T02:03:47","date_gmt":"2020-05-04T01:03:47","guid":{"rendered":"https:\/\/blogsaverroes.juntadeandalucia.es\/cprcampodelrey\/?page_id=2848"},"modified":"2021-01-16T22:29:57","modified_gmt":"2021-01-16T21:29:57","slug":"instalaciones","status":"publish","type":"page","link":"https:\/\/blogsaverroes.juntadeandalucia.es\/cprcampodelrey\/instalaciones\/","title":{"rendered":"Instalaciones \ud83c\udfeb\ud83c\udf92"},"content":{"rendered":"<p style=\"text-align: justify\">El&nbsp;<strong>CPR Campo del Rey<\/strong>&nbsp;consta de dos sedes con edificios e instalaciones diferentes: la&nbsp;sede de Los Laneros (Cortes de Baza), y la sede de Almontaras (Castril).<\/p>\n<p style=\"text-align: center\"><span style=\"color: #0000ff\"><strong>Edificio Almontaras \ud83c\udfeb<\/strong><\/span><\/p>\n<p style=\"text-align: justify\">M\u00e1s all\u00e1 de cumplir la normativa vigente, nuestra escuela cuenta con las medidas de seguridad y comodidad \u00f3ptimas para nuestros peque\u00f1os.<\/p>\n<p style=\"text-align: justify\">El edificio, inaugurado en 2012 est\u00e1 creado, espec\u00edficamente, para los alumnos de&nbsp;la etapa de Educaci\u00f3n infantil y Educaci\u00f3n primaria.<\/p>\n<p style=\"text-align: justify\">Con 3 aulas en total, cuentan con ordenadores, pizarras digitales interactivas, equipos de sonido y tabletas.<\/p>\n<p style=\"text-align: justify\">Otras instalaciones de las que dispone nuestra sede principal son las siguientes:<\/p>\n<ul style=\"text-align: justify\">\n<li>Biblioteca<\/li>\n<li>Sala de usos m\u00faltiples<\/li>\n<li>Dos zonas de recreo independientes: uno para Educaci\u00f3n Primaria y otro para Educaci\u00f3n infantil<\/li>\n<li>Almac\u00e9n<\/li>\n<li>Despacho<\/li>\n<li>Sala de profesores\/secretar\u00eda<\/li>\n<li>Sala de la limpieza.<\/li>\n<li>Aseos diferenciados para el alumnado y el profesorado.<\/li>\n<\/ul>\n<p style=\"text-align: justify\">En cuanto a&nbsp;<strong>medidas de seguridad<\/strong>, destacar que cuenta con:<\/p>\n<ul style=\"text-align: justify\">\n<li>Dos salidas de emergencia<\/li>\n<li>Dos entradas\/salidas en cada aula.<\/li>\n<li>Iluminaci\u00f3n y ventilaci\u00f3n natural<\/li>\n<li>Aulas climatizadas<\/li>\n<li>Alarma<\/li>\n<li>Purificadores de aire.<\/li>\n<li>Ventanas con doble acristalamiento.<\/li>\n<\/ul>\nngg_shortcode_0_placeholder\n<p style=\"font-family: Roboto, sans-serif;font-style: normal;text-align: center\"><span style=\"color: #0000ff\"><strong>Edificio Los Laneros \ud83c\udfeb<\/strong><\/span><\/p>\n<p style=\"font-family: Roboto, sans-serif;font-style: normal\">El edificio tiene 4 aulas independientes entre si y con acceso desde el exterior. Actualmente est\u00e1n en uso dos de ellas, una para educaci\u00f3n infantil y otra para Educaci\u00f3n Primaria. Una tercera aula se usa como biblioteca y para las necesidades de logopedia y pedagog\u00eda terap\u00e9utica de nuestros especialistas.<\/p>\n<p style=\"font-family: Roboto, sans-serif;font-style: normal\">El edificio se construy\u00f3 entre los a\u00f1os 1950 y 1960. En aquella \u00e9poca la primera planta se utilizaba como \u201ccasa de los maestros\u201d y la planta baja como escuela. En el a\u00f1o 2020 el aula principal se reform\u00f3 y se dot\u00f3 de ventanas con doble acristalamiento, aire acondicionado y tarima flotante.<\/p>\n<p style=\"font-family: Roboto, sans-serif;font-style: normal\">Adem\u00e1s, dispone de pizarra digital interactiva en el aula principal y ordenadores en las dos aulas principales.<\/p>\n<p style=\"font-family: Roboto, sans-serif;font-style: normal\">Otras instalaciones de las que dispone son las siguientes:<\/p>\n<ul style=\"font-family: Roboto, sans-serif;font-style: normal\">\n<li>Aseos<\/li>\n<li>Sala de la limpieza<\/li>\n<li>Almac\u00e9n<\/li>\n<\/ul>\n<p style=\"font-family: Roboto, sans-serif;font-style: normal\">Actualmente necesita una reforma en el patio y en algunos accesos para mejorar la accesibilidad del centro.<\/p>\nngg_shortcode_1_placeholder\n","protected":false},"excerpt":{"rendered":"<p>El&nbsp;CPR Campo del Rey&nbsp;consta de dos sedes con edificios e instalaciones diferentes: la&nbsp;sede de Los Laneros (Cortes de Baza), y la sede de Almontaras (Castril). Edificio Almontaras \ud83c\udfeb M\u00e1s all\u00e1 de cumplir la normativa&#46;&#46;&#46;<\/p>\n","protected":false},"author":6086,"featured_media":0,"parent":0,"menu_order":0,"comment_status":"closed","ping_status":"closed","template":"","meta":{"ngg_post_thumbnail":0,"footnotes":"","_mc_calendar":[]},"aioseo_notices":[],"_links":{"self":[{"href":"https:\/\/blogsaverroes.juntadeandalucia.es\/cprcampodelrey\/wp-json\/wp\/v2\/pages\/2848"}],"collection":[{"href":"https:\/\/blogsaverroes.juntadeandalucia.es\/cprcampodelrey\/wp-json\/wp\/v2\/pages"}],"about":[{"href":"https:\/\/blogsaverroes.juntadeandalucia.es\/cprcampodelrey\/wp-json\/wp\/v2\/types\/page"}],"author":[{"embeddable":true,"href":"https:\/\/blogsaverroes.juntadeandalucia.es\/cprcampodelrey\/wp-json\/wp\/v2\/users\/6086"}],"replies":[{"embeddable":true,"href":"https:\/\/blogsaverroes.juntadeandalucia.es\/cprcampodelrey\/wp-json\/wp\/v2\/comments?post=2848"}],"version-history":[{"count":25,"href":"https:\/\/blogsaverroes.juntadeandalucia.es\/cprcampodelrey\/wp-json\/wp\/v2\/pages\/2848\/revisions"}],"predecessor-version":[{"id":3206,"href":"https:\/\/blogsaverroes.juntadeandalucia.es\/cprcampodelrey\/wp-json\/wp\/v2\/pages\/2848\/revisions\/3206"}],"wp:attachment":[{"href":"https:\/\/blogsaverroes.juntadeandalucia.es\/cprcampodelrey\/wp-json\/wp\/v2\/media?parent=2848"}],"curies":[{"name":"wp","href":"https:\/\/api.w.org\/{rel}","templated":true}]}}

<p style="text-align: justify">El&nbsp;<strong>CPR Campo del Rey</strong>&nbsp;consta de dos sedes con edificios e instalaciones diferentes: la&nbsp;sede de Los Laneros (Cortes de Baza), y la sede de Almontaras (Castril).</p>
<p style="text-align: center"><span style="color: #0000ff"><strong>Edificio Almontaras 🏫</strong></span></p>
<p style="text-align: justify">Más allá de cumplir la normativa vigente, nuestra escuela cuenta con las medidas de seguridad y comodidad óptimas para nuestros pequeños.</p>
<p style="text-align: justify">El edificio, inaugurado en 2012 está creado, específicamente, para los alumnos de&nbsp;la etapa de Educación infantil y Educación primaria.</p>
<p style="text-align: justify">Con 3 aulas en total, cuentan con ordenadores, pizarras digitales interactivas, equipos de sonido y tabletas.</p>
<p style="text-align: justify">Otras instalaciones de las que dispone nuestra sede principal son las siguientes:</p>
<ul style="text-align: justify">
<li>Biblioteca</li>
<li>Sala de usos múltiples</li>
<li>Dos zonas de recreo independientes: uno para Educación Primaria y otro para Educación infantil</li>
<li>Almacén</li>
<li>Despacho</li>
<li>Sala de profesores/secretaría</li>
<li>Sala de la limpieza.</li>
<li>Aseos diferenciados para el alumnado y el profesorado.</li>
</ul>
<p style="text-align: justify">En cuanto a&nbsp;<strong>medidas de seguridad</strong>, destacar que cuenta con:</p>
<ul style="text-align: justify">
<li>Dos salidas de emergencia</li>
<li>Dos entradas/salidas en cada aula.</li>
<li>Iluminación y ventilación natural</li>
<li>Aulas climatizadas</li>
<li>Alarma</li>
<li>Purificadores de aire.</li>
<li>Ventanas con doble acristalamiento.</li>
</ul>
ngg_shortcode_0_placeholder
<p style="font-family: Roboto, sans-serif;font-style: normal;text-align: center"><span style="color: #0000ff"><strong>Edificio Los Laneros 🏫</strong></span></p>
<p style="font-family: Roboto, sans-serif;font-style: normal">El edificio tiene 4 aulas independientes entre si y con acceso desde el exterior. Actualmente están en uso dos de ellas, una para educación infantil y otra para Educación Primaria. Una tercera aula se usa como biblioteca y para las necesidades de logopedia y pedagogía terapéutica de nuestros especialistas.</p>
<p style="font-family: Roboto, sans-serif;font-style: normal">El edificio se construyó entre los años 1950 y 1960. En aquella época la primera planta se utilizaba como “casa de los maestros” y la planta baja como escuela. En el año 2020 el aula principal se reformó y se dotó de ventanas con doble acristalamiento, aire acondicionado y tarima flotante.</p>
<p style="font-family: Roboto, sans-serif;font-style: normal">Además, dispone de pizarra digital interactiva en el aula principal y ordenadores en las dos aulas principales.</p>
<p style="font-family: Roboto, sans-serif;font-style: normal">Otras instalaciones de las que dispone son las siguientes:</p>
<ul style="font-family: Roboto, sans-serif;font-style: normal">
<li>Aseos</li>
<li>Sala de la limpieza</li>
<li>Almacén</li>
</ul>
<p style="font-family: Roboto, sans-serif;font-style: normal">Actualmente necesita una reforma en el patio y en algunos accesos para mejorar la accesibilidad del centro.</p>
ngg_shortcode_1_placeholder

<p>El&nbsp;CPR Campo del Rey&nbsp;consta de dos sedes con edificios e instalaciones diferentes: la&nbsp;sede de Los Laneros (Cortes de Baza), y la sede de Almontaras (Castril). Edificio Almontaras 🏫 Más allá de cumplir la normativa&#46;&#46;&#46;</p>
