{"id":3295,"date":"2021-01-19T22:21:49","date_gmt":"2021-01-19T21:21:49","guid":{"rendered":"https:\/\/blogsaverroes.juntadeandalucia.es\/cprcampodelrey\/?page_id=3295"},"modified":"2021-01-24T00:29:46","modified_gmt":"2021-01-23T23:29:46","slug":"better-teaching-and-learning-curso-2020-2021","status":"publish","type":"page","link":"https:\/\/blogsaverroes.juntadeandalucia.es\/cprcampodelrey\/better-teaching-and-learning-curso-2020-2021\/","title":{"rendered":"\u00abBetter teaching and learning\u00bb  curso 2020-2021"},"content":{"rendered":"<h3><em><strong>INFORMACI\u00d3N DEL PROYECTO <a href=\"https:\/\/blogsaverroes.juntadeandalucia.es\/cprcampodelrey\/files\/2021\/01\/Captura-de-pantalla-2021-01-24-a-las-0.16.30.png\"><img fetchpriority=\"high\" decoding=\"async\" class=\"wp-image-3486 alignright\" src=\"https:\/\/blogsaverroes.juntadeandalucia.es\/cprcampodelrey\/files\/2021\/01\/Captura-de-pantalla-2021-01-24-a-las-0.16.30.png\" alt=\"\" width=\"239\" height=\"223\" srcset=\"https:\/\/blogsaverroes.juntadeandalucia.es\/cprcampodelrey\/files\/2021\/01\/Captura-de-pantalla-2021-01-24-a-las-0.16.30.png 563w, https:\/\/blogsaverroes.juntadeandalucia.es\/cprcampodelrey\/files\/2021\/01\/Captura-de-pantalla-2021-01-24-a-las-0.16.30-300x280.png 300w, https:\/\/blogsaverroes.juntadeandalucia.es\/cprcampodelrey\/files\/2021\/01\/Captura-de-pantalla-2021-01-24-a-las-0.16.30-24x22.png 24w, https:\/\/blogsaverroes.juntadeandalucia.es\/cprcampodelrey\/files\/2021\/01\/Captura-de-pantalla-2021-01-24-a-las-0.16.30-36x34.png 36w, https:\/\/blogsaverroes.juntadeandalucia.es\/cprcampodelrey\/files\/2021\/01\/Captura-de-pantalla-2021-01-24-a-las-0.16.30-48x45.png 48w\" sizes=\"(max-width: 239px) 100vw, 239px\" \/><\/a><\/strong><\/em><\/h3>\n<p style=\"text-align: justify\">Una cosa est\u00e1 clara para los educadores de la primera infancia: el mejor aprendizaje es cuando se siente y se experimenta todo por s\u00ed mismo. La pregunta es: \u00bfC\u00f3mo ense\u00f1ar mejor a un ni\u00f1o satisfaciendo sus expectativas en una situaci\u00f3n que cambia r\u00e1pidamente? Hay mucha teor\u00eda en todos los pa\u00edses, pero los educadores siguen careciendo de experiencia y conocimientos pr\u00e1cticos, las organizaciones carecen de informaci\u00f3n sobre c\u00f3mo adaptar las novedades en el nivel educativo m\u00e1s bajo: las clases de jard\u00edn de infancia y preescolar. Los enfoques preferidos, como el aprendizaje pr\u00e1ctico, el aprendizaje experimental, el STEAM y el aprendizaje basado en tareas, permiten a los estudiantes absorber los conocimientos a trav\u00e9s de experiencias de la vida real. El objetivo de este proyecto es sensibilizar a los ni\u00f1os para que piensen en el mundo real y desarrollen habilidades experienciales muy \u00fatiles, trabajo en equipo, creatividad, resoluci\u00f3n de problemas, etc.<\/p>\n<h3><strong><em>OBJETIVOS<\/em><\/strong><\/h3>\n<ul>\n<li>Integrar los elementos favorecidos y necesarios en los planes de estudio y las pr\u00e1cticas escolares.<\/li>\n<li>Mejorar la capacidad de ense\u00f1anza de los profesores haci\u00e9ndoles encontrar diferentes buenas pr\u00e1cticas.<\/li>\n<li>Mejorar el nivel de educaci\u00f3n en las escuelas haciendo que los alumnos y el personal se re\u00fanan con diferentes aplicaciones<\/li>\n<li>Ayudar a los alumnos a tener caracter\u00edsticas positivas como \u00abtener confianza en s\u00ed mismos, ser creativos, ser cooperativos, sociales, despreocupados.<\/li>\n<\/ul>\n<h3><strong><em>PROCESO DE TRABAJO<\/em><\/strong><\/h3>\n<p>El proyecto se llevar\u00e1 a cabo como herramienta de apoyo a las actividades de un proyecto Erasmus+ Ka229 con el mismo t\u00edtulo.<br \/>\nEl proyecto se iniciar\u00e1 en marzo y, a continuaci\u00f3n, los socios subir\u00e1n la informaci\u00f3n de su centro educativo a Twinspace. Los profesores de cada socio ser\u00e1n asignados a etwinning y se impartir\u00e1 un curso de formaci\u00f3n sobre c\u00f3mo utilizar la plataforma e-twinning.<br \/>\nA continuaci\u00f3n, los socios subir\u00e1n materiales como v\u00eddeos, im\u00e1genes, ejemplos de planes, etc. sobre sus pr\u00e1cticas de ense\u00f1anza\/aprendizaje innovadoras y favorables.<\/p>\n<p><a href=\"https:\/\/blogsaverroes.juntadeandalucia.es\/cprcampodelrey\/files\/2021\/01\/Captura-de-pantalla-2021-01-24-a-las-0.17.12.png\"><img decoding=\"async\" class=\"aligncenter wp-image-3487\" src=\"https:\/\/blogsaverroes.juntadeandalucia.es\/cprcampodelrey\/files\/2021\/01\/Captura-de-pantalla-2021-01-24-a-las-0.17.12.png\" alt=\"\" width=\"514\" height=\"534\" srcset=\"https:\/\/blogsaverroes.juntadeandalucia.es\/cprcampodelrey\/files\/2021\/01\/Captura-de-pantalla-2021-01-24-a-las-0.17.12.png 1211w, https:\/\/blogsaverroes.juntadeandalucia.es\/cprcampodelrey\/files\/2021\/01\/Captura-de-pantalla-2021-01-24-a-las-0.17.12-288x300.png 288w, https:\/\/blogsaverroes.juntadeandalucia.es\/cprcampodelrey\/files\/2021\/01\/Captura-de-pantalla-2021-01-24-a-las-0.17.12-984x1024.png 984w, https:\/\/blogsaverroes.juntadeandalucia.es\/cprcampodelrey\/files\/2021\/01\/Captura-de-pantalla-2021-01-24-a-las-0.17.12-768x799.png 768w, https:\/\/blogsaverroes.juntadeandalucia.es\/cprcampodelrey\/files\/2021\/01\/Captura-de-pantalla-2021-01-24-a-las-0.17.12-24x24.png 24w, https:\/\/blogsaverroes.juntadeandalucia.es\/cprcampodelrey\/files\/2021\/01\/Captura-de-pantalla-2021-01-24-a-las-0.17.12-36x36.png 36w, https:\/\/blogsaverroes.juntadeandalucia.es\/cprcampodelrey\/files\/2021\/01\/Captura-de-pantalla-2021-01-24-a-las-0.17.12-46x48.png 46w\" sizes=\"(max-width: 514px) 100vw, 514px\" \/><\/a> <a href=\"https:\/\/blogsaverroes.juntadeandalucia.es\/cprcampodelrey\/files\/2021\/01\/Captura-de-pantalla-2021-01-24-a-las-0.19.08.png\"><img decoding=\"async\" class=\"aligncenter wp-image-3488\" src=\"https:\/\/blogsaverroes.juntadeandalucia.es\/cprcampodelrey\/files\/2021\/01\/Captura-de-pantalla-2021-01-24-a-las-0.19.08.png\" alt=\"\" width=\"510\" height=\"547\" srcset=\"https:\/\/blogsaverroes.juntadeandalucia.es\/cprcampodelrey\/files\/2021\/01\/Captura-de-pantalla-2021-01-24-a-las-0.19.08.png 1171w, https:\/\/blogsaverroes.juntadeandalucia.es\/cprcampodelrey\/files\/2021\/01\/Captura-de-pantalla-2021-01-24-a-las-0.19.08-280x300.png 280w, https:\/\/blogsaverroes.juntadeandalucia.es\/cprcampodelrey\/files\/2021\/01\/Captura-de-pantalla-2021-01-24-a-las-0.19.08-955x1024.png 955w, https:\/\/blogsaverroes.juntadeandalucia.es\/cprcampodelrey\/files\/2021\/01\/Captura-de-pantalla-2021-01-24-a-las-0.19.08-768x823.png 768w, https:\/\/blogsaverroes.juntadeandalucia.es\/cprcampodelrey\/files\/2021\/01\/Captura-de-pantalla-2021-01-24-a-las-0.19.08-22x24.png 22w, https:\/\/blogsaverroes.juntadeandalucia.es\/cprcampodelrey\/files\/2021\/01\/Captura-de-pantalla-2021-01-24-a-las-0.19.08-34x36.png 34w, https:\/\/blogsaverroes.juntadeandalucia.es\/cprcampodelrey\/files\/2021\/01\/Captura-de-pantalla-2021-01-24-a-las-0.19.08-45x48.png 45w\" sizes=\"(max-width: 510px) 100vw, 510px\" \/><\/a> <a href=\"https:\/\/blogsaverroes.juntadeandalucia.es\/cprcampodelrey\/files\/2021\/01\/Captura-de-pantalla-2021-01-24-a-las-0.19.59.png\"><img loading=\"lazy\" decoding=\"async\" class=\"aligncenter wp-image-3489\" src=\"https:\/\/blogsaverroes.juntadeandalucia.es\/cprcampodelrey\/files\/2021\/01\/Captura-de-pantalla-2021-01-24-a-las-0.19.59.png\" alt=\"\" width=\"510\" height=\"511\" srcset=\"https:\/\/blogsaverroes.juntadeandalucia.es\/cprcampodelrey\/files\/2021\/01\/Captura-de-pantalla-2021-01-24-a-las-0.19.59.png 1183w, https:\/\/blogsaverroes.juntadeandalucia.es\/cprcampodelrey\/files\/2021\/01\/Captura-de-pantalla-2021-01-24-a-las-0.19.59-300x300.png 300w, https:\/\/blogsaverroes.juntadeandalucia.es\/cprcampodelrey\/files\/2021\/01\/Captura-de-pantalla-2021-01-24-a-las-0.19.59-1022x1024.png 1022w, https:\/\/blogsaverroes.juntadeandalucia.es\/cprcampodelrey\/files\/2021\/01\/Captura-de-pantalla-2021-01-24-a-las-0.19.59-150x150.png 150w, https:\/\/blogsaverroes.juntadeandalucia.es\/cprcampodelrey\/files\/2021\/01\/Captura-de-pantalla-2021-01-24-a-las-0.19.59-768x769.png 768w, https:\/\/blogsaverroes.juntadeandalucia.es\/cprcampodelrey\/files\/2021\/01\/Captura-de-pantalla-2021-01-24-a-las-0.19.59-100x100.png 100w, https:\/\/blogsaverroes.juntadeandalucia.es\/cprcampodelrey\/files\/2021\/01\/Captura-de-pantalla-2021-01-24-a-las-0.19.59-24x24.png 24w, https:\/\/blogsaverroes.juntadeandalucia.es\/cprcampodelrey\/files\/2021\/01\/Captura-de-pantalla-2021-01-24-a-las-0.19.59-36x36.png 36w, https:\/\/blogsaverroes.juntadeandalucia.es\/cprcampodelrey\/files\/2021\/01\/Captura-de-pantalla-2021-01-24-a-las-0.19.59-48x48.png 48w\" sizes=\"(max-width: 510px) 100vw, 510px\" \/><\/a> <a href=\"https:\/\/blogsaverroes.juntadeandalucia.es\/cprcampodelrey\/files\/2021\/01\/Captura-de-pantalla-2021-01-24-a-las-0.20.46.png\"><img loading=\"lazy\" decoding=\"async\" class=\"aligncenter wp-image-3490\" src=\"https:\/\/blogsaverroes.juntadeandalucia.es\/cprcampodelrey\/files\/2021\/01\/Captura-de-pantalla-2021-01-24-a-las-0.20.46.png\" alt=\"\" width=\"510\" height=\"538\" srcset=\"https:\/\/blogsaverroes.juntadeandalucia.es\/cprcampodelrey\/files\/2021\/01\/Captura-de-pantalla-2021-01-24-a-las-0.20.46.png 1131w, https:\/\/blogsaverroes.juntadeandalucia.es\/cprcampodelrey\/files\/2021\/01\/Captura-de-pantalla-2021-01-24-a-las-0.20.46-284x300.png 284w, https:\/\/blogsaverroes.juntadeandalucia.es\/cprcampodelrey\/files\/2021\/01\/Captura-de-pantalla-2021-01-24-a-las-0.20.46-971x1024.png 971w, https:\/\/blogsaverroes.juntadeandalucia.es\/cprcampodelrey\/files\/2021\/01\/Captura-de-pantalla-2021-01-24-a-las-0.20.46-768x810.png 768w, https:\/\/blogsaverroes.juntadeandalucia.es\/cprcampodelrey\/files\/2021\/01\/Captura-de-pantalla-2021-01-24-a-las-0.20.46-24x24.png 24w, https:\/\/blogsaverroes.juntadeandalucia.es\/cprcampodelrey\/files\/2021\/01\/Captura-de-pantalla-2021-01-24-a-las-0.20.46-34x36.png 34w, https:\/\/blogsaverroes.juntadeandalucia.es\/cprcampodelrey\/files\/2021\/01\/Captura-de-pantalla-2021-01-24-a-las-0.20.46-46x48.png 46w\" sizes=\"(max-width: 510px) 100vw, 510px\" \/><\/a><\/p>\n","protected":false},"excerpt":{"rendered":"<p>INFORMACI\u00d3N DEL PROYECTO Una cosa est\u00e1 clara para los educadores de la primera infancia: el mejor aprendizaje es cuando se siente y se experimenta todo por s\u00ed mismo. La pregunta es: \u00bfC\u00f3mo ense\u00f1ar mejor&#46;&#46;&#46;<\/p>\n","protected":false},"author":6086,"featured_media":0,"parent":0,"menu_order":0,"comment_status":"closed","ping_status":"closed","template":"","meta":{"ngg_post_thumbnail":0,"footnotes":"","_mc_calendar":[]},"aioseo_notices":[],"_links":{"self":[{"href":"https:\/\/blogsaverroes.juntadeandalucia.es\/cprcampodelrey\/wp-json\/wp\/v2\/pages\/3295"}],"collection":[{"href":"https:\/\/blogsaverroes.juntadeandalucia.es\/cprcampodelrey\/wp-json\/wp\/v2\/pages"}],"about":[{"href":"https:\/\/blogsaverroes.juntadeandalucia.es\/cprcampodelrey\/wp-json\/wp\/v2\/types\/page"}],"author":[{"embeddable":true,"href":"https:\/\/blogsaverroes.juntadeandalucia.es\/cprcampodelrey\/wp-json\/wp\/v2\/users\/6086"}],"replies":[{"embeddable":true,"href":"https:\/\/blogsaverroes.juntadeandalucia.es\/cprcampodelrey\/wp-json\/wp\/v2\/comments?post=3295"}],"version-history":[{"count":3,"href":"https:\/\/blogsaverroes.juntadeandalucia.es\/cprcampodelrey\/wp-json\/wp\/v2\/pages\/3295\/revisions"}],"predecessor-version":[{"id":3491,"href":"https:\/\/blogsaverroes.juntadeandalucia.es\/cprcampodelrey\/wp-json\/wp\/v2\/pages\/3295\/revisions\/3491"}],"wp:attachment":[{"href":"https:\/\/blogsaverroes.juntadeandalucia.es\/cprcampodelrey\/wp-json\/wp\/v2\/media?parent=3295"}],"curies":[{"name":"wp","href":"https:\/\/api.w.org\/{rel}","templated":true}]}}