{"id":3419,"date":"2021-01-22T00:55:16","date_gmt":"2021-01-21T23:55:16","guid":{"rendered":"https:\/\/blogsaverroes.juntadeandalucia.es\/cprcampodelrey\/?page_id=3419"},"modified":"2021-01-22T00:56:38","modified_gmt":"2021-01-21T23:56:38","slug":"profesorado","status":"publish","type":"page","link":"https:\/\/blogsaverroes.juntadeandalucia.es\/cprcampodelrey\/profesorado\/","title":{"rendered":"Profesorado \ud83d\udc68\u200d\ud83c\udfeb\ud83d\udc69\u200d\ud83c\udfeb"},"content":{"rendered":"<p>Un <strong>buen maestro\/a<\/strong> es aquel que entrega todo en el aula y reconoce la importancia de su figura en el desarrollo cognitivo y social de su alumnado. La excelencia del docente depende de muchos factores, pero por sobre todo los humanos.&nbsp;<\/p>\n<p>No es lo mismo tener un maestro\/a aburrido y sin vocaci\u00f3n que un docente apasionado, con ganas de ense\u00f1ar y aprender cada d\u00eda m\u00e1s. <strong>La direcci\u00f3n del CPR Campo del Rey<\/strong> incita y promueve que la actitud y formaci\u00f3n del profesorado sea algo que los alumnos noten a simple vista.<\/p>\n<p>Cualquiera que est\u00e9 encantado con su profesi\u00f3n y su lugar de trabajo har\u00e1 mejor su funci\u00f3n en nuestra comunidad educativa. En esta l\u00ednea, un docente convencido de su capacidad para poder movilizar el aprendizaje de sus estudiantes tiene mayor probabilidad de motivarlos y convencerlos de que pueden aprender.<\/p>\n<p><strong>Dentro de nuestra autonom\u00eda de centro y el sistema educativo que tambi\u00e9n tiene que decir algo al respecto: debemos otorgar \u00f3ptimas condiciones de trabajo y que nuestro claustro se sienta integrado &nbsp;en nuestro proyecto educativo.<\/strong><\/p>\n<p>El docente debe:<\/p>\n<p lang=\"es-ES\">\u00abFomentar la creatividad y la imaginaci\u00f3n, (\u2026) forjar su car\u00e1cter y proporcionarles herramientas para desenvolverse en la vida y tomar sus propias decisiones\u00bb. \u00abSer un eterno estudiante\u00bb.<\/p>\n<p lang=\"es-ES\"><a href=\"https:\/\/blogsaverroes.juntadeandalucia.es\/cprcampodelrey\/files\/2021\/01\/images.jpg\"><img decoding=\"async\" class=\"wp-image-3420 aligncenter\" src=\"https:\/\/blogsaverroes.juntadeandalucia.es\/cprcampodelrey\/files\/2021\/01\/images.jpg\" alt=\"\" width=\"279\" height=\"162\" srcset=\"https:\/\/blogsaverroes.juntadeandalucia.es\/cprcampodelrey\/files\/2021\/01\/images.jpg 295w, https:\/\/blogsaverroes.juntadeandalucia.es\/cprcampodelrey\/files\/2021\/01\/images-24x14.jpg 24w, https:\/\/blogsaverroes.juntadeandalucia.es\/cprcampodelrey\/files\/2021\/01\/images-36x21.jpg 36w, https:\/\/blogsaverroes.juntadeandalucia.es\/cprcampodelrey\/files\/2021\/01\/images-48x28.jpg 48w\" sizes=\"(max-width: 279px) 100vw, 279px\" \/><\/a><\/p>\n<p lang=\"es-ES\">Para que:<\/p>\n<ul>\n<li class=\"lastItem firstItem\">El profesor act\u00fae como&nbsp;un&nbsp;<b>gu\u00eda o mediador que facilite el aprendizaje<\/b>&nbsp;a sus alumnos, aport\u00e1ndoles los conocimientos b\u00e1sicos necesarios para que puedan entender las lecciones.<\/li>\n<\/ul>\n<ul>\n<li class=\"lastItem firstItem\">El profesor debe promover ejercicios pr\u00e1cticos que permitan a los alumnos aplicar lo aprendido. Para ello, lo m\u00e1s apropiado es&nbsp;<b>plantear problemas que obliguen a los alumnos a buscar, seleccionar y procesar la informaci\u00f3n<\/b>&nbsp;adecuada, potenciando la variedad metodol\u00f3gica de aprendizaje.<\/li>\n<\/ul>\n<ul>\n<li class=\"lastItem firstItem\">El profesor tambi\u00e9n debe aportar&nbsp;<b>ayuda pedag\u00f3gica a los estudiantes<\/b>, ofreci\u00e9ndoles los m\u00e9todos y recursos necesarios para dar respuesta a sus intereses, motivaciones y capacidades.<\/li>\n<\/ul>\n<ul>\n<li class=\"lastItem firstItem\">El docente tiene que favorecer un&nbsp;<b>ambiente agradable de trabajo<\/b>, en el que tenga lugar la espontaneidad de los alumnos y su inter\u00e9s por aprender.&nbsp;<\/li>\n<\/ul>\n<ul>\n<li class=\"lastItem firstItem\">En cuanto al sistema de evaluaci\u00f3n, el docente en su nuevo rol debe hacer un&nbsp;<strong>seguimiento continuo y personalizado de cada alumno<\/strong>, evaluando el progreso individual.<\/li>\n<\/ul>\n","protected":false},"excerpt":{"rendered":"<p>Un buen maestro\/a es aquel que entrega todo en el aula y reconoce la importancia de su figura en el desarrollo cognitivo y social de su alumnado. La excelencia del docente depende de muchos&#46;&#46;&#46;<\/p>\n","protected":false},"author":6086,"featured_media":0,"parent":0,"menu_order":0,"comment_status":"closed","ping_status":"closed","template":"","meta":{"ngg_post_thumbnail":0,"footnotes":"","_mc_calendar":[]},"aioseo_notices":[],"_links":{"self":[{"href":"https:\/\/blogsaverroes.juntadeandalucia.es\/cprcampodelrey\/wp-json\/wp\/v2\/pages\/3419"}],"collection":[{"href":"https:\/\/blogsaverroes.juntadeandalucia.es\/cprcampodelrey\/wp-json\/wp\/v2\/pages"}],"about":[{"href":"https:\/\/blogsaverroes.juntadeandalucia.es\/cprcampodelrey\/wp-json\/wp\/v2\/types\/page"}],"author":[{"embeddable":true,"href":"https:\/\/blogsaverroes.juntadeandalucia.es\/cprcampodelrey\/wp-json\/wp\/v2\/users\/6086"}],"replies":[{"embeddable":true,"href":"https:\/\/blogsaverroes.juntadeandalucia.es\/cprcampodelrey\/wp-json\/wp\/v2\/comments?post=3419"}],"version-history":[{"count":2,"href":"https:\/\/blogsaverroes.juntadeandalucia.es\/cprcampodelrey\/wp-json\/wp\/v2\/pages\/3419\/revisions"}],"predecessor-version":[{"id":3424,"href":"https:\/\/blogsaverroes.juntadeandalucia.es\/cprcampodelrey\/wp-json\/wp\/v2\/pages\/3419\/revisions\/3424"}],"wp:attachment":[{"href":"https:\/\/blogsaverroes.juntadeandalucia.es\/cprcampodelrey\/wp-json\/wp\/v2\/media?parent=3419"}],"curies":[{"name":"wp","href":"https:\/\/api.w.org\/{rel}","templated":true}]}}