{"id":3815,"date":"2021-10-20T23:08:24","date_gmt":"2021-10-20T22:08:24","guid":{"rendered":"https:\/\/blogsaverroes.juntadeandalucia.es\/cprcampodelrey\/?page_id=3815"},"modified":"2021-11-06T13:22:28","modified_gmt":"2021-11-06T12:22:28","slug":"recomendaciones","status":"publish","type":"page","link":"https:\/\/blogsaverroes.juntadeandalucia.es\/cprcampodelrey\/recomendaciones\/","title":{"rendered":"Recomendaciones"},"content":{"rendered":"<p><span style=\"color: #993366\"><strong>Bienvenidos a nuestra nueva p\u00e1gina de recomendaciones: \u00c9rase una vez.<\/strong><\/span><\/p>\n<p>En esta p\u00e1gina recopilaremos todos los libros que nuestro alumnado lea y les gustar\u00eda recomendar a otros compa\u00f1eros y compa\u00f1eras, a trav\u00e9s de videos, para ayudarles en la b\u00fasqueda de su pr\u00f3xima lectura. As\u00ed nuestro alumnado podr\u00e1 elegir con m\u00e1s criterio el libro que le gustar\u00eda leer.<\/p>\n<p>Gracias a este formato de lecturas recomendadas, el alumnado conocer\u00e1 la existencia de libros que antes no hab\u00eda visto, incentivando la curiosidad, la b\u00fasqueda, definiendo mejor los gustos y preferencias en la elecci\u00f3n y el uso de nuevas tecnolog\u00edas.&nbsp; Desarrollando as\u00ed diversas competencias y fomentando&nbsp;la lectura entre nuestro alumnado.<\/p>\n<p>&nbsp;<\/p>\n<p>\u00a1Esperamos que os guste!<\/p>\n<p>&nbsp;<\/p>\n<p><a title=\"\u00c9rase una vez\u2026 : Infantil\" href=\"https:\/\/blogsaverroes.juntadeandalucia.es\/cprcampodelrey\/erase-una-vez-infantil\/\">INFANTIL<\/a><\/p>\n<p><a title=\"\u00c9rase una vez\u2026 : Primer ciclo\" href=\"https:\/\/blogsaverroes.juntadeandalucia.es\/cprcampodelrey\/erase-una-vez-primer-ciclo\/\">PRIMER CICLO<\/a><\/p>\n<p><a title=\"\u00c9rase una vez\u2026 : Segundo ciclo\" href=\"https:\/\/blogsaverroes.juntadeandalucia.es\/cprcampodelrey\/erase-una-vez-segundo-ciclo\/\">SEGUNDO CICLO<\/a><\/p>\n<p><a title=\"\u00c9rase una vez\u2026 : Tercer ciclo\" href=\"https:\/\/blogsaverroes.juntadeandalucia.es\/cprcampodelrey\/erase-una-vez-tercer-ciclo\/\">TERCER CICLO<\/a><\/p>\n<p><a title=\"\u00c9rase una vez\u2026 : Adultos\" href=\"https:\/\/blogsaverroes.juntadeandalucia.es\/cprcampodelrey\/erase-una-vez-adultos\/\">ADULTOS<\/a><\/p>\n<p>&nbsp;<\/p>\n","protected":false},"excerpt":{"rendered":"<p>Bienvenidos a nuestra nueva p\u00e1gina de recomendaciones: \u00c9rase una vez. En esta p\u00e1gina recopilaremos todos los libros que nuestro alumnado lea y les gustar\u00eda recomendar a otros compa\u00f1eros y compa\u00f1eras, a trav\u00e9s de videos,&#46;&#46;&#46;<\/p>\n","protected":false},"author":6086,"featured_media":0,"parent":0,"menu_order":0,"comment_status":"closed","ping_status":"closed","template":"","meta":{"ngg_post_thumbnail":0,"footnotes":"","_mc_calendar":[]},"aioseo_notices":[],"_links":{"self":[{"href":"https:\/\/blogsaverroes.juntadeandalucia.es\/cprcampodelrey\/wp-json\/wp\/v2\/pages\/3815"}],"collection":[{"href":"https:\/\/blogsaverroes.juntadeandalucia.es\/cprcampodelrey\/wp-json\/wp\/v2\/pages"}],"about":[{"href":"https:\/\/blogsaverroes.juntadeandalucia.es\/cprcampodelrey\/wp-json\/wp\/v2\/types\/page"}],"author":[{"embeddable":true,"href":"https:\/\/blogsaverroes.juntadeandalucia.es\/cprcampodelrey\/wp-json\/wp\/v2\/users\/6086"}],"replies":[{"embeddable":true,"href":"https:\/\/blogsaverroes.juntadeandalucia.es\/cprcampodelrey\/wp-json\/wp\/v2\/comments?post=3815"}],"version-history":[{"count":13,"href":"https:\/\/blogsaverroes.juntadeandalucia.es\/cprcampodelrey\/wp-json\/wp\/v2\/pages\/3815\/revisions"}],"predecessor-version":[{"id":4022,"href":"https:\/\/blogsaverroes.juntadeandalucia.es\/cprcampodelrey\/wp-json\/wp\/v2\/pages\/3815\/revisions\/4022"}],"wp:attachment":[{"href":"https:\/\/blogsaverroes.juntadeandalucia.es\/cprcampodelrey\/wp-json\/wp\/v2\/media?parent=3815"}],"curies":[{"name":"wp","href":"https:\/\/api.w.org\/{rel}","templated":true}]}}