{"id":4431,"date":"2022-11-02T21:03:58","date_gmt":"2022-11-02T20:03:58","guid":{"rendered":"https:\/\/blogsaverroes.juntadeandalucia.es\/cprcampodelrey\/?page_id=4431"},"modified":"2022-11-30T20:25:23","modified_gmt":"2022-11-30T19:25:23","slug":"profesorado-2022-2023","status":"publish","type":"page","link":"https:\/\/blogsaverroes.juntadeandalucia.es\/cprcampodelrey\/profesorado-2022-2023\/","title":{"rendered":"Profesorado \ud83d\udc68\u200d\ud83c\udfeb\ud83d\udc69\u200d\ud83c\udfeb curso 2022-2023"},"content":{"rendered":"<p>Eva Lozano Romero<\/p>\n<p>Directora &#8211; Maestra de lengua extranjera franc\u00e9s<\/p>\n<p>&nbsp;<\/p>\n<p>&nbsp;<\/p>\n<p>Jonatan Garc\u00eda Su\u00e1rez<\/p>\n<p>Maestro de educaci\u00f3n f\u00edsica.<\/p>\n<p>&nbsp;<\/p>\n<p>&nbsp;<\/p>\n<p>Marta Cano Linares<\/p>\n<p>Maestra de lengua extranjera ingl\u00e9s.<\/p>\n<p>&nbsp;<\/p>\n<p>&nbsp;<\/p>\n<p>M\u00aa \u00c1ngeles C\u00e1novas Fern\u00e1ndez<\/p>\n<p>Maestra de m\u00fasica.<\/p>\n<p>&nbsp;<\/p>\n<p>&nbsp;<\/p>\n<p>Elisabel Mart\u00ednez Fern\u00e1ndez<\/p>\n<p>Maestra de infantil.<\/p>\n","protected":false},"excerpt":{"rendered":"<p>Eva Lozano Romero Directora &#8211; Maestra de lengua extranjera franc\u00e9s &nbsp; &nbsp; Jonatan Garc\u00eda Su\u00e1rez Maestro de educaci\u00f3n f\u00edsica. &nbsp; &nbsp; Marta Cano Linares Maestra de lengua extranjera ingl\u00e9s. &nbsp; &nbsp; M\u00aa \u00c1ngeles C\u00e1novas&#46;&#46;&#46;<\/p>\n","protected":false},"author":6086,"featured_media":0,"parent":0,"menu_order":0,"comment_status":"closed","ping_status":"closed","template":"","meta":{"ngg_post_thumbnail":0,"footnotes":"","_mc_calendar":[]},"aioseo_notices":[],"_links":{"self":[{"href":"https:\/\/blogsaverroes.juntadeandalucia.es\/cprcampodelrey\/wp-json\/wp\/v2\/pages\/4431"}],"collection":[{"href":"https:\/\/blogsaverroes.juntadeandalucia.es\/cprcampodelrey\/wp-json\/wp\/v2\/pages"}],"about":[{"href":"https:\/\/blogsaverroes.juntadeandalucia.es\/cprcampodelrey\/wp-json\/wp\/v2\/types\/page"}],"author":[{"embeddable":true,"href":"https:\/\/blogsaverroes.juntadeandalucia.es\/cprcampodelrey\/wp-json\/wp\/v2\/users\/6086"}],"replies":[{"embeddable":true,"href":"https:\/\/blogsaverroes.juntadeandalucia.es\/cprcampodelrey\/wp-json\/wp\/v2\/comments?post=4431"}],"version-history":[{"count":6,"href":"https:\/\/blogsaverroes.juntadeandalucia.es\/cprcampodelrey\/wp-json\/wp\/v2\/pages\/4431\/revisions"}],"predecessor-version":[{"id":4516,"href":"https:\/\/blogsaverroes.juntadeandalucia.es\/cprcampodelrey\/wp-json\/wp\/v2\/pages\/4431\/revisions\/4516"}],"wp:attachment":[{"href":"https:\/\/blogsaverroes.juntadeandalucia.es\/cprcampodelrey\/wp-json\/wp\/v2\/media?parent=4431"}],"curies":[{"name":"wp","href":"https:\/\/api.w.org\/{rel}","templated":true}]}}