{"id":11926,"date":"2020-05-04T09:17:43","date_gmt":"2020-05-04T09:17:43","guid":{"rendered":"https:\/\/blogsaverroes.juntadeandalucia.es\/cprfedericogarcialorca\/?page_id=11926"},"modified":"2020-05-05T11:23:07","modified_gmt":"2020-05-05T11:23:07","slug":"11926-2","status":"publish","type":"page","link":"https:\/\/blogsaverroes.juntadeandalucia.es\/cprfedericogarcialorca\/11926-2\/","title":{"rendered":"Educaci\u00f3n Emocional"},"content":{"rendered":"<p style=\"text-align: center\"><span style=\"font-size: 14pt;color: #008000\"><strong>EDUCACI\u00d3N EMOCIONAL<\/strong><\/span><\/p>\n<p><a href=\"https:\/\/blogsaverroes.juntadeandalucia.es\/cprfedericogarcialorca\/files\/2020\/05\/Educaci\u00f3n-Emocional.png\"><img loading=\"lazy\" decoding=\"async\" class=\"size-medium wp-image-12067 aligncenter\" src=\"https:\/\/blogsaverroes.juntadeandalucia.es\/cprfedericogarcialorca\/files\/2020\/05\/Educaci\u00f3n-Emocional-300x133.png\" alt=\"\" width=\"300\" height=\"133\" srcset=\"https:\/\/blogsaverroes.juntadeandalucia.es\/cprfedericogarcialorca\/files\/2020\/05\/Educaci\u00f3n-Emocional-300x133.png 300w, https:\/\/blogsaverroes.juntadeandalucia.es\/cprfedericogarcialorca\/files\/2020\/05\/Educaci\u00f3n-Emocional-24x11.png 24w, https:\/\/blogsaverroes.juntadeandalucia.es\/cprfedericogarcialorca\/files\/2020\/05\/Educaci\u00f3n-Emocional-36x16.png 36w, https:\/\/blogsaverroes.juntadeandalucia.es\/cprfedericogarcialorca\/files\/2020\/05\/Educaci\u00f3n-Emocional-48x21.png 48w, https:\/\/blogsaverroes.juntadeandalucia.es\/cprfedericogarcialorca\/files\/2020\/05\/Educaci\u00f3n-Emocional.png 337w\" sizes=\"(max-width: 300px) 100vw, 300px\" \/><\/a><\/p>\n<p style=\"text-align: justify\">Sentirse bien consigo mismo y con los dem\u00e1s genera bienestar y favorece un desarrollo saludable de las personas desde sus primeros a\u00f1os de vida, \u201cno hay salud sin salud mental\u201d. La capacidad para alcanzar y mantener ese estado de bienestar emocional ha sido considerada como uno de los aspectos de la inteligencia emocional, entendida como la habilidad para tomar conciencia de las propias emociones, las de otras personas y la capacidad de regularlas.<\/p>\n<p style=\"text-align: justify\">Las acciones para desarrollar la inteligencia emocional en el \u00e1mbito escolar han recibido diversas denominaciones, siendo uno de los t\u00e9rminos m\u00e1s empleados el de \u201ceducaci\u00f3n emocional\u201d, que consiste en un proceso educativo, continuo y permanente, que pretende potenciar la adquisici\u00f3n de las competencias emocionales como elemento esencial del desarrollo humano, con objeto de capacitar a la persona para la vida y aumentar su bienestar personal y social.<\/p>\n<p style=\"text-align: justify\">La educaci\u00f3n emocional forma parte de las l\u00edneas de intervenci\u00f3n del programa de promoci\u00f3n y educaci\u00f3n para la salud en el aula \u201cCreciendo en Salud\u201d como aspecto b\u00e1sico y determinante, por ello, se ha incluido con car\u00e1cter transversal y obligatorio.<\/p>\n<p style=\"text-align: justify\">Para el desarrollo de esta L\u00ednea, se considera imprescindible el desarrollo de los siguientes bloques tem\u00e1ticos:<\/p>\n<p style=\"text-align: justify\">1. Conciencia emocional: capacidad para tomar conciencia de las propias emociones y de las emociones de los dem\u00e1s.<\/p>\n<p style=\"text-align: justify\">2. Regulaci\u00f3n emocional: capacidad para manejar las emociones de forma apropiada.<\/p>\n<p style=\"text-align: justify\">3. Autonom\u00eda emocional: capacidad de sentir, pensar y tomar decisiones por s\u00ed mismo.<\/p>\n<p style=\"text-align: justify\">4. Competencia social: capacidad para mantener relaciones adecuadas con otras personas.<\/p>\n<p style=\"text-align: justify\">5. Competencias para la vida y el bienestar: capacidad de adoptar comportamientos apropiados y responsables para afrontar satisfactoriamente los desaf\u00edos del d\u00eda a d\u00eda.<\/p>\n<p style=\"text-align: justify\">&nbsp;<\/p>\n<p style=\"text-align: justify\">A continuaci\u00f3n se presentan algunos enlaces de las actividades que estamos realizando en nuestro centro para desarrollar la educaci\u00f3n emocional:<\/p>\n<ul style=\"text-align: justify\">\n<li><a href=\"https:\/\/blogsaverroes.juntadeandalucia.es\/cprfedericogarcialorca\/files\/2020\/05\/TEMPORALIZACI\u00d3N-DE-LECTURAS-POAT-COMP.-lING\u00dc\u00cdSTICA-etc.-Curso-19-20.pdf\" target=\"_blank\" rel=\"noopener noreferrer\"><strong><span style=\"color: #0000ff\">Programa de Acci\u00f3n Tutorial.<\/span><\/strong><\/a> (Se ha creado una temporalizaci\u00f3n mensual para trabajar los valores y\/o emociones con el alumnado mediante la acci\u00f3n tutorial).<\/li>\n<li><a href=\"https:\/\/blogsaverroes.juntadeandalucia.es\/cprfedericogarcialorca\/2019\/10\/30\/proyecto-libro-viajero-curso-2019-20\/?customize_changeset_uuid=4c7c6faa-401c-40df-adf1-4f8e208c0e2d\" target=\"_blank\" rel=\"noopener noreferrer\"><strong><span style=\"color: #0000ff\">Proyecto Libro Viajero.<\/span><\/strong> <\/a>(Se lleva a cabo en Educaci\u00f3n infantil. El alumnado y familias preparan un cuento cl\u00e1sico y lo exponen en clase. Se destaca el valor o emoci\u00f3n, que nos quiere transmitir el cuento).<\/li>\n<\/ul>\n<p style=\"text-align: justify\">&nbsp; &nbsp; &nbsp; &nbsp; &nbsp; Algunos ejemplos:&nbsp; &nbsp; &nbsp; &nbsp; &nbsp; &nbsp; &nbsp; &nbsp; &nbsp; &nbsp;&nbsp;<\/p>\n<p style=\"text-align: justify\">&nbsp; &nbsp; &nbsp; &nbsp; &nbsp; &nbsp; &nbsp; &nbsp; &nbsp; &nbsp; &nbsp;&#8211; <a href=\"https:\/\/blogsaverroes.juntadeandalucia.es\/cprfedericogarcialorca\/2019\/02\/09\/proyecto-cuentos-dulces-actividad-anual-tercera-publicacion-enero-2019\/?customize_changeset_uuid=4c7c6faa-401c-40df-adf1-4f8e208c0e2d\" target=\"_blank\" rel=\"noopener noreferrer\">\u00abAli-Baba y los 40 ladrones\u00bb<\/a><\/p>\n<p style=\"text-align: justify\">&nbsp; &nbsp; &nbsp; &nbsp; &nbsp; &nbsp; &nbsp; &nbsp; &nbsp; &nbsp; &nbsp;&#8211; <a href=\"https:\/\/blogsaverroes.juntadeandalucia.es\/cprfedericogarcialorca\/2019\/11\/22\/fabula-quien-le-pone-el-cascabel-al-gato-22-11-2019\/?customize_changeset_uuid=4c7c6faa-401c-40df-adf1-4f8e208c0e2d\" target=\"_blank\" rel=\"noopener noreferrer\">F\u00e1bula \u00abQui\u00e9n le pone el cascabel al gato\u00bb. &nbsp; &nbsp;<\/a> &nbsp; &nbsp; &nbsp; &nbsp; &nbsp;<\/p>\n<p style=\"text-align: justify\">&nbsp; &nbsp; &nbsp; &nbsp; &nbsp; &nbsp; &nbsp; &nbsp; &nbsp; &nbsp; &nbsp;&#8211;&nbsp;<a href=\"https:\/\/blogsaverroes.juntadeandalucia.es\/cprfedericogarcialorca\/2020\/01\/28\/fabula-el-cisne-y-el-cuervo-24-01-2020\/?customize_changeset_uuid=4c7c6faa-401c-40df-adf1-4f8e208c0e2d\" target=\"_blank\" rel=\"noopener noreferrer\">F\u00e1bula \u00abEl Cisne y el Cuervo\u00bb.<\/a><\/p>\n<ul>\n<li style=\"text-align: justify\"><a href=\"https:\/\/blogsaverroes.juntadeandalucia.es\/cprfedericogarcialorca\/2020\/02\/28\/semana-cultural-1-24-02-2020\/\" target=\"_blank\" rel=\"noopener noreferrer\"><strong><span style=\"color: #0000ff\">IV Semana Cultural. Esp\u00edritu Ol\u00edmpico.&nbsp;<\/span><\/strong><\/a><\/li>\n<li style=\"text-align: justify\"><a href=\"https:\/\/blogsaverroes.juntadeandalucia.es\/cprfedericogarcialorca\/files\/2020\/05\/30.-Plan-Director.pdf\" target=\"_blank\" rel=\"noopener noreferrer\"><strong><span style=\"color: #0000ff\">Plan Director&#8230;<\/span><\/strong> <\/a>(Charlas que se realizan en el centro a trav\u00e9s de la Guardia Civil. Concretamente este curso la tem\u00e1tica fue la \u00abAutoridad, respeto, comportamiento y obediencia\u00bb.<\/li>\n<li><strong><span style=\"color: #000000\">Efem\u00e9rides.<\/span><\/strong> A modo de ejemplo, se muestra el enlace de la celebraciones:\n<ul>\n<li style=\"list-style-type: none\">\n<ul>\n<li style=\"text-align: justify\"><a href=\"https:\/\/blogsaverroes.juntadeandalucia.es\/cprfedericogarcialorca\/2020\/02\/01\/dia-de-la-paz-30-01-2020\/?customize_changeset_uuid=4c7c6faa-401c-40df-adf1-4f8e208c0e2d\" target=\"_blank\" rel=\"noopener noreferrer\"><strong><span style=\"color: #0000ff\">D\u00eda de la PAZ<\/span><\/strong><\/a><\/li>\n<li style=\"text-align: justify\"><a href=\"https:\/\/blogsaverroes.juntadeandalucia.es\/cprfedericogarcialorca\/2019\/02\/09\/gymkana-de-la-paz-30012019\/?customize_changeset_uuid=4c7c6faa-401c-40df-adf1-4f8e208c0e2d\" target=\"_blank\" rel=\"noopener noreferrer\"><strong><span style=\"color: #0000ff\">Gymkana de la PAZ.<\/span><\/strong><\/a><\/li>\n<\/ul>\n<\/li>\n<\/ul>\n<\/li>\n<\/ul>\n","protected":false},"excerpt":{"rendered":"<p>EDUCACI\u00d3N EMOCIONAL Sentirse bien consigo mismo y con los dem\u00e1s genera bienestar y favorece un desarrollo saludable de las personas desde sus primeros a\u00f1os de vida, \u201cno hay salud sin salud mental\u201d. La capacidad&#46;&#46;&#46;<\/p>\n","protected":false},"author":4911,"featured_media":0,"parent":0,"menu_order":0,"comment_status":"closed","ping_status":"closed","template":"","meta":{"ngg_post_thumbnail":0,"footnotes":"","_mc_calendar":[]},"aioseo_notices":[],"_links":{"self":[{"href":"https:\/\/blogsaverroes.juntadeandalucia.es\/cprfedericogarcialorca\/wp-json\/wp\/v2\/pages\/11926"}],"collection":[{"href":"https:\/\/blogsaverroes.juntadeandalucia.es\/cprfedericogarcialorca\/wp-json\/wp\/v2\/pages"}],"about":[{"href":"https:\/\/blogsaverroes.juntadeandalucia.es\/cprfedericogarcialorca\/wp-json\/wp\/v2\/types\/page"}],"author":[{"embeddable":true,"href":"https:\/\/blogsaverroes.juntadeandalucia.es\/cprfedericogarcialorca\/wp-json\/wp\/v2\/users\/4911"}],"replies":[{"embeddable":true,"href":"https:\/\/blogsaverroes.juntadeandalucia.es\/cprfedericogarcialorca\/wp-json\/wp\/v2\/comments?post=11926"}],"version-history":[{"count":12,"href":"https:\/\/blogsaverroes.juntadeandalucia.es\/cprfedericogarcialorca\/wp-json\/wp\/v2\/pages\/11926\/revisions"}],"predecessor-version":[{"id":12073,"href":"https:\/\/blogsaverroes.juntadeandalucia.es\/cprfedericogarcialorca\/wp-json\/wp\/v2\/pages\/11926\/revisions\/12073"}],"wp:attachment":[{"href":"https:\/\/blogsaverroes.juntadeandalucia.es\/cprfedericogarcialorca\/wp-json\/wp\/v2\/media?parent=11926"}],"curies":[{"name":"wp","href":"https:\/\/api.w.org\/{rel}","templated":true}]}}

Educación Emocional

<p style="text-align: center"><span style="font-size: 14pt;color: #008000"><strong>EDUCACIÓN EMOCIONAL</strong></span></p>
<p><a href="https://blogsaverroes.juntadeandalucia.es/cprfedericogarcialorca/files/2020/05/Educación-Emocional.png"><img loading="lazy" decoding="async" class="size-medium wp-image-12067 aligncenter" src="https://blogsaverroes.juntadeandalucia.es/cprfedericogarcialorca/files/2020/05/Educación-Emocional-300x133.png" alt="" width="300" height="133" srcset="https://blogsaverroes.juntadeandalucia.es/cprfedericogarcialorca/files/2020/05/Educación-Emocional-300x133.png 300w, https://blogsaverroes.juntadeandalucia.es/cprfedericogarcialorca/files/2020/05/Educación-Emocional-24x11.png 24w, https://blogsaverroes.juntadeandalucia.es/cprfedericogarcialorca/files/2020/05/Educación-Emocional-36x16.png 36w, https://blogsaverroes.juntadeandalucia.es/cprfedericogarcialorca/files/2020/05/Educación-Emocional-48x21.png 48w, https://blogsaverroes.juntadeandalucia.es/cprfedericogarcialorca/files/2020/05/Educación-Emocional.png 337w" sizes="(max-width: 300px) 100vw, 300px" /></a></p>
<p style="text-align: justify">Sentirse bien consigo mismo y con los demás genera bienestar y favorece un desarrollo saludable de las personas desde sus primeros años de vida, “no hay salud sin salud mental”. La capacidad para alcanzar y mantener ese estado de bienestar emocional ha sido considerada como uno de los aspectos de la inteligencia emocional, entendida como la habilidad para tomar conciencia de las propias emociones, las de otras personas y la capacidad de regularlas.</p>
<p style="text-align: justify">Las acciones para desarrollar la inteligencia emocional en el ámbito escolar han recibido diversas denominaciones, siendo uno de los términos más empleados el de “educación emocional”, que consiste en un proceso educativo, continuo y permanente, que pretende potenciar la adquisición de las competencias emocionales como elemento esencial del desarrollo humano, con objeto de capacitar a la persona para la vida y aumentar su bienestar personal y social.</p>
<p style="text-align: justify">La educación emocional forma parte de las líneas de intervención del programa de promoción y educación para la salud en el aula “Creciendo en Salud” como aspecto básico y determinante, por ello, se ha incluido con carácter transversal y obligatorio.</p>
<p style="text-align: justify">Para el desarrollo de esta Línea, se considera imprescindible el desarrollo de los siguientes bloques temáticos:</p>
<p style="text-align: justify">1. Conciencia emocional: capacidad para tomar conciencia de las propias emociones y de las emociones de los demás.</p>
<p style="text-align: justify">2. Regulación emocional: capacidad para manejar las emociones de forma apropiada.</p>
<p style="text-align: justify">3. Autonomía emocional: capacidad de sentir, pensar y tomar decisiones por sí mismo.</p>
<p style="text-align: justify">4. Competencia social: capacidad para mantener relaciones adecuadas con otras personas.</p>
<p style="text-align: justify">5. Competencias para la vida y el bienestar: capacidad de adoptar comportamientos apropiados y responsables para afrontar satisfactoriamente los desafíos del día a día.</p>
<p style="text-align: justify">&nbsp;</p>
<p style="text-align: justify">A continuación se presentan algunos enlaces de las actividades que estamos realizando en nuestro centro para desarrollar la educación emocional:</p>
<ul style="text-align: justify">
<li><a href="https://blogsaverroes.juntadeandalucia.es/cprfedericogarcialorca/files/2020/05/TEMPORALIZACIÓN-DE-LECTURAS-POAT-COMP.-lINGÜÍSTICA-etc.-Curso-19-20.pdf" target="_blank" rel="noopener noreferrer"><strong><span style="color: #0000ff">Programa de Acción Tutorial.</span></strong></a> (Se ha creado una temporalización mensual para trabajar los valores y/o emociones con el alumnado mediante la acción tutorial).</li>
<li><a href="https://blogsaverroes.juntadeandalucia.es/cprfedericogarcialorca/2019/10/30/proyecto-libro-viajero-curso-2019-20/?customize_changeset_uuid=4c7c6faa-401c-40df-adf1-4f8e208c0e2d" target="_blank" rel="noopener noreferrer"><strong><span style="color: #0000ff">Proyecto Libro Viajero.</span></strong> </a>(Se lleva a cabo en Educación infantil. El alumnado y familias preparan un cuento clásico y lo exponen en clase. Se destaca el valor o emoción, que nos quiere transmitir el cuento).</li>
</ul>
<p style="text-align: justify">&nbsp; &nbsp; &nbsp; &nbsp; &nbsp; Algunos ejemplos:&nbsp; &nbsp; &nbsp; &nbsp; &nbsp; &nbsp; &nbsp; &nbsp; &nbsp; &nbsp;&nbsp;</p>
<p style="text-align: justify">&nbsp; &nbsp; &nbsp; &nbsp; &nbsp; &nbsp; &nbsp; &nbsp; &nbsp; &nbsp; &nbsp;&#8211; <a href="https://blogsaverroes.juntadeandalucia.es/cprfedericogarcialorca/2019/02/09/proyecto-cuentos-dulces-actividad-anual-tercera-publicacion-enero-2019/?customize_changeset_uuid=4c7c6faa-401c-40df-adf1-4f8e208c0e2d" target="_blank" rel="noopener noreferrer">«Ali-Baba y los 40 ladrones»</a></p>
<p style="text-align: justify">&nbsp; &nbsp; &nbsp; &nbsp; &nbsp; &nbsp; &nbsp; &nbsp; &nbsp; &nbsp; &nbsp;&#8211; <a href="https://blogsaverroes.juntadeandalucia.es/cprfedericogarcialorca/2019/11/22/fabula-quien-le-pone-el-cascabel-al-gato-22-11-2019/?customize_changeset_uuid=4c7c6faa-401c-40df-adf1-4f8e208c0e2d" target="_blank" rel="noopener noreferrer">Fábula «Quién le pone el cascabel al gato». &nbsp; &nbsp;</a> &nbsp; &nbsp; &nbsp; &nbsp; &nbsp;</p>
<p style="text-align: justify">&nbsp; &nbsp; &nbsp; &nbsp; &nbsp; &nbsp; &nbsp; &nbsp; &nbsp; &nbsp; &nbsp;&#8211;&nbsp;<a href="https://blogsaverroes.juntadeandalucia.es/cprfedericogarcialorca/2020/01/28/fabula-el-cisne-y-el-cuervo-24-01-2020/?customize_changeset_uuid=4c7c6faa-401c-40df-adf1-4f8e208c0e2d" target="_blank" rel="noopener noreferrer">Fábula «El Cisne y el Cuervo».</a></p>
<ul>
<li style="text-align: justify"><a href="https://blogsaverroes.juntadeandalucia.es/cprfedericogarcialorca/2020/02/28/semana-cultural-1-24-02-2020/" target="_blank" rel="noopener noreferrer"><strong><span style="color: #0000ff">IV Semana Cultural. Espíritu Olímpico.&nbsp;</span></strong></a></li>
<li style="text-align: justify"><a href="https://blogsaverroes.juntadeandalucia.es/cprfedericogarcialorca/files/2020/05/30.-Plan-Director.pdf" target="_blank" rel="noopener noreferrer"><strong><span style="color: #0000ff">Plan Director&#8230;</span></strong> </a>(Charlas que se realizan en el centro a través de la Guardia Civil. Concretamente este curso la temática fue la «Autoridad, respeto, comportamiento y obediencia».</li>
<li><strong><span style="color: #000000">Efemérides.</span></strong> A modo de ejemplo, se muestra el enlace de la celebraciones:
<ul>
<li style="list-style-type: none">
<ul>
<li style="text-align: justify"><a href="https://blogsaverroes.juntadeandalucia.es/cprfedericogarcialorca/2020/02/01/dia-de-la-paz-30-01-2020/?customize_changeset_uuid=4c7c6faa-401c-40df-adf1-4f8e208c0e2d" target="_blank" rel="noopener noreferrer"><strong><span style="color: #0000ff">Día de la PAZ</span></strong></a></li>
<li style="text-align: justify"><a href="https://blogsaverroes.juntadeandalucia.es/cprfedericogarcialorca/2019/02/09/gymkana-de-la-paz-30012019/?customize_changeset_uuid=4c7c6faa-401c-40df-adf1-4f8e208c0e2d" target="_blank" rel="noopener noreferrer"><strong><span style="color: #0000ff">Gymkana de la PAZ.</span></strong></a></li>
</ul>
</li>
</ul>
</li>
</ul>

<p>EDUCACIÓN EMOCIONAL Sentirse bien consigo mismo y con los demás genera bienestar y favorece un desarrollo saludable de las personas desde sus primeros años de vida, “no hay salud sin salud mental”. La capacidad&#46;&#46;&#46;</p>
