{"id":11931,"date":"2020-05-04T09:18:50","date_gmt":"2020-05-04T09:18:50","guid":{"rendered":"https:\/\/blogsaverroes.juntadeandalucia.es\/cprfedericogarcialorca\/?page_id=11931"},"modified":"2020-05-05T11:22:01","modified_gmt":"2020-05-05T11:22:01","slug":"autocuidados-y-accidentalidad","status":"publish","type":"page","link":"https:\/\/blogsaverroes.juntadeandalucia.es\/cprfedericogarcialorca\/autocuidados-y-accidentalidad\/","title":{"rendered":"Autocuidados y accidentalidad"},"content":{"rendered":"<p style=\"text-align: center\"><strong><span style=\"color: #008000\">AUTOCUIDADOS Y ACCIDENTALIDAD<\/span><\/strong><\/p>\n<p><a href=\"https:\/\/blogsaverroes.juntadeandalucia.es\/cprfedericogarcialorca\/files\/2020\/05\/aUTOCUIDADOS.png\"><img loading=\"lazy\" decoding=\"async\" class=\"size-medium wp-image-12070 aligncenter\" src=\"https:\/\/blogsaverroes.juntadeandalucia.es\/cprfedericogarcialorca\/files\/2020\/05\/aUTOCUIDADOS-300x203.png\" alt=\"\" width=\"300\" height=\"203\" srcset=\"https:\/\/blogsaverroes.juntadeandalucia.es\/cprfedericogarcialorca\/files\/2020\/05\/aUTOCUIDADOS-300x203.png 300w, https:\/\/blogsaverroes.juntadeandalucia.es\/cprfedericogarcialorca\/files\/2020\/05\/aUTOCUIDADOS-24x16.png 24w, https:\/\/blogsaverroes.juntadeandalucia.es\/cprfedericogarcialorca\/files\/2020\/05\/aUTOCUIDADOS-36x24.png 36w, https:\/\/blogsaverroes.juntadeandalucia.es\/cprfedericogarcialorca\/files\/2020\/05\/aUTOCUIDADOS-48x32.png 48w, https:\/\/blogsaverroes.juntadeandalucia.es\/cprfedericogarcialorca\/files\/2020\/05\/aUTOCUIDADOS.png 346w\" sizes=\"(max-width: 300px) 100vw, 300px\" \/><\/a><\/p>\n<p style=\"text-align: justify\">Dentro del Programa \u201cCreciendo en Salud\u201d desde la L\u00ednea de intervenci\u00f3n de Autocuidados y Accidentabilidad se pretende que el alumnado desarrolle h\u00e1bitos saludables de higiene personal mediante estrategias orientadas a procesos de aprendizaje que favorecen su adquisici\u00f3n, y que perduren durante sus vidas para prevenir problemas de salud.<\/p>\n<p style=\"text-align: justify\">Los h\u00e1bitos saludables de higiene y autocuidados se adquieren en la infancia a trav\u00e9s de un proceso de educaci\u00f3n que corresponde fundamentalmente a las familias. No obstante, los programas de educaci\u00f3n y promoci\u00f3n de la salud en los centros educativos son funda- mentales a la hora de reforzar estos h\u00e1bitos en los ni\u00f1os y las ni\u00f1as ya que complementan el trabajo que realizan las familias.<\/p>\n<p style=\"text-align: justify\">A continuaci\u00f3n se presentan algunos enlaces de las actividades que estamos realizando en nuestro centro para desarrollar los autocuidados y accidentalidad (en algunas actividades se desarrollan de forma globalizada todas las l\u00edneas de intervenci\u00f3n de Creciendo en Salud):<\/p>\n<ul>\n<li><a href=\"https:\/\/blogsaverroes.juntadeandalucia.es\/cprfedericogarcialorca\/files\/2020\/05\/Mi-higiene-y-yo.doc\" target=\"_blank\" rel=\"noopener noreferrer\"><strong><span style=\"color: #0000ff\">Programa mi higiene y yo.<\/span><\/strong><\/a><\/li>\n<li><a href=\"https:\/\/blogsaverroes.juntadeandalucia.es\/cprfedericogarcialorca\/2019\/05\/07\/dia-del-libro-23042019\/\" target=\"_blank\" rel=\"noopener noreferrer\"><strong><span style=\"color: #0000ff\">Salud Bucodental.<\/span> <\/strong><\/a>Aprovechando el d\u00eda del libro y relacion\u00e1ndola con el Programa Educativo \u00abCreciendo en Salud\u00bb, en las distintas aulas se ha llevado a cabo un Kamishibai (teatro de papel) sobre la salud bucodental, donde los alumos\/as de ciclo 3\u00ba han representado una historia al resto del alumnado de educaci\u00f3n infantil y ciclos 1\u00ba y 2\u00ba de educaci\u00f3n primaria.<\/li>\n<li><a href=\"https:\/\/blogsaverroes.juntadeandalucia.es\/cprfedericogarcialorca\/files\/2020\/05\/Tr\u00edptico-tu-sonrisa-es-\u00fanica.pdf\" target=\"_blank\" rel=\"noopener noreferrer\"><strong><span style=\"color: #0000ff\">Tr\u00edptico \u00abT\u00fa Sonrisa es \u00fanica\u00bb.<\/span><\/strong><\/a> Se entrega a las familias todos los a\u00f1os, con previa charla al alumnado y familias.<\/li>\n<\/ul>\n<p><a href=\"https:\/\/blogsaverroes.juntadeandalucia.es\/cprfedericogarcialorca\/files\/2020\/04\/habitso-saludables-consejer\u00eda.png\"><img loading=\"lazy\" decoding=\"async\" class=\"size-full wp-image-11914 aligncenter\" src=\"https:\/\/blogsaverroes.juntadeandalucia.es\/cprfedericogarcialorca\/files\/2020\/04\/habitso-saludables-consejer\u00eda.png\" alt=\"\" width=\"267\" height=\"110\" srcset=\"https:\/\/blogsaverroes.juntadeandalucia.es\/cprfedericogarcialorca\/files\/2020\/04\/habitso-saludables-consejer\u00eda.png 267w, https:\/\/blogsaverroes.juntadeandalucia.es\/cprfedericogarcialorca\/files\/2020\/04\/habitso-saludables-consejer\u00eda-24x10.png 24w, https:\/\/blogsaverroes.juntadeandalucia.es\/cprfedericogarcialorca\/files\/2020\/04\/habitso-saludables-consejer\u00eda-36x15.png 36w, https:\/\/blogsaverroes.juntadeandalucia.es\/cprfedericogarcialorca\/files\/2020\/04\/habitso-saludables-consejer\u00eda-48x20.png 48w\" sizes=\"(max-width: 267px) 100vw, 267px\" \/><\/a><\/p>\n<p>&nbsp;<\/p>\n","protected":false},"excerpt":{"rendered":"<p>AUTOCUIDADOS Y ACCIDENTALIDAD Dentro del Programa \u201cCreciendo en Salud\u201d desde la L\u00ednea de intervenci\u00f3n de Autocuidados y Accidentabilidad se pretende que el alumnado desarrolle h\u00e1bitos saludables de higiene personal mediante estrategias orientadas a procesos&#46;&#46;&#46;<\/p>\n","protected":false},"author":4911,"featured_media":0,"parent":0,"menu_order":0,"comment_status":"closed","ping_status":"closed","template":"","meta":{"ngg_post_thumbnail":0,"footnotes":"","_mc_calendar":[]},"aioseo_notices":[],"_links":{"self":[{"href":"https:\/\/blogsaverroes.juntadeandalucia.es\/cprfedericogarcialorca\/wp-json\/wp\/v2\/pages\/11931"}],"collection":[{"href":"https:\/\/blogsaverroes.juntadeandalucia.es\/cprfedericogarcialorca\/wp-json\/wp\/v2\/pages"}],"about":[{"href":"https:\/\/blogsaverroes.juntadeandalucia.es\/cprfedericogarcialorca\/wp-json\/wp\/v2\/types\/page"}],"author":[{"embeddable":true,"href":"https:\/\/blogsaverroes.juntadeandalucia.es\/cprfedericogarcialorca\/wp-json\/wp\/v2\/users\/4911"}],"replies":[{"embeddable":true,"href":"https:\/\/blogsaverroes.juntadeandalucia.es\/cprfedericogarcialorca\/wp-json\/wp\/v2\/comments?post=11931"}],"version-history":[{"count":6,"href":"https:\/\/blogsaverroes.juntadeandalucia.es\/cprfedericogarcialorca\/wp-json\/wp\/v2\/pages\/11931\/revisions"}],"predecessor-version":[{"id":12072,"href":"https:\/\/blogsaverroes.juntadeandalucia.es\/cprfedericogarcialorca\/wp-json\/wp\/v2\/pages\/11931\/revisions\/12072"}],"wp:attachment":[{"href":"https:\/\/blogsaverroes.juntadeandalucia.es\/cprfedericogarcialorca\/wp-json\/wp\/v2\/media?parent=11931"}],"curies":[{"name":"wp","href":"https:\/\/api.w.org\/{rel}","templated":true}]}}

<p style="text-align: center"><strong><span style="color: #008000">AUTOCUIDADOS Y ACCIDENTALIDAD</span></strong></p>
<p><a href="https://blogsaverroes.juntadeandalucia.es/cprfedericogarcialorca/files/2020/05/aUTOCUIDADOS.png"><img loading="lazy" decoding="async" class="size-medium wp-image-12070 aligncenter" src="https://blogsaverroes.juntadeandalucia.es/cprfedericogarcialorca/files/2020/05/aUTOCUIDADOS-300x203.png" alt="" width="300" height="203" srcset="https://blogsaverroes.juntadeandalucia.es/cprfedericogarcialorca/files/2020/05/aUTOCUIDADOS-300x203.png 300w, https://blogsaverroes.juntadeandalucia.es/cprfedericogarcialorca/files/2020/05/aUTOCUIDADOS-24x16.png 24w, https://blogsaverroes.juntadeandalucia.es/cprfedericogarcialorca/files/2020/05/aUTOCUIDADOS-36x24.png 36w, https://blogsaverroes.juntadeandalucia.es/cprfedericogarcialorca/files/2020/05/aUTOCUIDADOS-48x32.png 48w, https://blogsaverroes.juntadeandalucia.es/cprfedericogarcialorca/files/2020/05/aUTOCUIDADOS.png 346w" sizes="(max-width: 300px) 100vw, 300px" /></a></p>
<p style="text-align: justify">Dentro del Programa “Creciendo en Salud” desde la Línea de intervención de Autocuidados y Accidentabilidad se pretende que el alumnado desarrolle hábitos saludables de higiene personal mediante estrategias orientadas a procesos de aprendizaje que favorecen su adquisición, y que perduren durante sus vidas para prevenir problemas de salud.</p>
<p style="text-align: justify">Los hábitos saludables de higiene y autocuidados se adquieren en la infancia a través de un proceso de educación que corresponde fundamentalmente a las familias. No obstante, los programas de educación y promoción de la salud en los centros educativos son funda- mentales a la hora de reforzar estos hábitos en los niños y las niñas ya que complementan el trabajo que realizan las familias.</p>
<p style="text-align: justify">A continuación se presentan algunos enlaces de las actividades que estamos realizando en nuestro centro para desarrollar los autocuidados y accidentalidad (en algunas actividades se desarrollan de forma globalizada todas las líneas de intervención de Creciendo en Salud):</p>
<ul>
<li><a href="https://blogsaverroes.juntadeandalucia.es/cprfedericogarcialorca/files/2020/05/Mi-higiene-y-yo.doc" target="_blank" rel="noopener noreferrer"><strong><span style="color: #0000ff">Programa mi higiene y yo.</span></strong></a></li>
<li><a href="https://blogsaverroes.juntadeandalucia.es/cprfedericogarcialorca/2019/05/07/dia-del-libro-23042019/" target="_blank" rel="noopener noreferrer"><strong><span style="color: #0000ff">Salud Bucodental.</span> </strong></a>Aprovechando el día del libro y relacionándola con el Programa Educativo «Creciendo en Salud», en las distintas aulas se ha llevado a cabo un Kamishibai (teatro de papel) sobre la salud bucodental, donde los alumos/as de ciclo 3º han representado una historia al resto del alumnado de educación infantil y ciclos 1º y 2º de educación primaria.</li>
<li><a href="https://blogsaverroes.juntadeandalucia.es/cprfedericogarcialorca/files/2020/05/Tríptico-tu-sonrisa-es-única.pdf" target="_blank" rel="noopener noreferrer"><strong><span style="color: #0000ff">Tríptico «Tú Sonrisa es única».</span></strong></a> Se entrega a las familias todos los años, con previa charla al alumnado y familias.</li>
</ul>
<p><a href="https://blogsaverroes.juntadeandalucia.es/cprfedericogarcialorca/files/2020/04/habitso-saludables-consejería.png"><img loading="lazy" decoding="async" class="size-full wp-image-11914 aligncenter" src="https://blogsaverroes.juntadeandalucia.es/cprfedericogarcialorca/files/2020/04/habitso-saludables-consejería.png" alt="" width="267" height="110" srcset="https://blogsaverroes.juntadeandalucia.es/cprfedericogarcialorca/files/2020/04/habitso-saludables-consejería.png 267w, https://blogsaverroes.juntadeandalucia.es/cprfedericogarcialorca/files/2020/04/habitso-saludables-consejería-24x10.png 24w, https://blogsaverroes.juntadeandalucia.es/cprfedericogarcialorca/files/2020/04/habitso-saludables-consejería-36x15.png 36w, https://blogsaverroes.juntadeandalucia.es/cprfedericogarcialorca/files/2020/04/habitso-saludables-consejería-48x20.png 48w" sizes="(max-width: 267px) 100vw, 267px" /></a></p>
<p>&nbsp;</p>

<p>AUTOCUIDADOS Y ACCIDENTALIDAD Dentro del Programa “Creciendo en Salud” desde la Línea de intervención de Autocuidados y Accidentabilidad se pretende que el alumnado desarrolle hábitos saludables de higiene personal mediante estrategias orientadas a procesos&#46;&#46;&#46;</p>
