{"id":12390,"date":"2020-09-25T22:52:52","date_gmt":"2020-09-25T22:52:52","guid":{"rendered":"https:\/\/blogsaverroes.juntadeandalucia.es\/cprfedericogarcialorca\/?page_id=12390"},"modified":"2023-10-24T07:36:28","modified_gmt":"2023-10-24T07:36:28","slug":"claustro-2020-2021","status":"publish","type":"page","link":"https:\/\/blogsaverroes.juntadeandalucia.es\/cprfedericogarcialorca\/claustro-2020-2021\/","title":{"rendered":"Claustro 2023\/2024"},"content":{"rendered":"<table style=\"background-color: #4bccb7;width: 60.2426%;height: 475px\">\n<thead>\n<tr style=\"height: 53px\">\n<td style=\"height: 53px;width: 100%\" width=\"212\">\n<p style=\"text-align: center\"><strong>CLAUSTRO 2023\/2024<\/strong><\/p>\n<\/td>\n<\/tr>\n<\/thead>\n<tbody>\n<tr style=\"height: 44px\">\n<td style=\"text-align: center;height: 24px;width: 100%\" width=\"212\"><span style=\"font-size: 18.6667px\">Don Miguel \u00c1ngel Medialdea Vallecillos<\/span><\/td>\n<\/tr>\n<tr style=\"height: 44px\">\n<td style=\"text-align: center;height: 15px;width: 100%\" width=\"212\"><span style=\"font-size: 14pt\">Do\u00f1a Sonia Mart\u00ednez Fern\u00e1ndez<\/span><\/td>\n<\/tr>\n<tr style=\"height: 45px\">\n<td style=\"text-align: center;height: 22px;width: 100%\" width=\"212\"><span style=\"font-size: 14pt\">Do\u00f1a Encarnaci\u00f3n V\u00edlchez Tom\u00e1s<\/span><\/td>\n<\/tr>\n<tr style=\"height: 10px\">\n<td style=\"text-align: center;height: 10px;width: 100%\" width=\"212\"><span style=\"font-size: 14pt\">Do\u00f1a M\u00aa Carmen Ruiz Moya<\/span><\/td>\n<\/tr>\n<tr style=\"height: 21px\">\n<td style=\"text-align: center;height: 10px;width: 100%\" width=\"212\"><span style=\"font-size: 18.6667px\">Do\u00f1a Raquel Mole\u00f3n Navarro<\/span><\/td>\n<\/tr>\n<tr style=\"height: 44px\">\n<td style=\"text-align: center;height: 13px;width: 100%\" width=\"212\"><span style=\"font-size: 18.6667px\">Do\u00f1a Ana Garz\u00f3n Morcillo<\/span><\/td>\n<\/tr>\n<tr style=\"height: 44px\">\n<td style=\"text-align: center;height: 17px;width: 100%\" width=\"212\"><span style=\"font-size: 18.6667px\">Don Manuel Exp\u00f3sito Fern\u00e1ndez<\/span><\/td>\n<\/tr>\n<tr style=\"height: 44px\">\n<td style=\"text-align: center;height: 23px;width: 100%\" width=\"212\"><span style=\"font-size: 18.6667px\">Do\u00f1a Melisa Garc\u00eda Carmona<\/span><\/td>\n<\/tr>\n<tr style=\"height: 21px\">\n<td style=\"text-align: center;height: 21px;width: 100%\" width=\"212\"><span style=\"font-size: 14pt\">Do\u00f1a M\u00aa Carmen Praena Segura<\/span><\/td>\n<\/tr>\n<tr style=\"height: 44px\">\n<td style=\"text-align: center;height: 10px;width: 100%\" width=\"212\"><span style=\"font-size: 18.6667px\">Do\u00f1a Patricia Poyatos Romero<\/span><\/td>\n<\/tr>\n<tr style=\"height: 44px\">\n<td style=\"text-align: center;height: 15px;width: 100%\" width=\"212\"><span style=\"font-size: 18.6667px\">Do\u00f1a Mar\u00eda Mu\u00f1oz Yedra<\/span><\/td>\n<\/tr>\n<tr style=\"height: 44px\">\n<td style=\"text-align: center;height: 27px;width: 100%\" width=\"212\"><span style=\"font-size: 18.6667px\">Do\u00f1a Guylaine Pineau<\/span><\/td>\n<\/tr>\n<tr style=\"height: 21px\">\n<td style=\"text-align: center;height: 21px;width: 100%\" width=\"212\"><span style=\"font-size: 18.6667px\">Do\u00f1a Raquel Rabaneda Ruiz<\/span><\/td>\n<\/tr>\n<tr style=\"height: 27px\">\n<td style=\"text-align: center;width: 100%;height: 27px\"><span style=\"font-size: 18.6667px\">Do\u00f1a Mar\u00eda Granada S\u00e1ez Vald\u00e9s<\/span><\/td>\n<\/tr>\n<tr style=\"height: 32px\">\n<td style=\"text-align: center;width: 100%;height: 32px\"><span style=\"font-size: 18.6667px\">Do\u00f1a M\u00aa Jos\u00e9 Fern\u00e1ndez Porcel<\/span><\/td>\n<\/tr>\n<tr style=\"height: 27px\">\n<td style=\"text-align: center;width: 100%;height: 27px\"><span style=\"font-size: 18.6667px\">Do\u00f1a Mar\u00eda Isabel V\u00edlchez Ferrer<\/span><\/td>\n<\/tr>\n<tr style=\"height: 27px\">\n<td style=\"text-align: center;width: 100%;height: 27px\"><span style=\"font-size: 18.6667px\">Do\u00f1a Maribel Velasco Marcos<\/span><\/td>\n<\/tr>\n<tr style=\"height: 27px\">\n<td style=\"text-align: center;width: 100%;height: 27px\"><span style=\"font-size: 18.6667px\">Do\u00f1a \u00c1ngeles Poyatos Lorente (AL)<\/span><\/td>\n<\/tr>\n<tr style=\"height: 27px\">\n<td style=\"text-align: center;width: 100%;height: 27px\"><span style=\"font-size: 18.6667px\">Don Jos\u00e9 Mar\u00eda Mar\u00edn S\u00e1nchez (E.O.E.)<\/span><\/td>\n<\/tr>\n<tr style=\"height: 27px\">\n<td style=\"text-align: center;width: 100%;height: 27px\">&nbsp;<\/td>\n<\/tr>\n<\/tbody>\n<\/table>\n","protected":false},"excerpt":{"rendered":"<p>CLAUSTRO 2023\/2024 Don Miguel \u00c1ngel Medialdea Vallecillos Do\u00f1a Sonia Mart\u00ednez Fern\u00e1ndez Do\u00f1a Encarnaci\u00f3n V\u00edlchez Tom\u00e1s Do\u00f1a M\u00aa Carmen Ruiz Moya Do\u00f1a Raquel Mole\u00f3n Navarro Do\u00f1a Ana Garz\u00f3n Morcillo Don Manuel Exp\u00f3sito Fern\u00e1ndez Do\u00f1a Melisa&#46;&#46;&#46;<\/p>\n","protected":false},"author":4911,"featured_media":0,"parent":0,"menu_order":0,"comment_status":"closed","ping_status":"closed","template":"","meta":{"ngg_post_thumbnail":0,"footnotes":"","_mc_calendar":[]},"aioseo_notices":[],"_links":{"self":[{"href":"https:\/\/blogsaverroes.juntadeandalucia.es\/cprfedericogarcialorca\/wp-json\/wp\/v2\/pages\/12390"}],"collection":[{"href":"https:\/\/blogsaverroes.juntadeandalucia.es\/cprfedericogarcialorca\/wp-json\/wp\/v2\/pages"}],"about":[{"href":"https:\/\/blogsaverroes.juntadeandalucia.es\/cprfedericogarcialorca\/wp-json\/wp\/v2\/types\/page"}],"author":[{"embeddable":true,"href":"https:\/\/blogsaverroes.juntadeandalucia.es\/cprfedericogarcialorca\/wp-json\/wp\/v2\/users\/4911"}],"replies":[{"embeddable":true,"href":"https:\/\/blogsaverroes.juntadeandalucia.es\/cprfedericogarcialorca\/wp-json\/wp\/v2\/comments?post=12390"}],"version-history":[{"count":12,"href":"https:\/\/blogsaverroes.juntadeandalucia.es\/cprfedericogarcialorca\/wp-json\/wp\/v2\/pages\/12390\/revisions"}],"predecessor-version":[{"id":15649,"href":"https:\/\/blogsaverroes.juntadeandalucia.es\/cprfedericogarcialorca\/wp-json\/wp\/v2\/pages\/12390\/revisions\/15649"}],"wp:attachment":[{"href":"https:\/\/blogsaverroes.juntadeandalucia.es\/cprfedericogarcialorca\/wp-json\/wp\/v2\/media?parent=12390"}],"curies":[{"name":"wp","href":"https:\/\/api.w.org\/{rel}","templated":true}]}}