{"id":2182,"date":"2017-03-06T17:07:02","date_gmt":"2017-03-06T17:07:02","guid":{"rendered":"http:\/\/blogsaverroes.juntadeandalucia.es\/cprfedericogarcialorca\/?page_id=2182"},"modified":"2023-10-24T07:47:39","modified_gmt":"2023-10-24T07:47:39","slug":"consejo-escolar","status":"publish","type":"page","link":"https:\/\/blogsaverroes.juntadeandalucia.es\/cprfedericogarcialorca\/consejo-escolar\/","title":{"rendered":"Consejo escolar"},"content":{"rendered":"<table style=\"background-color: #c7f2ef\" width=\"720\">\n<tbody>\n<tr style=\"height: 27px\">\n<td style=\"height: 27px\" width=\"227\">\n<h4 style=\"text-align: center\"><strong>PRESIDENTE<\/strong><\/h4>\n<\/td>\n<\/tr>\n<tr style=\"height: 27px\">\n<td style=\"height: 27px\" width=\"227\">\n<h4>Don Miguel \u00c1ngel Medialdea Vallecillos<\/h4>\n<\/td>\n<\/tr>\n<tr style=\"height: 27px\">\n<td style=\"height: 27px\" width=\"227\">\n<h4 style=\"text-align: center\"><strong>SECRETARIA<\/strong><\/h4>\n<\/td>\n<\/tr>\n<tr style=\"height: 27px\">\n<td style=\"height: 27px\" width=\"227\">\n<h4>Do\u00f1a M\u00aa Carmen Ruiz Moya<\/h4>\n<\/td>\n<\/tr>\n<tr style=\"height: 27px\">\n<td style=\"height: 27px\" width=\"227\">\n<h4 style=\"text-align: center\"><strong>REPRESENTANTES PROFESORADO<\/strong><\/h4>\n<\/td>\n<\/tr>\n<tr style=\"height: 27px\">\n<td style=\"height: 27px\" width=\"227\">\n<h4>Do\u00f1a Ana Garz\u00f3n Morcillo<\/h4>\n<\/td>\n<\/tr>\n<tr>\n<td>\n<h4>Do\u00f1a Sonia Mart\u00ednez Fern\u00e1ndez<\/h4>\n<\/td>\n<\/tr>\n<tr style=\"height: 27px\">\n<td style=\"height: 27px\" width=\"227\">\n<h4>Do\u00f1a Encarnaci\u00f3n V\u00edlchez Tom\u00e1s<\/h4>\n<\/td>\n<\/tr>\n<tr style=\"height: 27px\">\n<td style=\"height: 27px\" width=\"227\">\n<h4 style=\"text-align: center\"><strong>REPRESENTANTES PADRES\/MADRES<\/strong><\/h4>\n<\/td>\n<\/tr>\n<tr style=\"height: 27px\">\n<td style=\"height: 27px\" width=\"227\">\n<h4>Do\u00f1a Susana Fern\u00e1ndez Porcel<\/h4>\n<\/td>\n<\/tr>\n<tr style=\"height: 27px\">\n<td style=\"height: 27px\" width=\"227\">\n<h4>Do\u00f1a&nbsp; Ramona Fern\u00e1ndez Fern\u00e1ndez<\/h4>\n<\/td>\n<\/tr>\n<tr style=\"height: 27px\">\n<td style=\"height: 27px\" width=\"227\">\n<h4>Do\u00f1a Jennifer Olvera Maturano<\/h4>\n<\/td>\n<\/tr>\n<tr style=\"height: 27px\">\n<td style=\"height: 27px\" width=\"227\">\n<h4>Do\u00f1a Mar\u00eda Estrella Marcos Marcos<\/h4>\n<\/td>\n<\/tr>\n<tr style=\"height: 27px\">\n<td style=\"height: 27px\" width=\"227\">\n<h4 style=\"text-align: center\"><strong>REPRESENTANTE AYUNTAMIENTO<\/strong><\/h4>\n<\/td>\n<\/tr>\n<tr style=\"height: 27px\">\n<td style=\"height: 27px\" width=\"227\">\n<h4>Do\u00f1a Fabiola Romero Hern\u00e1ndez<\/h4>\n<\/td>\n<\/tr>\n<tr style=\"height: 27px\">\n<td style=\"height: 27px\" width=\"227\">\n<h4>Do\u00f1a M\u00aa Carmen S\u00e1nchez Mart\u00ednez<\/h4>\n<\/td>\n<\/tr>\n<tr style=\"height: 27px\">\n<td style=\"height: 27px\" width=\"227\">\n<h4 style=\"text-align: center\"><strong>COMISIONES DEL CONSEJO ESCOLAR<\/strong><\/h4>\n<\/td>\n<\/tr>\n<tr style=\"height: 27px\">\n<td style=\"height: 27px\" width=\"227\">\n<h4 style=\"text-align: center\"><strong>COMISI\u00d3N PERMANENTE<\/strong><\/h4>\n<\/td>\n<\/tr>\n<tr style=\"height: 27px\">\n<td style=\"height: 27px\" width=\"227\">\n<h4>Don Miguel \u00c1ngel Medialdea Vallecillos<\/h4>\n<\/td>\n<\/tr>\n<tr style=\"height: 27px\">\n<td style=\"height: 27px\" width=\"227\">\n<h4>Do\u00f1a Sonia Mart\u00ednez Fern\u00e1ndez<\/h4>\n<\/td>\n<\/tr>\n<tr style=\"height: 27px\">\n<td style=\"height: 27px\" width=\"227\">\n<h4>Do\u00f1a Ramona Fern\u00e1ndez Fern\u00e1ndez<\/h4>\n<\/td>\n<\/tr>\n<tr style=\"height: 27px\">\n<td style=\"height: 27px\" width=\"227\">\n<h4 style=\"text-align: center\"><strong>COMISI\u00d3N CONVIVENCIA<\/strong><\/h4>\n<\/td>\n<\/tr>\n<tr style=\"height: 27px\">\n<td style=\"height: 27px\" width=\"227\">\n<h4><strong>Director:<\/strong><\/h4>\n<\/td>\n<\/tr>\n<tr style=\"height: 27px\">\n<td style=\"height: 27px\" width=\"227\">\n<h4>Don Miguel \u00c1ngel Medialdea Vallecillos<\/h4>\n<\/td>\n<\/tr>\n<tr style=\"height: 27px\">\n<td style=\"height: 27px\" width=\"227\">\n<h4><strong>Profesorado:<\/strong><\/h4>\n<\/td>\n<\/tr>\n<tr>\n<td>\n<h4>Do\u00f1a Encarnaci\u00f3n V\u00edlchez Tom\u00e1s<\/h4>\n<\/td>\n<\/tr>\n<tr style=\"height: 27px\">\n<td style=\"height: 27px\" width=\"227\">\n<h4>Do\u00f1a Mar\u00eda Carmen Ruiz Moya<\/h4>\n<\/td>\n<\/tr>\n<tr style=\"height: 27px\">\n<td style=\"height: 27px\" width=\"227\">\n<h4><strong>Padres\/madres:<\/strong><\/h4>\n<\/td>\n<\/tr>\n<tr style=\"height: 27px\">\n<td style=\"height: 27px\" width=\"227\">\n<h4>Do\u00f1a Ramona Fern\u00e1ndez Fern\u00e1ndez<\/h4>\n<\/td>\n<\/tr>\n<tr style=\"height: 27px\">\n<td style=\"height: 27px\" width=\"227\">\n<h4>Do\u00f1a Jennifer Olvera Maturano<\/h4>\n<\/td>\n<\/tr>\n<tr style=\"height: 27px\">\n<td style=\"height: 27px\" width=\"227\">\n<h4>Do\u00f1a Mar\u00eda Estrella Marcos Marcos<\/h4>\n<\/td>\n<\/tr>\n<tr style=\"height: 27px\">\n<td style=\"height: 27px\" width=\"227\">\n<h4>Do\u00f1a Susana Fern\u00e1ndez Porcel<\/h4>\n<\/td>\n<\/tr>\n<tr style=\"height: 27px\">\n<td style=\"height: 27px\" width=\"227\">\n<h4 style=\"text-align: center\"><strong>COMISI\u00d3N SALUD LABORAL<\/strong><\/h4>\n<\/td>\n<\/tr>\n<tr style=\"height: 27px\">\n<td style=\"height: 27px\" width=\"227\">\n<h4>Don Miguel \u00c1ngel Medialdea Vallecillos<\/h4>\n<\/td>\n<\/tr>\n<tr style=\"height: 27px\">\n<td style=\"height: 27px\" width=\"227\">\n<h4>Do\u00f1a Mar\u00eda Carmen Ruiz Moya<\/h4>\n<\/td>\n<\/tr>\n<tr style=\"height: 27px\">\n<td style=\"height: 27px\" width=\"227\">\n<h4>Do\u00f1a Ana Garz\u00f3n Morcillo<\/h4>\n<\/td>\n<\/tr>\n<tr style=\"height: 27px\">\n<td style=\"height: 27px\" width=\"227\">\n<h4>Do\u00f1a Jennifer Olvera Maturano<\/h4>\n<\/td>\n<\/tr>\n<tr style=\"height: 27px\">\n<td style=\"height: 27px\" width=\"227\">\n<h4>Do\u00f1a Raquel Rabaneda Ruiz<\/h4>\n<\/td>\n<\/tr>\n<tr style=\"height: 27px\">\n<td style=\"height: 27px\" width=\"227\">\n<h4 style=\"text-align: center\"><strong>EQUIPO DE EVALUACI\u00d3N<\/strong><\/h4>\n<\/td>\n<\/tr>\n<tr style=\"height: 27px\">\n<td style=\"height: 27px\" width=\"227\">\n<h4>Don Miguel \u00c1ngel Medialdea Vallecillos<\/h4>\n<\/td>\n<\/tr>\n<tr style=\"height: 27px\">\n<td style=\"height: 27px\" width=\"227\">\n<h4>Do\u00f1a Mar\u00eda Carmen Ruiz Moya<\/h4>\n<\/td>\n<\/tr>\n<tr style=\"height: 27px\">\n<td style=\"height: 27px\" width=\"227\">\n<h4>Do\u00f1a Ana Garz\u00f3n Morcillo<\/h4>\n<\/td>\n<\/tr>\n<tr style=\"height: 27px\">\n<td style=\"height: 27px\" width=\"227\">\n<h4>Do\u00f1a Susana Fern\u00e1ndez Porcel<\/h4>\n<\/td>\n<\/tr>\n<tr style=\"height: 27px\">\n<td style=\"height: 27px\" width=\"227\">\n<h4 style=\"text-align: center\"><strong>COMISI\u00d3N LIBROS DE TEXTO<\/strong><\/h4>\n<\/td>\n<\/tr>\n<tr style=\"height: 27px\">\n<td style=\"height: 27px\" width=\"227\">\n<h4>Don Miguel \u00c1ngel Medialdea Vallecillos<\/h4>\n<\/td>\n<\/tr>\n<tr style=\"height: 27px\">\n<td style=\"height: 27px\" width=\"227\">\n<h4>Do\u00f1a Mar\u00eda Carmen Ruiz Moya<\/h4>\n<\/td>\n<\/tr>\n<tr style=\"height: 27px\">\n<td style=\"height: 27px\" width=\"227\">\n<h4>Do\u00f1a Sonia Mart\u00ednez Fern\u00e1ndez<\/h4>\n<\/td>\n<\/tr>\n<tr style=\"height: 27px\">\n<td style=\"height: 27px\" width=\"227\">\n<h4>Do\u00f1a Mar\u00eda Mend\u00eda S\u00e1nchez<\/h4>\n<\/td>\n<\/tr>\n<\/tbody>\n<\/table>\n<p>&nbsp;<\/p>\n","protected":false},"excerpt":{"rendered":"<p>PRESIDENTE Don Miguel \u00c1ngel Medialdea Vallecillos SECRETARIA Do\u00f1a M\u00aa Carmen Ruiz Moya REPRESENTANTES PROFESORADO Do\u00f1a Ana Garz\u00f3n Morcillo Do\u00f1a Sonia Mart\u00ednez Fern\u00e1ndez Do\u00f1a Encarnaci\u00f3n V\u00edlchez Tom\u00e1s REPRESENTANTES PADRES\/MADRES Do\u00f1a Susana Fern\u00e1ndez Porcel Do\u00f1a&nbsp; Ramona&#46;&#46;&#46;<\/p>\n","protected":false},"author":4601,"featured_media":0,"parent":0,"menu_order":0,"comment_status":"closed","ping_status":"closed","template":"","meta":{"ngg_post_thumbnail":0,"footnotes":"","_mc_calendar":[]},"aioseo_notices":[],"_links":{"self":[{"href":"https:\/\/blogsaverroes.juntadeandalucia.es\/cprfedericogarcialorca\/wp-json\/wp\/v2\/pages\/2182"}],"collection":[{"href":"https:\/\/blogsaverroes.juntadeandalucia.es\/cprfedericogarcialorca\/wp-json\/wp\/v2\/pages"}],"about":[{"href":"https:\/\/blogsaverroes.juntadeandalucia.es\/cprfedericogarcialorca\/wp-json\/wp\/v2\/types\/page"}],"author":[{"embeddable":true,"href":"https:\/\/blogsaverroes.juntadeandalucia.es\/cprfedericogarcialorca\/wp-json\/wp\/v2\/users\/4601"}],"replies":[{"embeddable":true,"href":"https:\/\/blogsaverroes.juntadeandalucia.es\/cprfedericogarcialorca\/wp-json\/wp\/v2\/comments?post=2182"}],"version-history":[{"count":10,"href":"https:\/\/blogsaverroes.juntadeandalucia.es\/cprfedericogarcialorca\/wp-json\/wp\/v2\/pages\/2182\/revisions"}],"predecessor-version":[{"id":15651,"href":"https:\/\/blogsaverroes.juntadeandalucia.es\/cprfedericogarcialorca\/wp-json\/wp\/v2\/pages\/2182\/revisions\/15651"}],"wp:attachment":[{"href":"https:\/\/blogsaverroes.juntadeandalucia.es\/cprfedericogarcialorca\/wp-json\/wp\/v2\/media?parent=2182"}],"curies":[{"name":"wp","href":"https:\/\/api.w.org\/{rel}","templated":true}]}}