{"id":2208,"date":"2017-03-15T22:55:38","date_gmt":"2017-03-15T22:55:38","guid":{"rendered":"http:\/\/blogsaverroes.juntadeandalucia.es\/cprfedericogarcialorca\/?page_id=2208"},"modified":"2023-10-24T07:31:45","modified_gmt":"2023-10-24T07:31:45","slug":"datos-generales","status":"publish","type":"page","link":"https:\/\/blogsaverroes.juntadeandalucia.es\/cprfedericogarcialorca\/datos-generales\/","title":{"rendered":"Datos generales"},"content":{"rendered":"<h4><strong>CPR Federico Garc\u00eda Lorca <\/strong>(Graena, Los Ba\u00f1os y El Bejar\u00edn)<\/h4>\n<p>&nbsp;<\/p>\n<p><strong>Direcci\u00f3n:<\/strong> &nbsp;Calle San Lorenzo, 1<\/p>\n<p>CP\/ 18517 Graena (Granada)<\/p>\n<p><strong>Tel\u00e9fono \/ FAX:&nbsp;<\/strong>958699613 \/ 958699614<\/p>\n<p><strong>Email:<\/strong> 18601746.edu@juntadeandalucia.es<\/p>\n<p><strong>C\u00f3digo del centro:<\/strong> 18601746<\/p>\n","protected":false},"excerpt":{"rendered":"<p>CPR Federico Garc\u00eda Lorca (Graena, Los Ba\u00f1os y El Bejar\u00edn) &nbsp; Direcci\u00f3n: &nbsp;Calle San Lorenzo, 1 CP\/ 18517 Graena (Granada) Tel\u00e9fono \/ FAX:&nbsp;958699613 \/ 958699614 Email: 18601746.edu@juntadeandalucia.es C\u00f3digo del centro: 18601746<\/p>\n","protected":false},"author":4601,"featured_media":0,"parent":0,"menu_order":0,"comment_status":"closed","ping_status":"closed","template":"","meta":{"ngg_post_thumbnail":0,"footnotes":"","_mc_calendar":[]},"aioseo_notices":[],"_links":{"self":[{"href":"https:\/\/blogsaverroes.juntadeandalucia.es\/cprfedericogarcialorca\/wp-json\/wp\/v2\/pages\/2208"}],"collection":[{"href":"https:\/\/blogsaverroes.juntadeandalucia.es\/cprfedericogarcialorca\/wp-json\/wp\/v2\/pages"}],"about":[{"href":"https:\/\/blogsaverroes.juntadeandalucia.es\/cprfedericogarcialorca\/wp-json\/wp\/v2\/types\/page"}],"author":[{"embeddable":true,"href":"https:\/\/blogsaverroes.juntadeandalucia.es\/cprfedericogarcialorca\/wp-json\/wp\/v2\/users\/4601"}],"replies":[{"embeddable":true,"href":"https:\/\/blogsaverroes.juntadeandalucia.es\/cprfedericogarcialorca\/wp-json\/wp\/v2\/comments?post=2208"}],"version-history":[{"count":3,"href":"https:\/\/blogsaverroes.juntadeandalucia.es\/cprfedericogarcialorca\/wp-json\/wp\/v2\/pages\/2208\/revisions"}],"predecessor-version":[{"id":15646,"href":"https:\/\/blogsaverroes.juntadeandalucia.es\/cprfedericogarcialorca\/wp-json\/wp\/v2\/pages\/2208\/revisions\/15646"}],"wp:attachment":[{"href":"https:\/\/blogsaverroes.juntadeandalucia.es\/cprfedericogarcialorca\/wp-json\/wp\/v2\/media?parent=2208"}],"curies":[{"name":"wp","href":"https:\/\/api.w.org\/{rel}","templated":true}]}}