{"id":2388,"date":"2017-04-04T18:42:45","date_gmt":"2017-04-04T18:42:45","guid":{"rendered":"http:\/\/blogsaverroes.juntadeandalucia.es\/cprfedericogarcialorca\/?page_id=2388"},"modified":"2023-10-24T07:39:02","modified_gmt":"2023-10-24T07:39:02","slug":"1-proyecto-educativo","status":"publish","type":"page","link":"https:\/\/blogsaverroes.juntadeandalucia.es\/cprfedericogarcialorca\/1-proyecto-educativo\/","title":{"rendered":"1. Proyecto Educativo"},"content":{"rendered":"<p style=\"text-align: justify\">Un centro se define en gran medida por su <strong>Proyecto Educativo<\/strong>. En \u00e9l se plasma el modelo educativo y la concreci\u00f3n de la normativa que un centro realiza respecto a las ense\u00f1anzas que imparte (aspectos tales como las finalidades educativas, objetivos, atenci\u00f3n a la diversidad, etc).<\/p>\n<p style=\"text-align: justify\">Al informar sobre nuestro Proyecto Educativo buscamos apostar por la <strong>transparencia <\/strong>y la informaci\u00f3n a los distintos miembros de la comunidad educativa.<\/p>\n<table style=\"width: 96.8128%;background-color: #c7f2ef;height: 892px\">\n<tbody>\n<tr>\n<td style=\"width: 98.679%;text-align: center\" colspan=\"3\"><span style=\"color: #0000ff\"><strong>ACTUALIZADO NOVIEMBRE 2022<\/strong><\/span><\/p>\n<p><span style=\"color: #0000ff\"><strong>EN PROCESO DE RENOVACI\u00d3N CURSO 2023\/24<\/strong><\/span><\/td>\n<\/tr>\n<tr style=\"height: 38px\">\n<td style=\"height: 38px;width: 98.679%\" colspan=\"3\">\n<h1 style=\"text-align: center\"><a href=\"https:\/\/blogsaverroes.juntadeandalucia.es\/cprfedericogarcialorca\/files\/2020\/11\/1.-PROYECTO-EDUCATIVO-CPR-F-GARCIA-LORCA.pdf\" target=\"_blank\" rel=\"noopener noreferrer\">1.- PROYECTO EDUCATIVO C.P.R. FEDERICO GARCIA LORCA<\/a><\/h1>\n<\/td>\n<\/tr>\n<tr style=\"height: 25px\">\n<td style=\"width: 32.1004%;text-align: center;height: 25px\">\n<h5><a href=\"https:\/\/blogsaverroes.juntadeandalucia.es\/cprfedericogarcialorca\/files\/2021\/12\/1.00.-EDUCACI\u00d3N-INFANTIL.pdf\" target=\"_blank\" rel=\"noopener noreferrer\">1.00- INFANTIL<\/a><\/h5>\n<\/td>\n<td style=\"width: 32.4967%;text-align: center;height: 25px\">\n<h5><a href=\"https:\/\/blogsaverroes.juntadeandalucia.es\/cprfedericogarcialorca\/files\/2017\/04\/1.01-\u00c1REA-CCNN.pdf\" target=\"_blank\" rel=\"noopener noreferrer\">1.01- \u00c1REA CCNN<\/a><\/h5>\n<\/td>\n<td style=\"width: 34.0819%;text-align: center;height: 25px\">\n<h5><a href=\"https:\/\/blogsaverroes.juntadeandalucia.es\/cprfedericogarcialorca\/files\/2017\/04\/1.02.-\u00c1REA-CCSS.pdf\" target=\"_blank\" rel=\"noopener noreferrer\">1.02.- \u00c1REA CCSS<\/a><\/h5>\n<\/td>\n<\/tr>\n<tr style=\"height: 25px\">\n<td style=\"width: 32.1004%;text-align: center;height: 25px\">\n<h5><a href=\"https:\/\/blogsaverroes.juntadeandalucia.es\/cprfedericogarcialorca\/files\/2017\/04\/1.03.-\u00c1REA-DE-EA.pdf\" target=\"_blank\" rel=\"noopener noreferrer\">1.03.- \u00c1REA DE EA<\/a><\/h5>\n<\/td>\n<td style=\"width: 32.4967%;text-align: center;height: 25px\">\n<h5><a href=\"https:\/\/blogsaverroes.juntadeandalucia.es\/cprfedericogarcialorca\/files\/2017\/04\/1.04.-\u00c1REA-DE-EF.pdf\" target=\"_blank\" rel=\"noopener noreferrer\">1.04.- \u00c1REA DE EF<\/a><\/h5>\n<\/td>\n<td style=\"width: 34.0819%;text-align: center;height: 25px\">\n<h5><a href=\"https:\/\/blogsaverroes.juntadeandalucia.es\/cprfedericogarcialorca\/files\/2017\/04\/1.05.-\u00c1REA-DE-LCL.pdf\" target=\"_blank\" rel=\"noopener noreferrer\">1.05.- \u00c1REA DE LCL<\/a><\/h5>\n<\/td>\n<\/tr>\n<tr style=\"height: 25px\">\n<td style=\"width: 32.1004%;text-align: center;height: 25px\">\n<h5><a href=\"https:\/\/blogsaverroes.juntadeandalucia.es\/cprfedericogarcialorca\/files\/2017\/04\/1.06.-\u00c1REA-DE-ING.pdf\" target=\"_blank\" rel=\"noopener noreferrer\">1.06.- \u00c1REA DE ING<\/a><\/h5>\n<\/td>\n<td style=\"width: 32.4967%;text-align: center;height: 25px\">\n<h5><a href=\"https:\/\/blogsaverroes.juntadeandalucia.es\/cprfedericogarcialorca\/files\/2017\/04\/1.07.-\u00c1REA-DE-MAT.pdf\" target=\"_blank\" rel=\"noopener noreferrer\">1.07.- \u00c1REA DE MAT<\/a><\/h5>\n<\/td>\n<td style=\"width: 34.0819%;text-align: center;height: 25px\">\n<h5><a href=\"https:\/\/blogsaverroes.juntadeandalucia.es\/cprfedericogarcialorca\/files\/2017\/04\/1.08.-\u00c1REA-DE-RELIGI\u00d3N.pdf\" target=\"_blank\" rel=\"noopener noreferrer\">1.08.- \u00c1REA DE RELIGI\u00d3N<\/a><\/h5>\n<\/td>\n<\/tr>\n<tr style=\"height: 25px\">\n<td style=\"width: 32.1004%;text-align: center;height: 25px\">\n<h5><a href=\"https:\/\/blogsaverroes.juntadeandalucia.es\/cprfedericogarcialorca\/files\/2017\/04\/1.09.-\u00c1REA-DE-VSC.pdf\" target=\"_blank\" rel=\"noopener noreferrer\">1.09.- \u00c1REA DE VSC<\/a><\/h5>\n<\/td>\n<td style=\"width: 32.4967%;text-align: center;height: 25px\">\n<h5><a href=\"https:\/\/blogsaverroes.juntadeandalucia.es\/cprfedericogarcialorca\/files\/2017\/04\/1.10.-\u00c1REA-CIUDANIA.pdf\" target=\"_blank\" rel=\"noopener noreferrer\">1.10.- \u00c1REA CIUDADAN\u00cdA<\/a><\/h5>\n<\/td>\n<td style=\"width: 34.0819%;text-align: center;height: 25px\">\n<h5><a href=\"https:\/\/blogsaverroes.juntadeandalucia.es\/cprfedericogarcialorca\/files\/2017\/04\/1.11.-\u00c1REA-CPD.pdf\" target=\"_blank\" rel=\"noopener noreferrer\">1.11.- \u00c1REA CPD<\/a><\/h5>\n<\/td>\n<\/tr>\n<tr style=\"height: 51px\">\n<td style=\"width: 32.1004%;text-align: center;height: 51px\">\n<h5><a href=\"https:\/\/blogsaverroes.juntadeandalucia.es\/cprfedericogarcialorca\/files\/2020\/11\/1.12.-EVALUACI\u00d3N-Y-PROMOCI\u00d3N.pdf\" target=\"_blank\" rel=\"noopener noreferrer\">1.12. EVALUACI\u00d3N Y PROMOCI\u00d3N<\/a><\/h5>\n<\/td>\n<td style=\"width: 32.4967%;text-align: center;height: 51px\">\n<h5><a href=\"https:\/\/blogsaverroes.juntadeandalucia.es\/cprfedericogarcialorca\/files\/2020\/11\/1.13.-PLAN-DE-ATENCION-A-LA-DIVERSIDAD.pdf\" target=\"_blank\" rel=\"noopener noreferrer\">1.13.- PLAN DE ATENCION A LA DIVERSIDAD<\/a><\/h5>\n<\/td>\n<td style=\"width: 34.0819%;text-align: center;height: 51px\">\n<h5><a href=\"https:\/\/blogsaverroes.juntadeandalucia.es\/cprfedericogarcialorca\/files\/2020\/11\/1.14.-PLAN-REFUERZO-Y-RECUPERACION.pdf\" target=\"_blank\" rel=\"noopener noreferrer\">1.14.- PLAN REFUERZO Y RECUPERACION<\/a><\/h5>\n<\/td>\n<\/tr>\n<tr>\n<td style=\"width: 32.1004%\">\n<h5 style=\"text-align: center\"><a href=\"https:\/\/blogsaverroes.juntadeandalucia.es\/cprfedericogarcialorca\/files\/2020\/11\/1.15.-PLAN-DE-ORIENTACION-y-ACCI\u00d3N-TUTORIAL.pdf\" target=\"_blank\" rel=\"noopener noreferrer\">1.15.- PLAN DE ORIENTACION y ACCI\u00d3N TUTORIAL<\/a><\/h5>\n<\/td>\n<td style=\"width: 32.4967%\">\n<h5><a href=\"https:\/\/blogsaverroes.juntadeandalucia.es\/cprfedericogarcialorca\/files\/2020\/11\/1.16.-PLAN-DE-CONVIVENCIA-2020.pdf\" target=\"_blank\" rel=\"noopener noreferrer\">1.16.- PLAN DE CONVIVENCIA<\/a><\/h5>\n<\/td>\n<td style=\"width: 34.0819%;text-align: center;height: 51px\">\n<h5 style=\"text-align: start\"><a href=\"https:\/\/blogsaverroes.juntadeandalucia.es\/cprfedericogarcialorca\/files\/2020\/11\/1.17.-PROYECTO-DE-FORMACI\u00d3N-DEL-PROFESORADO.pdf\" target=\"_blank\" rel=\"noopener noreferrer\">1.17.- PLAN DE FORMACI\u00d3N DEL PROFESORADO<\/a><\/h5>\n<\/td>\n<\/tr>\n<tr>\n<td style=\"width: 32.1004%\">\n<h5 style=\"text-align: center\"><a href=\"https:\/\/blogsaverroes.juntadeandalucia.es\/cprfedericogarcialorca\/files\/2020\/11\/1.18.-PROGRAMAS-EDUCATIVOS.pdf\" target=\"_blank\" rel=\"noopener noreferrer\">1.18 PLANES Y PROGRAMAS EDUCATIVOS<\/a><\/h5>\n<\/td>\n<td style=\"width: 32.4967%\">\n<h5><a href=\"https:\/\/blogsaverroes.juntadeandalucia.es\/cprfedericogarcialorca\/files\/2020\/11\/1.19.-PLAN-IGUALDAD-DE-G\u00c9NERO-EN-EDUCACI\u00d3N.pdf\" target=\"_blank\" rel=\"noopener noreferrer\">1.19 PLAN DE IGUALDAD DE G\u00c9NERO<\/a><\/h5>\n<\/td>\n<td style=\"width: 34.0819%;text-align: center\">\n<h5 style=\"text-align: start\"><a href=\"https:\/\/blogsaverroes.juntadeandalucia.es\/cprfedericogarcialorca\/files\/2020\/11\/1.20.-PLAN-MEJORA-2020-21.pdf\" target=\"_blank\" rel=\"noopener noreferrer\">1.20 PLAN DE MEJORA<\/a><\/h5>\n<\/td>\n<\/tr>\n<tr>\n<td style=\"width: 32.1004%\">\n<h5 style=\"text-align: center\"><a href=\"https:\/\/blogsaverroes.juntadeandalucia.es\/cprfedericogarcialorca\/files\/2020\/11\/1.21.-CRITERIOS-SELECC.-EDITORIAL-L.T.pdf\" target=\"_blank\" rel=\"noopener noreferrer\">1.21 CRITERIOS SELECCI\u00d3N EDITORIAL LIBROS TEXTO<\/a><\/h5>\n<\/td>\n<td style=\"width: 32.4967%\">\n<h5><a href=\"https:\/\/blogsaverroes.juntadeandalucia.es\/cprfedericogarcialorca\/files\/2020\/11\/1.22.-PROYECTO-DIRECCI\u00d3N-Selecci\u00f3n-Directores.-Dic.-2018.pdf\" target=\"_blank\" rel=\"noopener noreferrer\">1.22 PROYECTO DIRECCI\u00d3N<\/a><\/h5>\n<\/td>\n<td style=\"width: 34.0819%;text-align: center;height: 51px\">\n<h5 style=\"text-align: start\"><a href=\"https:\/\/blogsaverroes.juntadeandalucia.es\/cprfedericogarcialorca\/files\/2020\/11\/1.23.-PROCESOS-DE-EVALUACI\u00d3N-INTERNA-junio2020.pdf\" target=\"_blank\" rel=\"noopener noreferrer\">1.23 PROCESOS DE EVALUACI\u00d3N INTERNA<\/a><\/h5>\n<\/td>\n<\/tr>\n<tr>\n<td style=\"width: 32.1004%\">\n<h5 style=\"text-align: center\"><a href=\"https:\/\/blogsaverroes.juntadeandalucia.es\/cprfedericogarcialorca\/files\/2020\/11\/1.24.-PROTOCOLO-CPRFGL-ACTUACI\u00d3N-COVID-19.pdf\" target=\"_blank\" rel=\"noopener noreferrer\">1.24 PROTOCOLO ACTUACI\u00d3N COVID-19<\/a><\/h5>\n<\/td>\n<td style=\"width: 32.4967%\">\n<h5><a href=\"https:\/\/blogsaverroes.juntadeandalucia.es\/cprfedericogarcialorca\/files\/2020\/11\/1.25.-PROGRAMA_DE_TR\u00c1NSITO-IES.pdf\" target=\"_blank\" rel=\"noopener noreferrer\">1.25 PROGRAMA TR\u00c1NSITO I.E.S.<\/a><\/h5>\n<\/td>\n<td style=\"width: 34.0819%;text-align: center;height: 51px\">\n<h5 style=\"text-align: start\"><a href=\"https:\/\/blogsaverroes.juntadeandalucia.es\/cprfedericogarcialorca\/files\/2020\/11\/1.26.-PROGR.-GENERAL-ANU.-2020-21.pdf\" target=\"_blank\" rel=\"noopener noreferrer\">1.26 PLANIFICACI\u00d3N GENERAL ANUAL CURSO 2020\/2021<\/a><\/h5>\n<\/td>\n<\/tr>\n<tr style=\"height: 51px\">\n<td style=\"width: 32.1004%;text-align: center;height: 51px\">\n<h5><a href=\"https:\/\/blogsaverroes.juntadeandalucia.es\/cprfedericogarcialorca\/files\/2020\/11\/1.27.-MEDIDAS-EDUCATIVAS-Covid.pdf\" target=\"_blank\" rel=\"noopener noreferrer\">1.27 MEDIDAS EDUCATIVAS COVID-19<\/a><\/h5>\n<\/td>\n<td style=\"width: 32.4967%;text-align: center;height: 51px\">\n<h5><a href=\"https:\/\/blogsaverroes.juntadeandalucia.es\/cprfedericogarcialorca\/files\/2020\/11\/1.28.-PLAN-DE-ACTUACION-E.O.E.pdf\" target=\"_blank\" rel=\"noopener noreferrer\">1.28 PLAN ACTUACI\u00d3N E.O.E.<\/a><\/h5>\n<\/td>\n<td style=\"width: 34.0819%;text-align: center;height: 51px\">&nbsp;<\/td>\n<\/tr>\n<tr style=\"height: 25px\">\n<td style=\"width: 98.679%;text-align: center;height: 25px\" colspan=\"3\">&nbsp;<\/td>\n<\/tr>\n<\/tbody>\n<\/table>\n<p>&nbsp;<\/p>\n<p><img loading=\"lazy\" decoding=\"async\" class=\"size-medium wp-image-1662 aligncenter\" src=\"http:\/\/blogsaverroes.juntadeandalucia.es\/cprfedericogarcialorca\/files\/2015\/03\/proyecto-300x266.png\" alt=\"proyecto\" width=\"300\" height=\"266\" srcset=\"https:\/\/blogsaverroes.juntadeandalucia.es\/cprfedericogarcialorca\/files\/2015\/03\/proyecto-300x266.png 300w, https:\/\/blogsaverroes.juntadeandalucia.es\/cprfedericogarcialorca\/files\/2015\/03\/proyecto.png 640w\" sizes=\"(max-width: 300px) 100vw, 300px\" \/><\/p>\n<p>&nbsp;<\/p>\n","protected":false},"excerpt":{"rendered":"<p>Un centro se define en gran medida por su Proyecto Educativo. En \u00e9l se plasma el modelo educativo y la concreci\u00f3n de la normativa que un centro realiza respecto a las ense\u00f1anzas que imparte&#46;&#46;&#46;<\/p>\n","protected":false},"author":4601,"featured_media":0,"parent":0,"menu_order":0,"comment_status":"closed","ping_status":"closed","template":"","meta":{"ngg_post_thumbnail":0,"footnotes":"","_mc_calendar":[]},"aioseo_notices":[],"_links":{"self":[{"href":"https:\/\/blogsaverroes.juntadeandalucia.es\/cprfedericogarcialorca\/wp-json\/wp\/v2\/pages\/2388"}],"collection":[{"href":"https:\/\/blogsaverroes.juntadeandalucia.es\/cprfedericogarcialorca\/wp-json\/wp\/v2\/pages"}],"about":[{"href":"https:\/\/blogsaverroes.juntadeandalucia.es\/cprfedericogarcialorca\/wp-json\/wp\/v2\/types\/page"}],"author":[{"embeddable":true,"href":"https:\/\/blogsaverroes.juntadeandalucia.es\/cprfedericogarcialorca\/wp-json\/wp\/v2\/users\/4601"}],"replies":[{"embeddable":true,"href":"https:\/\/blogsaverroes.juntadeandalucia.es\/cprfedericogarcialorca\/wp-json\/wp\/v2\/comments?post=2388"}],"version-history":[{"count":35,"href":"https:\/\/blogsaverroes.juntadeandalucia.es\/cprfedericogarcialorca\/wp-json\/wp\/v2\/pages\/2388\/revisions"}],"predecessor-version":[{"id":15650,"href":"https:\/\/blogsaverroes.juntadeandalucia.es\/cprfedericogarcialorca\/wp-json\/wp\/v2\/pages\/2388\/revisions\/15650"}],"wp:attachment":[{"href":"https:\/\/blogsaverroes.juntadeandalucia.es\/cprfedericogarcialorca\/wp-json\/wp\/v2\/media?parent=2388"}],"curies":[{"name":"wp","href":"https:\/\/api.w.org\/{rel}","templated":true}]}}