{"id":44,"date":"2015-03-13T08:42:15","date_gmt":"2015-03-13T08:42:15","guid":{"rendered":"http:\/\/blogsaverroes.juntadeandalucia.es\/pre\/ceip\/?page_id=44"},"modified":"2021-05-13T12:00:13","modified_gmt":"2021-05-13T12:00:13","slug":"planes-y-proyectos","status":"publish","type":"page","link":"https:\/\/blogsaverroes.juntadeandalucia.es\/cprfedericogarcialorca\/planes-y-proyectos\/","title":{"rendered":"Planes y Programas"},"content":{"rendered":"<p>Planes desarrollados en el <strong>CPR Federico Garc\u00eda Lorca<\/strong> durante el <strong>curso 2020-2021<\/strong>:<\/p>\n<table style=\"background-color: #db9153;width: 659px\" width=\"659\">\n<tbody>\n<tr>\n<td style=\"width: 649px\" colspan=\"2\">\n<p style=\"text-align: center\"><strong>APROBACI\u00d3N CONSEJO ESCOLAR 19\/10\/2020<\/strong><\/p>\n<\/td>\n<\/tr>\n<tr>\n<td style=\"width: 402.5px;text-align: center\">Programa<\/td>\n<td style=\"width: 240.5px;text-align: center\"><strong>Coordinador\/a<\/strong><\/td>\n<\/tr>\n<tr>\n<td style=\"width: 402.5px\">CRECIENDO EN SALUD<\/td>\n<td style=\"width: 240.5px\">Juan Jos\u00e9 Praena Fern\u00e1ndez<\/td>\n<\/tr>\n<tr>\n<td style=\"width: 402.5px\">ESCUELAS DEPORTIVAS<\/td>\n<td style=\"width: 240.5px\">Juan Jos\u00e9 Praena Fern\u00e1ndez<\/td>\n<\/tr>\n<tr>\n<td style=\"width: 402.5px\">PLAN DE FORMACI\u00d3N DEL PROFESORADO<\/td>\n<td style=\"width: 240.5px\">Miguel \u00c1ngel Medialdea Vallecillos<\/td>\n<\/tr>\n<tr>\n<td style=\"width: 402.5px\">TRANSFORMACI\u00d3N DIGITAL EDUCATIVA<\/td>\n<td style=\"width: 240.5px\">Miguel \u00c1ngel Medialdea Vallecillos<\/td>\n<\/tr>\n<tr>\n<td style=\"width: 402.5px\">SALUD LABORAL Y PREVENCI\u00d3N DE RIESGOS LABORALES<\/td>\n<td style=\"width: 240.5px\">Susana Cucharero G\u00e1lvez<\/td>\n<\/tr>\n<tr>\n<td style=\"width: 402.5px\">ORGANIZACI\u00d3N Y FUNCIONAMIENTO DE LAS BIBLIOTECAS ESCOLARES<\/td>\n<td style=\"width: 240.5px\">Sonia Mart\u00ednez Fern\u00e1ndez<\/td>\n<\/tr>\n<tr>\n<td style=\"width: 402.5px\">PRACTICUM GRADO MAESTRO<\/td>\n<td style=\"width: 240.5px\">Juan Jos\u00e9 Praena Fern\u00e1ndez<\/td>\n<\/tr>\n<tr>\n<td style=\"width: 402.5px\">PLAN DE IGUALDAD ENTRE HOMBRES Y MUJERES EN LA EDUCACI\u00d3N<\/td>\n<td style=\"width: 240.5px\">Mariano Jos\u00e9 Segura P\u00e9rez<\/td>\n<\/tr>\n<tr>\n<td style=\"width: 402.5px\">PLAN DE CONVIVENCIA ESCOLAR<\/td>\n<td style=\"width: 240.5px\">Susana Cucharero G\u00e1lvez<\/td>\n<\/tr>\n<tr>\n<td style=\"width: 402.5px\">RED ANDALUZA ESCUELA: \u201cESPACIO DE PAZ\u201d<\/td>\n<td style=\"width: 240.5px\">Susana Cucharero G\u00e1lvez<\/td>\n<\/tr>\n<tr>\n<td style=\"width: 402.5px\">PLAN DIRECTOR PARA LA CONVIVENCIA Y MEJORA DE SEGURIDAD DE LOS CENTROS EDUCATIVOS Y SUS ENTORNOS.<\/td>\n<td style=\"width: 240.5px\">Juan Jos\u00e9 Praena Fern\u00e1ndez<\/td>\n<\/tr>\n<tr>\n<td style=\"width: 402.5px\">PLAN DE ACOMPA\u00d1AMIENTO ESCOLAR.<\/td>\n<td style=\"width: 240.5px\">Juan Jos\u00e9 Praena Fern\u00e1ndez<\/td>\n<\/tr>\n<tr>\n<td style=\"width: 402.5px\">PLAN ACOMPA\u00d1AMIENTO LENGUA EXTRANJERA<\/td>\n<td style=\"width: 240.5px\">Juan Jos\u00e9 Praena Fern\u00e1ndez<\/td>\n<\/tr>\n<tr>\n<td style=\"width: 402.5px\">PROGRAMA ALDEA: PROYECTO TEM\u00c1TICO<\/td>\n<td style=\"width: 240.5px\">Raquel Mole\u00f3n Navarro<\/td>\n<\/tr>\n<\/tbody>\n<\/table>\n<p><strong>&nbsp;<\/strong><\/p>\n<p>Planes desarrollados en el <strong>CPR Federico Garc\u00eda Lorca<\/strong> durante el <strong>curso 2019-2020<\/strong>:<\/p>\n<table style=\"background-color: #e3baba\" width=\"659\">\n<tbody>\n<tr>\n<td style=\"width: 649px\" colspan=\"2\">\n<p style=\"text-align: center\"><strong>APROBACI\u00d3N CONSEJO ESCOLAR 21\/10\/2019<\/strong><\/p>\n<\/td>\n<\/tr>\n<tr>\n<td style=\"width: 399.017px\">\n<p style=\"text-align: center\"><strong>Programa<\/strong><\/p>\n<\/td>\n<td style=\"width: 243.983px\">\n<p style=\"text-align: center\"><strong>Coordinador\/a<\/strong><\/p>\n<\/td>\n<\/tr>\n<tr>\n<td style=\"width: 399.017px\">CRECIENDO EN SALUD<\/td>\n<td style=\"width: 243.983px\">Juan Jos\u00e9 Praena Fern\u00e1ndez<\/td>\n<\/tr>\n<tr>\n<td style=\"width: 399.017px\">ESCUELAS DEPORTIVAS<\/td>\n<td style=\"width: 243.983px\">Juan Jos\u00e9 Praena Fern\u00e1ndez<\/td>\n<\/tr>\n<tr>\n<td style=\"width: 399.017px\">PLAN DE FORMACI\u00d3N DEL PROFESORADO<\/td>\n<td style=\"width: 243.983px\">Alfonso del R\u00edo Cotes<\/td>\n<\/tr>\n<tr>\n<td style=\"width: 399.017px\">ESCUELA TIC2.0<\/td>\n<td style=\"width: 243.983px\">Miguel \u00c1ngel Medialdea Vallecillos<\/td>\n<\/tr>\n<tr>\n<td style=\"width: 399.017px\">DESARROLLO Y MEJORA DE LA COMPETENCIA LING\u00dc\u00cdSTICA<\/td>\n<td style=\"width: 243.983px\">Sonia Mart\u00ednez Fern\u00e1ndez<\/td>\n<\/tr>\n<tr>\n<td style=\"width: 399.017px\">SALUD LABORAL Y PREVENCI\u00d3N DE RIESGOS LABORALES<\/td>\n<td style=\"width: 243.983px\">Alfonso Del Rio Cotes<\/td>\n<\/tr>\n<tr>\n<td style=\"width: 399.017px\">ORGANIZACI\u00d3N Y FUNCIONAMIENTO DE LAS BIBLIOTECAS ESCOLARES<\/td>\n<td style=\"width: 243.983px\">Mar\u00eda del Carmen Praena Segura<\/td>\n<\/tr>\n<tr>\n<td style=\"width: 399.017px\">PRACTICUM GRADO MAESTRO<\/td>\n<td style=\"width: 243.983px\">Juan Jos\u00e9 Praena Fern\u00e1ndez<\/td>\n<\/tr>\n<tr>\n<td style=\"width: 399.017px\">PLAN DE IGUALDAD ENTRE HOMBRES Y MUJERES EN LA EDUCACI\u00d3N<\/td>\n<td style=\"width: 243.983px\">Beatriz Ib\u00e1\u00f1ez \u00c1lamo<\/td>\n<\/tr>\n<tr>\n<td style=\"width: 399.017px\">PLAN DE CONVIVENCIA ESCOLAR<\/td>\n<td style=\"width: 243.983px\">Mari Carmen Praena Segura<\/td>\n<\/tr>\n<tr>\n<td style=\"width: 399.017px\">RED ANDALUZA ESCUELA: \u201cESPACIO DE PAZ\u201d<\/td>\n<td style=\"width: 243.983px\">Mari Carmen Praena Segura<\/td>\n<\/tr>\n<tr>\n<td style=\"width: 399.017px\">PLAN DIRECTOR PARA LA CONVIVENCIA Y MEJORA DE SEGURIDAD DE LOS CENTROS EDUCATIVOS Y SUS ENTORNOS.<\/td>\n<td style=\"width: 243.983px\">Juan Jos\u00e9 Praena Fern\u00e1ndez<\/td>\n<\/tr>\n<tr>\n<td style=\"width: 399.017px\">PLAN DE ACOMPA\u00d1AMIENTO ESCOLAR.<\/td>\n<td style=\"width: 243.983px\">Juan Jos\u00e9 Praena Fern\u00e1ndez<\/td>\n<\/tr>\n<tr>\n<td style=\"width: 399.017px\">PLAN ACOMPA\u00d1AMIENTO LENGUA EXTRANJERA<\/td>\n<td style=\"width: 243.983px\">Juan Jos\u00e9 Praena Fern\u00e1ndez<\/td>\n<\/tr>\n<tr>\n<td style=\"width: 399.017px\">AULADEJAQUE<\/td>\n<td style=\"width: 243.983px\">Miguel \u00c1ngel Medialdea Vallecillos<\/td>\n<\/tr>\n<tr>\n<td style=\"width: 399.017px\">PROGRAMA DE DIGITALIZACI\u00d3N DE CENTRO (PRODIG)<\/td>\n<td style=\"width: 243.983px\">Miguel \u00c1ngel Medialdea Vallecillos<\/td>\n<\/tr>\n<tr>\n<td style=\"width: 399.017px\">PROGRAMA ALDEA: PROYECTO TEM\u00c1TICO<\/td>\n<td style=\"width: 243.983px\">Raquel Mole\u00f3n Navarro<\/td>\n<\/tr>\n<\/tbody>\n<\/table>\n<p>&nbsp;<\/p>\n<p>Planes desarrollados en el <strong>CPR Federico Garc\u00eda Lorca<\/strong> durante el <strong>curso 2018-2019<\/strong>:<\/p>\n<table style=\"background-color: #76e3ca\" width=\"678\">\n<tbody>\n<tr>\n<td style=\"text-align: center;width: 744px\" colspan=\"2\"><strong>&nbsp;APROBACI\u00d3N CONSEJO ESCOLAR 22\/10\/2018<\/strong><\/td>\n<\/tr>\n<tr>\n<td style=\"text-align: center;width: 420px\"><strong>Programa<\/strong><\/td>\n<td style=\"text-align: center;width: 303px\"><strong>Coordinador\/a<\/strong><\/td>\n<\/tr>\n<tr>\n<td style=\"width: 420px\">CRECIENDO EN SALUD<\/td>\n<td style=\"width: 303px\">Juan Jos\u00e9 Praena Fern\u00e1ndez<\/td>\n<\/tr>\n<tr>\n<td style=\"width: 420px\">ESCUELAS DEPORTIVAS<\/td>\n<td style=\"width: 303px\">Juan Jos\u00e9 Praena Fern\u00e1ndez<\/td>\n<\/tr>\n<tr>\n<td style=\"width: 420px\">PLAN DE FORMACI\u00d3N DEL PROFESORADO<\/td>\n<td style=\"width: 303px\">Leticia Serrano Rivera<\/td>\n<\/tr>\n<tr>\n<td style=\"width: 420px\">ESCUELA TIC2.0<\/td>\n<td style=\"width: 303px\">Miguel \u00c1ngel Medialdea Vallecillos<\/td>\n<\/tr>\n<tr>\n<td style=\"width: 420px\">DESARROLLO Y MEJORA DE LA COMPETENCIA LING\u00dc\u00cdSTICA<\/td>\n<td style=\"width: 303px\">Juan Jos\u00e9 Praena Fern\u00e1ndez<\/td>\n<\/tr>\n<tr>\n<td style=\"width: 420px\">SALUD LABORAL Y PREVENCI\u00d3N DE RIESGOS LABORALES<\/td>\n<td style=\"width: 303px\">Alfonso Del Rio Cotes<\/td>\n<\/tr>\n<tr>\n<td style=\"width: 420px\">ORGANIZACI\u00d3N Y FUNCIONAMIENTO DE LAS BIBLIOTECAS ESCOLARES<\/td>\n<td style=\"width: 303px\">Mar\u00eda del Carmen Praena Segura<\/td>\n<\/tr>\n<tr>\n<td style=\"width: 420px\">PRACTICUM GRADO MAESTRO<\/td>\n<td style=\"width: 303px\">Juan Jos\u00e9 Praena Fern\u00e1ndez<\/td>\n<\/tr>\n<tr>\n<td style=\"width: 420px\">PLAN DE IGUALDAD ENTRE HOMBRES Y MUJERES EN LA EDUCACI\u00d3N<\/td>\n<td style=\"width: 303px\">Mar\u00eda Jos\u00e9 Garc\u00eda Morales<\/td>\n<\/tr>\n<tr>\n<td style=\"width: 420px\">PLAN DE CONVIVENCIA ESCOLAR<\/td>\n<td style=\"width: 303px\">Mari Carmen Praena Segura<\/td>\n<\/tr>\n<tr>\n<td style=\"width: 420px\">RED ANDALUZA ESCUELA: \u201cESPACIO DE PAZ\u201d<\/td>\n<td style=\"width: 303px\">Mari Carmen Praena Segura<\/td>\n<\/tr>\n<tr>\n<td style=\"width: 420px\">PLAN DIRECTOR PARA LA CONVIVENCIA Y MEJORA DE SEGURIDAD DE LOS CENTROS EDUCATIVOS Y SUS ENTORNOS.<\/td>\n<td style=\"width: 303px\">Juan Jos\u00e9 Praena Fern\u00e1ndez<\/td>\n<\/tr>\n<tr>\n<td style=\"width: 420px\">PLAN DE ACOMPA\u00d1AMIENTO ESCOLAR.<\/td>\n<td style=\"width: 303px\">Juan Jos\u00e9 Praena Fern\u00e1ndez<\/td>\n<\/tr>\n<tr>\n<td style=\"width: 420px\">PLAN ACOMPA\u00d1AMIENTO LENGUA EXTRANJERA<\/td>\n<td style=\"width: 303px\">Juan Jos\u00e9 Praena Fern\u00e1ndez<\/td>\n<\/tr>\n<tr>\n<td style=\"width: 420px\">AULADEJAQUE<\/td>\n<td style=\"width: 303px\">Miguel \u00c1ngel Medialdea Vallecillos<\/td>\n<\/tr>\n<tr>\n<td style=\"width: 420px\">PROGRAMA DE DIGITALIZACI\u00d3N DE CENTRO (PRODIG)<\/td>\n<td style=\"width: 303px\">Alfonso Del Rio Cotes<\/td>\n<\/tr>\n<\/tbody>\n<\/table>\n<p>&nbsp;<\/p>\n<p>&nbsp;<\/p>\n<p>&nbsp;<\/p>\n<p style=\"text-align: left\">Planes desarrollados en el <strong>CPR Federico Garc\u00eda Lorca<\/strong> durante el <strong>curso 2017-2018<\/strong>:<\/p>\n<table style=\"background-color: #c7e8f9\">\n<tbody>\n<tr>\n<td>&#8211; Plan de Igualdad.<\/td>\n<\/tr>\n<tr>\n<td>&#8211; Salud laboral y P.R.L.<\/td>\n<\/tr>\n<tr>\n<td>&#8211; Escuelas deportivas.<\/td>\n<\/tr>\n<tr>\n<td>&#8211; Escuela TIC 2.0.<\/td>\n<\/tr>\n<tr>\n<td>&#8211; Pr\u00e1cticum del Grado de Maestro.<\/td>\n<\/tr>\n<tr>\n<td>&#8211; Plan de Formaci\u00f3n.<\/td>\n<\/tr>\n<tr>\n<td>&#8211; Creciendo en Salud.<\/td>\n<\/tr>\n<tr>\n<td>&#8211; Plan de Convivencia (Escuela de Paz)<\/td>\n<\/tr>\n<tr>\n<td>&#8211; Plan director para la convivencia y mejora de seguridad de los centros educativos y sus entornos.<\/td>\n<\/tr>\n<\/tbody>\n<\/table>\n<p>&nbsp;<\/p>\n","protected":false},"excerpt":{"rendered":"<p>Planes desarrollados en el CPR Federico Garc\u00eda Lorca durante el curso 2020-2021: APROBACI\u00d3N CONSEJO ESCOLAR 19\/10\/2020 Programa Coordinador\/a CRECIENDO EN SALUD Juan Jos\u00e9 Praena Fern\u00e1ndez ESCUELAS DEPORTIVAS Juan Jos\u00e9 Praena Fern\u00e1ndez PLAN DE FORMACI\u00d3N&#46;&#46;&#46;<\/p>\n","protected":false},"author":1,"featured_media":0,"parent":0,"menu_order":0,"comment_status":"closed","ping_status":"closed","template":"page-cs.php","meta":{"ngg_post_thumbnail":0,"footnotes":"","_mc_calendar":[]},"aioseo_notices":[],"_links":{"self":[{"href":"https:\/\/blogsaverroes.juntadeandalucia.es\/cprfedericogarcialorca\/wp-json\/wp\/v2\/pages\/44"}],"collection":[{"href":"https:\/\/blogsaverroes.juntadeandalucia.es\/cprfedericogarcialorca\/wp-json\/wp\/v2\/pages"}],"about":[{"href":"https:\/\/blogsaverroes.juntadeandalucia.es\/cprfedericogarcialorca\/wp-json\/wp\/v2\/types\/page"}],"author":[{"embeddable":true,"href":"https:\/\/blogsaverroes.juntadeandalucia.es\/cprfedericogarcialorca\/wp-json\/wp\/v2\/users\/1"}],"replies":[{"embeddable":true,"href":"https:\/\/blogsaverroes.juntadeandalucia.es\/cprfedericogarcialorca\/wp-json\/wp\/v2\/comments?post=44"}],"version-history":[{"count":16,"href":"https:\/\/blogsaverroes.juntadeandalucia.es\/cprfedericogarcialorca\/wp-json\/wp\/v2\/pages\/44\/revisions"}],"predecessor-version":[{"id":13892,"href":"https:\/\/blogsaverroes.juntadeandalucia.es\/cprfedericogarcialorca\/wp-json\/wp\/v2\/pages\/44\/revisions\/13892"}],"wp:attachment":[{"href":"https:\/\/blogsaverroes.juntadeandalucia.es\/cprfedericogarcialorca\/wp-json\/wp\/v2\/media?parent=44"}],"curies":[{"name":"wp","href":"https:\/\/api.w.org\/{rel}","templated":true}]}}