{"id":80,"date":"2015-03-16T06:57:36","date_gmt":"2015-03-16T06:57:36","guid":{"rendered":"http:\/\/blogsaverroes.juntadeandalucia.es\/pre\/ceip\/?page_id=80"},"modified":"2017-04-17T15:41:26","modified_gmt":"2017-04-17T15:41:26","slug":"curso-escolar","status":"publish","type":"page","link":"https:\/\/blogsaverroes.juntadeandalucia.es\/cprfedericogarcialorca\/curso-escolar\/","title":{"rendered":"Curso escolar"},"content":{"rendered":"<p>En este apartado podr\u00e1s consultar informaci\u00f3n relativa al curso acad\u00e9mico y su funcionamiento:<\/p>\n<ol>\n<li><strong>Escolarizaci\u00f3n<\/strong>:&nbsp;<a href=\"http:\/\/blogsaverroes.juntadeandalucia.es\/cprfedericogarcialorca\/escolarizacion\/\">http:\/\/blogsaverroes.juntadeandalucia.es\/cprfedericogarcialorca\/escolarizacion\/<\/a><\/li>\n<li><strong>Horarios<\/strong>:&nbsp;<a href=\"http:\/\/blogsaverroes.juntadeandalucia.es\/cprfedericogarcialorca\/horarios\/\">http:\/\/blogsaverroes.juntadeandalucia.es\/cprfedericogarcialorca\/horarios\/<\/a><\/li>\n<li><strong>Calendario de eventos<\/strong>:&nbsp;<a href=\"http:\/\/blogsaverroes.juntadeandalucia.es\/cprfedericogarcialorca\/calendario\/\">http:\/\/blogsaverroes.juntadeandalucia.es\/cprfedericogarcialorca\/calendario\/<\/a><\/li>\n<li><strong>Calendario escolar<\/strong>:&nbsp;<a href=\"http:\/\/blogsaverroes.juntadeandalucia.es\/cprfedericogarcialorca\/calendario-escolar\/\">http:\/\/blogsaverroes.juntadeandalucia.es\/cprfedericogarcialorca\/calendario-escolar\/<\/a><\/li>\n<li><strong>Actividades extraescolares<\/strong>:&nbsp;<a href=\"http:\/\/blogsaverroes.juntadeandalucia.es\/cprfedericogarcialorca\/actividades-extraescolares\/\">http:\/\/blogsaverroes.juntadeandalucia.es\/cprfedericogarcialorca\/actividades-extraescolares\/<\/a><\/li>\n<\/ol>\n","protected":false},"excerpt":{"rendered":"<p>En este apartado podr\u00e1s consultar informaci\u00f3n relativa al curso acad\u00e9mico y su funcionamiento: Escolarizaci\u00f3n:&nbsp;http:\/\/blogsaverroes.juntadeandalucia.es\/cprfedericogarcialorca\/escolarizacion\/ Horarios:&nbsp;http:\/\/blogsaverroes.juntadeandalucia.es\/cprfedericogarcialorca\/horarios\/ Calendario de eventos:&nbsp;http:\/\/blogsaverroes.juntadeandalucia.es\/cprfedericogarcialorca\/calendario\/ Calendario escolar:&nbsp;http:\/\/blogsaverroes.juntadeandalucia.es\/cprfedericogarcialorca\/calendario-escolar\/ Actividades extraescolares:&nbsp;http:\/\/blogsaverroes.juntadeandalucia.es\/cprfedericogarcialorca\/actividades-extraescolares\/<\/p>\n","protected":false},"author":1,"featured_media":0,"parent":0,"menu_order":0,"comment_status":"closed","ping_status":"open","template":"page-cs.php","meta":{"ngg_post_thumbnail":0,"footnotes":"","_mc_calendar":[]},"aioseo_notices":[],"_links":{"self":[{"href":"https:\/\/blogsaverroes.juntadeandalucia.es\/cprfedericogarcialorca\/wp-json\/wp\/v2\/pages\/80"}],"collection":[{"href":"https:\/\/blogsaverroes.juntadeandalucia.es\/cprfedericogarcialorca\/wp-json\/wp\/v2\/pages"}],"about":[{"href":"https:\/\/blogsaverroes.juntadeandalucia.es\/cprfedericogarcialorca\/wp-json\/wp\/v2\/types\/page"}],"author":[{"embeddable":true,"href":"https:\/\/blogsaverroes.juntadeandalucia.es\/cprfedericogarcialorca\/wp-json\/wp\/v2\/users\/1"}],"replies":[{"embeddable":true,"href":"https:\/\/blogsaverroes.juntadeandalucia.es\/cprfedericogarcialorca\/wp-json\/wp\/v2\/comments?post=80"}],"version-history":[{"count":5,"href":"https:\/\/blogsaverroes.juntadeandalucia.es\/cprfedericogarcialorca\/wp-json\/wp\/v2\/pages\/80\/revisions"}],"predecessor-version":[{"id":2529,"href":"https:\/\/blogsaverroes.juntadeandalucia.es\/cprfedericogarcialorca\/wp-json\/wp\/v2\/pages\/80\/revisions\/2529"}],"wp:attachment":[{"href":"https:\/\/blogsaverroes.juntadeandalucia.es\/cprfedericogarcialorca\/wp-json\/wp\/v2\/media?parent=80"}],"curies":[{"name":"wp","href":"https:\/\/api.w.org\/{rel}","templated":true}]}}