{"id":141,"date":"2019-03-01T00:00:24","date_gmt":"2019-02-28T23:00:24","guid":{"rendered":"http:\/\/blogsaverroes.juntadeandalucia.es\/pre\/ceip\/?page_id=141"},"modified":"2019-04-04T16:09:49","modified_gmt":"2019-04-04T15:09:49","slug":"escolarizacion","status":"publish","type":"page","link":"https:\/\/blogsaverroes.juntadeandalucia.es\/cprlospinares\/escolarizacion\/","title":{"rendered":"Escolarizaci\u00f3n"},"content":{"rendered":"<p>&nbsp;<\/p>\n<p>Enlaces de inter\u00e9s sobre escolarizaci\u00f3n y matr\u00edcula 2019-2020:<\/p>\n<p>&nbsp;<\/p>\n<ul>\n<li>Tr\u00edptico con fechas y plazos:<\/li>\n<\/ul>\n<p style=\"padding-left: 90px\"><a href=\"http:\/\/www.juntadeandalucia.es\/educacion\/portals\/delegate\/content\/43e5dfa0-bb62-40be-9363-c17e0b51a902\" target=\"_blank\" rel=\"noopener\"><img loading=\"lazy\" decoding=\"async\" class=\"alignleft wp-image-2522 size-full\" src=\"https:\/\/blogsaverroes.juntadeandalucia.es\/cprlospinares\/files\/2015\/05\/logoescolarizacion.png\" alt=\"\" width=\"395\" height=\"118\" srcset=\"https:\/\/blogsaverroes.juntadeandalucia.es\/cprlospinares\/files\/2015\/05\/logoescolarizacion.png 395w, https:\/\/blogsaverroes.juntadeandalucia.es\/cprlospinares\/files\/2015\/05\/logoescolarizacion-300x90.png 300w, https:\/\/blogsaverroes.juntadeandalucia.es\/cprlospinares\/files\/2015\/05\/logoescolarizacion-24x7.png 24w, https:\/\/blogsaverroes.juntadeandalucia.es\/cprlospinares\/files\/2015\/05\/logoescolarizacion-36x11.png 36w, https:\/\/blogsaverroes.juntadeandalucia.es\/cprlospinares\/files\/2015\/05\/logoescolarizacion-48x14.png 48w\" sizes=\"(max-width: 395px) 100vw, 395px\" \/><\/a><\/p>\n<p>&nbsp;<\/p>\n<p>&nbsp;<\/p>\n<p>&nbsp;<\/p>\n<p>&nbsp;<\/p>\n<ul>\n<li><a title=\"Portal escolarizaci\u00f3n\" href=\"http:\/\/www.juntadeandalucia.es\/educacion\/webportal\/web\/portal-escolarizacion\/infantil-primaria-eso-bachillerato\" target=\"_blank\" rel=\"noopener\">Enlace al portal de escolarizaci\u00f3n de la Consejer\u00eda de Educaci\u00f3n y Deportes.<\/a><\/li>\n<\/ul>\n<p>&nbsp;<\/p>\n<p>&nbsp;<\/p>\n","protected":false},"excerpt":{"rendered":"<p>&nbsp; Enlaces de inter\u00e9s sobre escolarizaci\u00f3n y matr\u00edcula 2019-2020: &nbsp; Tr\u00edptico con fechas y plazos: &nbsp; &nbsp; &nbsp; &nbsp; Enlace al portal de escolarizaci\u00f3n de la Consejer\u00eda de Educaci\u00f3n y Deportes. &nbsp; &nbsp;<\/p>\n","protected":false},"author":1,"featured_media":0,"parent":0,"menu_order":0,"comment_status":"closed","ping_status":"open","template":"","meta":{"ngg_post_thumbnail":0,"footnotes":"","_mc_calendar":[]},"aioseo_notices":[],"_links":{"self":[{"href":"https:\/\/blogsaverroes.juntadeandalucia.es\/cprlospinares\/wp-json\/wp\/v2\/pages\/141"}],"collection":[{"href":"https:\/\/blogsaverroes.juntadeandalucia.es\/cprlospinares\/wp-json\/wp\/v2\/pages"}],"about":[{"href":"https:\/\/blogsaverroes.juntadeandalucia.es\/cprlospinares\/wp-json\/wp\/v2\/types\/page"}],"author":[{"embeddable":true,"href":"https:\/\/blogsaverroes.juntadeandalucia.es\/cprlospinares\/wp-json\/wp\/v2\/users\/1"}],"replies":[{"embeddable":true,"href":"https:\/\/blogsaverroes.juntadeandalucia.es\/cprlospinares\/wp-json\/wp\/v2\/comments?post=141"}],"version-history":[{"count":6,"href":"https:\/\/blogsaverroes.juntadeandalucia.es\/cprlospinares\/wp-json\/wp\/v2\/pages\/141\/revisions"}],"predecessor-version":[{"id":2526,"href":"https:\/\/blogsaverroes.juntadeandalucia.es\/cprlospinares\/wp-json\/wp\/v2\/pages\/141\/revisions\/2526"}],"wp:attachment":[{"href":"https:\/\/blogsaverroes.juntadeandalucia.es\/cprlospinares\/wp-json\/wp\/v2\/media?parent=141"}],"curies":[{"name":"wp","href":"https:\/\/api.w.org\/{rel}","templated":true}]}}

Escolarización

<p>&nbsp;</p>
<p>Enlaces de interés sobre escolarización y matrícula 2019-2020:</p>
<p>&nbsp;</p>
<ul>
<li>Tríptico con fechas y plazos:</li>
</ul>
<p style="padding-left: 90px"><a href="http://www.juntadeandalucia.es/educacion/portals/delegate/content/43e5dfa0-bb62-40be-9363-c17e0b51a902" target="_blank" rel="noopener"><img loading="lazy" decoding="async" class="alignleft wp-image-2522 size-full" src="https://blogsaverroes.juntadeandalucia.es/cprlospinares/files/2015/05/logoescolarizacion.png" alt="" width="395" height="118" srcset="https://blogsaverroes.juntadeandalucia.es/cprlospinares/files/2015/05/logoescolarizacion.png 395w, https://blogsaverroes.juntadeandalucia.es/cprlospinares/files/2015/05/logoescolarizacion-300x90.png 300w, https://blogsaverroes.juntadeandalucia.es/cprlospinares/files/2015/05/logoescolarizacion-24x7.png 24w, https://blogsaverroes.juntadeandalucia.es/cprlospinares/files/2015/05/logoescolarizacion-36x11.png 36w, https://blogsaverroes.juntadeandalucia.es/cprlospinares/files/2015/05/logoescolarizacion-48x14.png 48w" sizes="(max-width: 395px) 100vw, 395px" /></a></p>
<p>&nbsp;</p>
<p>&nbsp;</p>
<p>&nbsp;</p>
<p>&nbsp;</p>
<ul>
<li><a title="Portal escolarización" href="http://www.juntadeandalucia.es/educacion/webportal/web/portal-escolarizacion/infantil-primaria-eso-bachillerato" target="_blank" rel="noopener">Enlace al portal de escolarización de la Consejería de Educación y Deportes.</a></li>
</ul>
<p>&nbsp;</p>
<p>&nbsp;</p>

<p>&nbsp; Enlaces de interés sobre escolarización y matrícula 2019-2020: &nbsp; Tríptico con fechas y plazos: &nbsp; &nbsp; &nbsp; &nbsp; Enlace al portal de escolarización de la Consejería de Educación y Deportes. &nbsp; &nbsp;</p>
