{"id":198,"date":"2019-01-23T09:55:36","date_gmt":"2019-01-23T08:55:36","guid":{"rendered":"http:\/\/blogsaverroes.juntadeandalucia.es\/pre\/ceip\/?page_id=198"},"modified":"2019-04-02T23:04:25","modified_gmt":"2019-04-02T22:04:25","slug":"que-es-el-ampa","status":"publish","type":"page","link":"https:\/\/blogsaverroes.juntadeandalucia.es\/cprlospinares\/que-es-el-ampa\/","title":{"rendered":"\u00bfQu\u00e9 es el AMPA?"},"content":{"rendered":"<p>El AMPA \u00abCampo Verde\u00bb es nuestra asociaci\u00f3n sin \u00e1nimo de lucro que est\u00e1 formada por los padres y madres de todo el alumnado del Colegio P\u00fablico Rural Los Pinares<\/p>\n<p>Se constituy\u00f3 en 1993 con estos estatutos: <a href=\"https:\/\/blogsaverroes.juntadeandalucia.es\/cprlospinares\/files\/2019\/01\/ESTATUTOS-AMPA.pdf\" target=\"_blank\" rel=\"noopener\">pincha aqu\u00ed<\/a><\/p>\n<p>&nbsp;<\/p>\n<p align=\"justify\">Las asociaciones de madres y padres del alumnado son un cauce fundamental para posibilitar la participaci\u00f3n de las familias o tutores del alumnado, en su caso, en las actividades de los centros docentes. Para ello tendr\u00e1n aquellas finalidades que se fijen en sus estatutos, dentro de las<br \/>\nsiguientes:<\/p>\n<ul>\n<li>\n<p align=\"justify\">Asistir a los padres, madres o tutores legales en todo aquello que concierne a la educaci\u00f3n de sus hijos e hijas o pupilos.<\/p>\n<\/li>\n<li>\n<p align=\"justify\">Colaborar en las actividades educativas de los centros, y en las actividades complementarias y extraescolares de los mismos.<\/p>\n<\/li>\n<li>\n<p align=\"justify\">Organizar actividades culturales y deportivas.<\/p>\n<\/li>\n<li>\n<p align=\"justify\">Promover la participaci\u00f3n de los padres, madres o tutores del alumnado en la gesti\u00f3n del Centro.<\/p>\n<\/li>\n<li>\n<p align=\"justify\">Asistir a los padres, madres o tutores legales del alumnado en el ejercicio de su derecho a intervenir en el control y gesti\u00f3n de los centros sostenidos con fondos p\u00fablicos.<\/p>\n<\/li>\n<li>\n<p align=\"justify\">Facilitar la representaci\u00f3n y participaci\u00f3n de los padres, madres o tutores legales del alumnado en los Consejos Escolares de los centros sostenidos con fondos p\u00fablicos, para lo cual podr\u00e1n presentar candidaturas en los correspondientes procesos electorales.<\/p>\n<\/li>\n<li>\n<p align=\"justify\">Promover el desarrollo de programas de Educaci\u00f3n Familiar.<\/p>\n<\/li>\n<li>Representar a los padres, madres o tutores asociados a las mismas ante las instancias educativas y otros organismos.<\/li>\n<\/ul>\n<p>&nbsp;<\/p>\n<p>&nbsp;<\/p>\n<p>Enlaces interesantes para padres\/madres:<\/p>\n<ul>\n<li><a href=\"https:\/\/equipotecnicoorientaciongranada.wordpress.com\/2017\/09\/07\/familias-que-suman\/\">Familias que suman<\/a> Enlace a \u00abFamilias que suman\u00bb; una publicaci\u00f3n del Equipo T\u00e9cnico de Orientaci\u00f3n Educativa y Profesional de la Delegaci\u00f3n Territorial de Educaci\u00f3n de Granada en su Blog, Orientaci\u00f3n en Red; y en la que se recogen las caracter\u00edsticas, funciones, normativas, etc, de los Delegados y Delegadas de padres y madres en los centros educativos andaluces. Septiembre de 2017<\/li>\n<\/ul>\n<p>&nbsp;<\/p>\n<ul>\n<li><a href=\"http:\/\/www.juntadeandalucia.es\/educacion\/webportal\/ishare-servlet\/content\/3cb154f7-d483-4e82-b907-db6e2efe411b\" target=\"Se abre en una nueva ventana\">Gu\u00eda para Madres y Padres que participan en los Consejos Escolares<\/a> El Consejo Escolar es uno de los \u00f3rganos colegiados de gobierno de los centros educativos a trav\u00e9s del cual participa la comunidad educativa. La gu\u00eda que aqu\u00ed presentamos es un instrumento \u00fatil para los representantes de las madres y los padres en los Consejos Escolares de los centros educativos de Andaluc\u00eda. Autor: Rafael Mesa S\u00e1nchez. Edita: Confederaci\u00f3n Andaluza de Asociaciones de Madres y Padres del Alumnado por la Educaci\u00f3n P\u00fablica.<\/li>\n<\/ul>\n<p>&nbsp;<\/p>\n<ul>\n<li><a href=\"http:\/\/www.juntadeandalucia.es\/educacion\/webportal\/ishare-servlet\/content\/2e44dd1c-fafc-44e8-8dfa-c92d7a303a78\" target=\"Se abre en una nueva ventana\">El \u00e9xito escolar. \u00bfC\u00f3mo pueden contribuir las familias del alumnado?<\/a> Esta gu\u00eda ofrece informaci\u00f3n sobre todos los factores que repercuten en el \u00e9xito escolar del alumnado y aoporta a las familias propuestas concretas y pr\u00e1cticas sobre c\u00f3mo pueden ayudar a sus hijos e hijas en sus estudios y en su adaptaci\u00f3n a la escuela. autor\u00eda: Santiago Ram\u00edrez Fern\u00e1ndez, Antonio garc\u00eda Guzm\u00e1n y Christian Alexis S\u00e1nchez N\u00fa\u00f1ez. Edita CEAPA<\/li>\n<\/ul>\n<p>&nbsp;<\/p>\n<ul>\n<li>\n<p align=\"justify\"><a href=\"http:\/\/www.mecd.gob.es\/cee\/publicaciones\/estudios.html\" target=\"Se abre en una nueva ventana\">La participaci\u00f3n de las familias en la educaci\u00f3n escolar<\/a> Estudio que trata la importancia de la participaci\u00f3n familiar entendida, en un sentido moderno, como sin\u00f3nimo de implicaci\u00f3n parental que puede manifestarse de distintas maneras y ejercerse con diferente intensidad. Edita: Secretar\u00eda General T\u00e9cnica. Subdirecci\u00f3n general de Documentaci\u00f3n y Publicaciones. Promueve Consejo Escolar del Estado. 2014<\/p>\n<\/li>\n<\/ul>\n<p>&nbsp;<\/p>\n<p>&nbsp;<\/p>\n","protected":false},"excerpt":{"rendered":"<p>El AMPA \u00abCampo Verde\u00bb es nuestra asociaci\u00f3n sin \u00e1nimo de lucro que est\u00e1 formada por los padres y madres de todo el alumnado del Colegio P\u00fablico Rural Los Pinares Se constituy\u00f3 en 1993 con&#46;&#46;&#46;<\/p>\n","protected":false},"author":1,"featured_media":0,"parent":0,"menu_order":0,"comment_status":"closed","ping_status":"open","template":"","meta":{"ngg_post_thumbnail":0,"footnotes":"","_mc_calendar":[]},"aioseo_notices":[],"_links":{"self":[{"href":"https:\/\/blogsaverroes.juntadeandalucia.es\/cprlospinares\/wp-json\/wp\/v2\/pages\/198"}],"collection":[{"href":"https:\/\/blogsaverroes.juntadeandalucia.es\/cprlospinares\/wp-json\/wp\/v2\/pages"}],"about":[{"href":"https:\/\/blogsaverroes.juntadeandalucia.es\/cprlospinares\/wp-json\/wp\/v2\/types\/page"}],"author":[{"embeddable":true,"href":"https:\/\/blogsaverroes.juntadeandalucia.es\/cprlospinares\/wp-json\/wp\/v2\/users\/1"}],"replies":[{"embeddable":true,"href":"https:\/\/blogsaverroes.juntadeandalucia.es\/cprlospinares\/wp-json\/wp\/v2\/comments?post=198"}],"version-history":[{"count":12,"href":"https:\/\/blogsaverroes.juntadeandalucia.es\/cprlospinares\/wp-json\/wp\/v2\/pages\/198\/revisions"}],"predecessor-version":[{"id":2452,"href":"https:\/\/blogsaverroes.juntadeandalucia.es\/cprlospinares\/wp-json\/wp\/v2\/pages\/198\/revisions\/2452"}],"wp:attachment":[{"href":"https:\/\/blogsaverroes.juntadeandalucia.es\/cprlospinares\/wp-json\/wp\/v2\/media?parent=198"}],"curies":[{"name":"wp","href":"https:\/\/api.w.org\/{rel}","templated":true}]}}