{"id":2240,"date":"2018-10-09T11:22:32","date_gmt":"2018-10-09T10:22:32","guid":{"rendered":"http:\/\/blogsaverroes.juntadeandalucia.es\/cprlospinares\/?page_id=2240"},"modified":"2019-09-19T09:27:54","modified_gmt":"2019-09-19T08:27:54","slug":"claustro","status":"publish","type":"page","link":"https:\/\/blogsaverroes.juntadeandalucia.es\/cprlospinares\/claustro\/","title":{"rendered":"Claustro"},"content":{"rendered":"<p><strong>CLAUSTRO CPR LOS PINARES. CURSO 2019-202O<\/strong><\/p>\n<p style=\"padding-left: 40px\">Aguirre Gallego, Jos\u00e9 Luis (Tutor de 2\u00ba ESO)<\/p>\n<p style=\"padding-left: 40px\">Calvo Di\u00e9guez, Jos\u00e9 Manuel (Tutor en Castillo de Tajarja)<\/p>\n<p style=\"padding-left: 40px\">Castilla Alcalde, Eva (Educaci\u00f3n F\u00edsica en Primaria)<\/p>\n<p style=\"padding-left: 40px\">Cervera Mart\u00edn, M Carmen (Tutora de Educaci\u00f3n Infantil 4 a\u00f1os)<\/p>\n<p style=\"padding-left: 40px\">Fern\u00e1ndez L\u00f3pez, Inmaculada (Tutora de 6\u00ba de Primaria y especialista en M\u00fasica para Primaria y Secundaria)<\/p>\n<p style=\"padding-left: 40px\">Figueras Ca\u00f1adas, Mar\u00eda Milagros (Tutora de Infantil 5 a\u00f1os)<\/p>\n<p style=\"padding-left: 40px\">Garc\u00eda Aivar, Josefa (Apoyo educativo)<\/p>\n<p style=\"padding-left: 40px\">Gonz\u00e1lez Romero, Mar\u00eda Esther (Tutora de Infantil 3 a\u00f1os)<\/p>\n<p style=\"padding-left: 40px\">Mu\u00f1oz Rodr\u00edguez, Laura Elisabet (Especialista en Pedagog\u00eda Terap\u00e9utica)<\/p>\n<p style=\"padding-left: 40px\">Ortu\u00f1o Romero, Sandra (Especialista en Ingl\u00e9s para Primaria y Secundaria)<\/p>\n<p style=\"padding-left: 40px\">P\u00e9rez L\u00f3pez, Manuel (Tutor de 2\u00ba de Primaria)<\/p>\n<p style=\"padding-left: 40px\">Pi\u00f1ar Mart\u00ednez, Rosa Mar\u00eda (Tutora de 1\u00ba de ESO)<\/p>\n<p style=\"padding-left: 40px\">Rodr\u00edguez Cantarero, Mar\u00eda Nieves (Tutora en Fuensanta y especialista de Ingl\u00e9s para Infantil)<\/p>\n<p style=\"padding-left: 40px\">Rodr\u00edguez Rodr\u00edguez, Mar\u00eda Yolanda (Especialista de Franc\u00e9s para Primaria y Secundaria)<\/p>\n<p style=\"padding-left: 40px\">Salguero Salguero, Lourdes (Tutora de 3\u00ba y 4\u00ba de Primaria)<\/p>\n<p style=\"padding-left: 40px\">S\u00e1nchez L\u00f3pez, Sergio Antonio (Tutor de 1\u00ba de Primaria)<\/p>\n<p style=\"padding-left: 40px\">Serrano Alcaide, Silvia Mar\u00eda (Audici\u00f3n y Lenguaje)<\/p>\n<p style=\"padding-left: 40px\">Tamayo Arenas, Martirio (Especialista de Educaci\u00f3n F\u00edsica en Primaria y Secundaria)<\/p>\n<p>&nbsp;<\/p>\n","protected":false},"excerpt":{"rendered":"<p>CLAUSTRO CPR LOS PINARES. CURSO 2019-202O Aguirre Gallego, Jos\u00e9 Luis (Tutor de 2\u00ba ESO) Calvo Di\u00e9guez, Jos\u00e9 Manuel (Tutor en Castillo de Tajarja) Castilla Alcalde, Eva (Educaci\u00f3n F\u00edsica en Primaria) Cervera Mart\u00edn, M Carmen&#46;&#46;&#46;<\/p>\n","protected":false},"author":3730,"featured_media":0,"parent":0,"menu_order":0,"comment_status":"closed","ping_status":"closed","template":"","meta":{"ngg_post_thumbnail":0,"footnotes":"","_mc_calendar":[]},"aioseo_notices":[],"_links":{"self":[{"href":"https:\/\/blogsaverroes.juntadeandalucia.es\/cprlospinares\/wp-json\/wp\/v2\/pages\/2240"}],"collection":[{"href":"https:\/\/blogsaverroes.juntadeandalucia.es\/cprlospinares\/wp-json\/wp\/v2\/pages"}],"about":[{"href":"https:\/\/blogsaverroes.juntadeandalucia.es\/cprlospinares\/wp-json\/wp\/v2\/types\/page"}],"author":[{"embeddable":true,"href":"https:\/\/blogsaverroes.juntadeandalucia.es\/cprlospinares\/wp-json\/wp\/v2\/users\/3730"}],"replies":[{"embeddable":true,"href":"https:\/\/blogsaverroes.juntadeandalucia.es\/cprlospinares\/wp-json\/wp\/v2\/comments?post=2240"}],"version-history":[{"count":6,"href":"https:\/\/blogsaverroes.juntadeandalucia.es\/cprlospinares\/wp-json\/wp\/v2\/pages\/2240\/revisions"}],"predecessor-version":[{"id":2723,"href":"https:\/\/blogsaverroes.juntadeandalucia.es\/cprlospinares\/wp-json\/wp\/v2\/pages\/2240\/revisions\/2723"}],"wp:attachment":[{"href":"https:\/\/blogsaverroes.juntadeandalucia.es\/cprlospinares\/wp-json\/wp\/v2\/media?parent=2240"}],"curies":[{"name":"wp","href":"https:\/\/api.w.org\/{rel}","templated":true}]}}