{"id":2270,"date":"2019-06-20T00:00:45","date_gmt":"2019-06-19T23:00:45","guid":{"rendered":"http:\/\/blogsaverroes.juntadeandalucia.es\/cprlospinares\/?page_id=2270"},"modified":"2019-10-25T09:58:05","modified_gmt":"2019-10-25T08:58:05","slug":"libros-de-texto","status":"publish","type":"page","link":"https:\/\/blogsaverroes.juntadeandalucia.es\/cprlospinares\/libros-de-texto\/","title":{"rendered":"Libros de texto"},"content":{"rendered":"<p>El alumnado matriculado en los centros docentes de Andaluc\u00eda sostenidos con fondos p\u00fablicos, esto es, p\u00fablicos y concertados, en los cursos de Educaci\u00f3n Primaria, ESO y Formaci\u00f3n Profesional B\u00e1sica, puede disponer gratuitamente de los correspondientes libros de texto. Dichos libros ser\u00e1n propiedad de la Administraci\u00f3n educativa y, una vez concluido el a\u00f1o acad\u00e9mico, permanecer\u00e1n en el centro docente para que puedan ser utilizados por otros alumnos o alumnas. Todos los libros de texto ser\u00e1n renovados cada cuatro cursos escolares.<\/p>\n<p>Los beneficiarios del programa est\u00e1n obligados a:<\/p>\n<ol>\n<li>Garantizar un uso adecuado y cuidadoso de los libros de texto.<\/li>\n<li>Devolver los libros de texto al centro una vez terminado el curso, o en el momento de la baja en caso de traslado.<\/li>\n<li>Reponer aquellos libros extraviados o deteriorados malintencionadamente.<\/li>\n<\/ol>\n<p>Al final del curso escolar 2018-19 se procedi\u00f3 a la entrega del cheque-libro para todas las familias de nuestro centro.<\/p>\n<p>&nbsp;<\/p>\n<p>M\u00e1s informaci\u00f3n en:<a href=\"https:\/\/juntadeandalucia.es\/temas\/estudiar\/becas\/libros-texto.html\" target=\"_blank\" rel=\"noopener noreferrer\"> https:\/\/juntadeandalucia.es\/temas\/estudiar\/becas\/libros-texto.html<\/a><\/p>\n<p>&nbsp;<\/p>\n","protected":false},"excerpt":{"rendered":"<p>El alumnado matriculado en los centros docentes de Andaluc\u00eda sostenidos con fondos p\u00fablicos, esto es, p\u00fablicos y concertados, en los cursos de Educaci\u00f3n Primaria, ESO y Formaci\u00f3n Profesional B\u00e1sica, puede disponer gratuitamente de los&#46;&#46;&#46;<\/p>\n","protected":false},"author":3730,"featured_media":0,"parent":0,"menu_order":0,"comment_status":"closed","ping_status":"closed","template":"","meta":{"ngg_post_thumbnail":0,"footnotes":"","_mc_calendar":[]},"aioseo_notices":[],"_links":{"self":[{"href":"https:\/\/blogsaverroes.juntadeandalucia.es\/cprlospinares\/wp-json\/wp\/v2\/pages\/2270"}],"collection":[{"href":"https:\/\/blogsaverroes.juntadeandalucia.es\/cprlospinares\/wp-json\/wp\/v2\/pages"}],"about":[{"href":"https:\/\/blogsaverroes.juntadeandalucia.es\/cprlospinares\/wp-json\/wp\/v2\/types\/page"}],"author":[{"embeddable":true,"href":"https:\/\/blogsaverroes.juntadeandalucia.es\/cprlospinares\/wp-json\/wp\/v2\/users\/3730"}],"replies":[{"embeddable":true,"href":"https:\/\/blogsaverroes.juntadeandalucia.es\/cprlospinares\/wp-json\/wp\/v2\/comments?post=2270"}],"version-history":[{"count":4,"href":"https:\/\/blogsaverroes.juntadeandalucia.es\/cprlospinares\/wp-json\/wp\/v2\/pages\/2270\/revisions"}],"predecessor-version":[{"id":2743,"href":"https:\/\/blogsaverroes.juntadeandalucia.es\/cprlospinares\/wp-json\/wp\/v2\/pages\/2270\/revisions\/2743"}],"wp:attachment":[{"href":"https:\/\/blogsaverroes.juntadeandalucia.es\/cprlospinares\/wp-json\/wp\/v2\/media?parent=2270"}],"curies":[{"name":"wp","href":"https:\/\/api.w.org\/{rel}","templated":true}]}}