{"id":2677,"date":"2019-04-08T18:26:20","date_gmt":"2019-04-08T17:26:20","guid":{"rendered":"https:\/\/blogsaverroes.juntadeandalucia.es\/cprlospinares\/?page_id=2677"},"modified":"2020-01-10T14:06:08","modified_gmt":"2020-01-10T13:06:08","slug":"mediateca","status":"publish","type":"page","link":"https:\/\/blogsaverroes.juntadeandalucia.es\/cprlospinares\/mediateca\/","title":{"rendered":"Mediateca"},"content":{"rendered":"<h4>Adem\u00e1s de nuestro <a href=\"https:\/\/www.youtube.com\/channel\/UCnA3a19g6i2Cpx4lV5wmucg\" target=\"_blank\" rel=\"noopener noreferrer\"><strong>canal en Youtube<\/strong><\/a>&nbsp;, tienes disponible el archivo de fotos del colegio.<\/h4>\n<p><span style=\"color: #ff0000\">(A\u00fan nos queda pendiente subir muchas m\u00e1s fotos, as\u00ed que !atento!)<\/span><\/p>\n<table style=\"height: 329px\" width=\"1371\">\n<tbody>\n<tr style=\"height: 321px\">\n<td style=\"width: 267px;height: 321px\"><a href=\"https:\/\/photos.app.goo.gl\/1YmEmfdcstNgU4CX7\" target=\"_blank\" rel=\"noopener noreferrer\">&nbsp;<img loading=\"lazy\" decoding=\"async\" class=\"aligncenter size-full wp-image-2678\" src=\"https:\/\/blogsaverroes.juntadeandalucia.es\/cprlospinares\/files\/2019\/04\/alhambra-3ciclo-17-18.jpg\" alt=\"\" width=\"234\" height=\"277\" srcset=\"https:\/\/blogsaverroes.juntadeandalucia.es\/cprlospinares\/files\/2019\/04\/alhambra-3ciclo-17-18.jpg 234w, https:\/\/blogsaverroes.juntadeandalucia.es\/cprlospinares\/files\/2019\/04\/alhambra-3ciclo-17-18-20x24.jpg 20w, https:\/\/blogsaverroes.juntadeandalucia.es\/cprlospinares\/files\/2019\/04\/alhambra-3ciclo-17-18-30x36.jpg 30w, https:\/\/blogsaverroes.juntadeandalucia.es\/cprlospinares\/files\/2019\/04\/alhambra-3ciclo-17-18-41x48.jpg 41w\" sizes=\"(max-width: 234px) 100vw, 234px\" \/><\/a><\/td>\n<td style=\"width: 267px;height: 321px\"><a href=\"https:\/\/photos.app.goo.gl\/V2P8qKjkobffk6NQ9\" target=\"_blank\" rel=\"noopener noreferrer\">&nbsp;<img loading=\"lazy\" decoding=\"async\" class=\"aligncenter size-full wp-image-2682\" src=\"https:\/\/blogsaverroes.juntadeandalucia.es\/cprlospinares\/files\/2019\/04\/alhambra-2ciclo-17-18.jpg\" alt=\"\" width=\"227\" height=\"273\" srcset=\"https:\/\/blogsaverroes.juntadeandalucia.es\/cprlospinares\/files\/2019\/04\/alhambra-2ciclo-17-18.jpg 227w, https:\/\/blogsaverroes.juntadeandalucia.es\/cprlospinares\/files\/2019\/04\/alhambra-2ciclo-17-18-20x24.jpg 20w, https:\/\/blogsaverroes.juntadeandalucia.es\/cprlospinares\/files\/2019\/04\/alhambra-2ciclo-17-18-30x36.jpg 30w, https:\/\/blogsaverroes.juntadeandalucia.es\/cprlospinares\/files\/2019\/04\/alhambra-2ciclo-17-18-40x48.jpg 40w\" sizes=\"(max-width: 227px) 100vw, 227px\" \/><\/a><\/td>\n<td style=\"width: 267px;height: 321px\"><a href=\"https:\/\/photos.app.goo.gl\/MkugBXH6xDoAdimE8\" target=\"_blank\" rel=\"noopener noreferrer\">&nbsp;<img loading=\"lazy\" decoding=\"async\" class=\"aligncenter size-full wp-image-2684\" src=\"https:\/\/blogsaverroes.juntadeandalucia.es\/cprlospinares\/files\/2019\/04\/viaje-estudios-2017-2018.jpg\" alt=\"\" width=\"230\" height=\"270\" srcset=\"https:\/\/blogsaverroes.juntadeandalucia.es\/cprlospinares\/files\/2019\/04\/viaje-estudios-2017-2018.jpg 230w, https:\/\/blogsaverroes.juntadeandalucia.es\/cprlospinares\/files\/2019\/04\/viaje-estudios-2017-2018-20x24.jpg 20w, https:\/\/blogsaverroes.juntadeandalucia.es\/cprlospinares\/files\/2019\/04\/viaje-estudios-2017-2018-31x36.jpg 31w, https:\/\/blogsaverroes.juntadeandalucia.es\/cprlospinares\/files\/2019\/04\/viaje-estudios-2017-2018-41x48.jpg 41w\" sizes=\"(max-width: 230px) 100vw, 230px\" \/><\/a><\/td>\n<td style=\"width: 267px;height: 321px\"><a href=\"https:\/\/photos.app.goo.gl\/Aen4mLYxhjmF1XdWA\" target=\"_blank\" rel=\"noopener noreferrer\">&nbsp;<img loading=\"lazy\" decoding=\"async\" class=\"aligncenter size-full wp-image-2687\" src=\"https:\/\/blogsaverroes.juntadeandalucia.es\/cprlospinares\/files\/2019\/04\/inauguraci\u00f3n-biblioteca-2017-2018.jpg\" alt=\"\" width=\"229\" height=\"277\" srcset=\"https:\/\/blogsaverroes.juntadeandalucia.es\/cprlospinares\/files\/2019\/04\/inauguraci\u00f3n-biblioteca-2017-2018.jpg 229w, https:\/\/blogsaverroes.juntadeandalucia.es\/cprlospinares\/files\/2019\/04\/inauguraci\u00f3n-biblioteca-2017-2018-20x24.jpg 20w, https:\/\/blogsaverroes.juntadeandalucia.es\/cprlospinares\/files\/2019\/04\/inauguraci\u00f3n-biblioteca-2017-2018-30x36.jpg 30w, https:\/\/blogsaverroes.juntadeandalucia.es\/cprlospinares\/files\/2019\/04\/inauguraci\u00f3n-biblioteca-2017-2018-40x48.jpg 40w\" sizes=\"(max-width: 229px) 100vw, 229px\" \/><\/a><\/td>\n<td style=\"width: 267px;height: 321px\"><a href=\"https:\/\/photos.app.goo.gl\/VGoJGcRCFMMx47up9\" target=\"_blank\" rel=\"noopener noreferrer\">&nbsp;<img loading=\"lazy\" decoding=\"async\" class=\"aligncenter size-full wp-image-2689\" src=\"https:\/\/blogsaverroes.juntadeandalucia.es\/cprlospinares\/files\/2019\/04\/dia-del-libro-2017-2018.jpg\" alt=\"\" width=\"228\" height=\"273\" srcset=\"https:\/\/blogsaverroes.juntadeandalucia.es\/cprlospinares\/files\/2019\/04\/dia-del-libro-2017-2018.jpg 228w, https:\/\/blogsaverroes.juntadeandalucia.es\/cprlospinares\/files\/2019\/04\/dia-del-libro-2017-2018-20x24.jpg 20w, https:\/\/blogsaverroes.juntadeandalucia.es\/cprlospinares\/files\/2019\/04\/dia-del-libro-2017-2018-30x36.jpg 30w, https:\/\/blogsaverroes.juntadeandalucia.es\/cprlospinares\/files\/2019\/04\/dia-del-libro-2017-2018-40x48.jpg 40w\" sizes=\"(max-width: 228px) 100vw, 228px\" \/><\/a>&nbsp;<\/td>\n<\/tr>\n<tr style=\"height: 273px\">\n<td style=\"width: 267px;height: 273px\"><a href=\"https:\/\/photos.app.goo.gl\/hf5tjVtZJhzNxRTd8\" target=\"_blank\" rel=\"noopener noreferrer\"><img loading=\"lazy\" decoding=\"async\" class=\"aligncenter wp-image-2847 size-full\" src=\"https:\/\/blogsaverroes.juntadeandalucia.es\/cprlospinares\/files\/2020\/01\/rute2019.jpg\" alt=\"\" width=\"210\" height=\"273\" srcset=\"https:\/\/blogsaverroes.juntadeandalucia.es\/cprlospinares\/files\/2020\/01\/rute2019.jpg 210w, https:\/\/blogsaverroes.juntadeandalucia.es\/cprlospinares\/files\/2020\/01\/rute2019-18x24.jpg 18w, https:\/\/blogsaverroes.juntadeandalucia.es\/cprlospinares\/files\/2020\/01\/rute2019-28x36.jpg 28w, https:\/\/blogsaverroes.juntadeandalucia.es\/cprlospinares\/files\/2020\/01\/rute2019-37x48.jpg 37w\" sizes=\"(max-width: 210px) 100vw, 210px\" \/><\/a><\/td>\n<td style=\"width: 267px;height: 273px\"><a href=\"https:\/\/photos.app.goo.gl\/EW7UBbYKPWiUha3KA\" target=\"_blank\" rel=\"noopener noreferrer\"><img loading=\"lazy\" decoding=\"async\" class=\"aligncenter size-full wp-image-2857\" src=\"https:\/\/blogsaverroes.juntadeandalucia.es\/cprlospinares\/files\/2020\/01\/extraescolarhuetortajar2019.jpg\" alt=\"\" width=\"213\" height=\"267\" srcset=\"https:\/\/blogsaverroes.juntadeandalucia.es\/cprlospinares\/files\/2020\/01\/extraescolarhuetortajar2019.jpg 213w, https:\/\/blogsaverroes.juntadeandalucia.es\/cprlospinares\/files\/2020\/01\/extraescolarhuetortajar2019-19x24.jpg 19w, https:\/\/blogsaverroes.juntadeandalucia.es\/cprlospinares\/files\/2020\/01\/extraescolarhuetortajar2019-29x36.jpg 29w, https:\/\/blogsaverroes.juntadeandalucia.es\/cprlospinares\/files\/2020\/01\/extraescolarhuetortajar2019-38x48.jpg 38w\" sizes=\"(max-width: 213px) 100vw, 213px\" \/><\/a><\/td>\n<td style=\"width: 267px;height: 273px\">&nbsp;<\/td>\n<td style=\"width: 267px;height: 273px\">&nbsp;<\/td>\n<td style=\"width: 267px;height: 273px\">&nbsp;<\/td>\n<\/tr>\n<tr style=\"height: 24.5313px\">\n<td style=\"width: 267px;height: 24.5313px\">&nbsp;<\/td>\n<td style=\"width: 267px;height: 24.5313px\">&nbsp;<\/td>\n<td style=\"width: 267px;height: 24.5313px\">&nbsp;<\/td>\n<td style=\"width: 267px;height: 24.5313px\">&nbsp;<\/td>\n<td style=\"width: 267px;height: 24.5313px\">&nbsp;<\/td>\n<\/tr>\n<tr style=\"height: 24px\">\n<td style=\"width: 267px;height: 24px\">&nbsp;<\/td>\n<td style=\"width: 267px;height: 24px\">&nbsp;<\/td>\n<td style=\"width: 267px;height: 24px\">&nbsp;<\/td>\n<td style=\"width: 267px;height: 24px\">&nbsp;<\/td>\n<td style=\"width: 267px;text-align: center;vertical-align: middle;height: 24px\">&nbsp;<\/td>\n<\/tr>\n<\/tbody>\n<\/table>\n<p>&nbsp;<\/p>\n","protected":false},"excerpt":{"rendered":"<p>Adem\u00e1s de nuestro canal en Youtube&nbsp;, tienes disponible el archivo de fotos del colegio. (A\u00fan nos queda pendiente subir muchas m\u00e1s fotos, as\u00ed que !atento!) &nbsp; &nbsp; &nbsp; &nbsp; &nbsp;&nbsp; &nbsp; &nbsp; &nbsp; &nbsp;&#46;&#46;&#46;<\/p>\n","protected":false},"author":3730,"featured_media":0,"parent":0,"menu_order":0,"comment_status":"closed","ping_status":"closed","template":"","meta":{"ngg_post_thumbnail":0,"footnotes":"","_mc_calendar":[]},"aioseo_notices":[],"_links":{"self":[{"href":"https:\/\/blogsaverroes.juntadeandalucia.es\/cprlospinares\/wp-json\/wp\/v2\/pages\/2677"}],"collection":[{"href":"https:\/\/blogsaverroes.juntadeandalucia.es\/cprlospinares\/wp-json\/wp\/v2\/pages"}],"about":[{"href":"https:\/\/blogsaverroes.juntadeandalucia.es\/cprlospinares\/wp-json\/wp\/v2\/types\/page"}],"author":[{"embeddable":true,"href":"https:\/\/blogsaverroes.juntadeandalucia.es\/cprlospinares\/wp-json\/wp\/v2\/users\/3730"}],"replies":[{"embeddable":true,"href":"https:\/\/blogsaverroes.juntadeandalucia.es\/cprlospinares\/wp-json\/wp\/v2\/comments?post=2677"}],"version-history":[{"count":16,"href":"https:\/\/blogsaverroes.juntadeandalucia.es\/cprlospinares\/wp-json\/wp\/v2\/pages\/2677\/revisions"}],"predecessor-version":[{"id":2858,"href":"https:\/\/blogsaverroes.juntadeandalucia.es\/cprlospinares\/wp-json\/wp\/v2\/pages\/2677\/revisions\/2858"}],"wp:attachment":[{"href":"https:\/\/blogsaverroes.juntadeandalucia.es\/cprlospinares\/wp-json\/wp\/v2\/media?parent=2677"}],"curies":[{"name":"wp","href":"https:\/\/api.w.org\/{rel}","templated":true}]}}