{"id":35,"date":"2015-03-13T08:21:43","date_gmt":"2015-03-13T08:21:43","guid":{"rendered":"http:\/\/blogsaverroes.juntadeandalucia.es\/pre\/ceip\/?page_id=35"},"modified":"2019-09-19T09:30:25","modified_gmt":"2019-09-19T08:30:25","slug":"datos-del-centro","status":"publish","type":"page","link":"https:\/\/blogsaverroes.juntadeandalucia.es\/cprlospinares\/datos-del-centro\/","title":{"rendered":"Datos del centro"},"content":{"rendered":"<p style=\"text-align: center\"><strong>Nombre<\/strong>: \u201cColegio P\u00fablico Rural Los Pinares\u201d<\/p>\n<p style=\"text-align: center\"><strong>Direcci\u00f3n<\/strong>: Calle Redonda, s\/n<\/p>\n<p style=\"text-align: center\"><strong>Localidad<\/strong>: Pe\u00f1uelas (L\u00e1char)<\/p>\n<p style=\"text-align: center\"><strong>C\u00f3digo<\/strong> <strong>Postal<\/strong>: 18328<\/p>\n<p style=\"text-align: center\"><strong>Provincia<\/strong>: Granada<\/p>\n<p style=\"text-align: center\"><strong>Tel\u00e9fono<\/strong>: 958893623 <strong>Fax<\/strong>: 958893624<\/p>\n<p style=\"text-align: center\"><strong>E<\/strong>&#8211;<strong>mail<\/strong>: <a href=\"mailto:18601333.edu@juntadeandalucia.es\">18601333.edu@juntadeandalucia.es<\/a><\/p>\n<p align=\"justify\">&nbsp;<\/p>\n<p style=\"text-align: center\" align=\"justify\"><strong>Localizaci\u00f3n en Pe\u00f1uelas:<\/strong><\/p>\n<p><iframe loading=\"lazy\" src=\"https:\/\/www.google.com\/maps\/embed?pb=!1m18!1m12!1m3!1d595.4046961441163!2d-3.854735504983216!3d37.17473706798078!2m3!1f0!2f0!3f0!3m2!1i1024!2i768!4f13.1!3m3!1m2!1s0x0%3A0x0!2zMzfCsDEwJzI5LjEiTiAzwrA1MScxNS4xIlc!5e1!3m2!1ses!2ses!4v1554226006326!5m2!1ses!2ses\" width=\"600\" height=\"450\" frameborder=\"0\"><\/iframe><\/p>\n<p align=\"justify\">*<\/p>\n<p>&nbsp;<\/p>\n<p align=\"justify\">&nbsp;<\/p>\n<p style=\"text-align: center\" align=\"justify\"><strong>Localizaci\u00f3n en Castillo de Tajarja:<\/strong><\/p>\n<p><iframe loading=\"lazy\" src=\"https:\/\/www.google.com\/maps\/embed?pb=!1m18!1m12!1m3!1d2824.0352774756443!2d-3.879746707241651!3d37.117995030376974!2m3!1f0!2f0!3f0!3m2!1i1024!2i768!4f13.1!3m3!1m2!1s0x0%3A0x0!2zMzfCsDA3JzA4LjIiTiAzwrA1Mic0MC44Ilc!5e1!3m2!1ses!2ses!4v1554225890718!5m2!1ses!2ses\" width=\"600\" height=\"450\" frameborder=\"0\"><\/iframe><\/p>\n<p align=\"justify\">*<\/p>\n<p>&nbsp;<\/p>\n<p align=\"justify\">&nbsp;<\/p>\n<p style=\"text-align: center\" align=\"justify\"><strong>Localizaci\u00f3n en Fuensanta:<\/strong><\/p>\n<p><iframe loading=\"lazy\" src=\"https:\/\/www.google.com\/maps\/embed?pb=!1m18!1m12!1m3!1d941.6615816365581!2d-3.9044571707511078!3d37.179226998742!2m3!1f0!2f0!3f0!3m2!1i1024!2i768!4f13.1!3m3!1m2!1s0x0%3A0x0!2zMzfCsDEwJzQ1LjIiTiAzwrA1NCcxNC4xIlc!5e1!3m2!1ses!2ses!4v1568881461942!5m2!1ses!2ses\" width=\"600\" height=\"450\" frameborder=\"0\"><\/iframe><\/p>\n<p align=\"justify\">*<\/p>\n<p>&nbsp;<\/p>\n","protected":false},"excerpt":{"rendered":"<p>Nombre: \u201cColegio P\u00fablico Rural Los Pinares\u201d Direcci\u00f3n: Calle Redonda, s\/n Localidad: Pe\u00f1uelas (L\u00e1char) C\u00f3digo Postal: 18328 Provincia: Granada Tel\u00e9fono: 958893623 Fax: 958893624 E&#8211;mail: 18601333.edu@juntadeandalucia.es &nbsp; Localizaci\u00f3n en Pe\u00f1uelas: * &nbsp; &nbsp; Localizaci\u00f3n en Castillo&#46;&#46;&#46;<\/p>\n","protected":false},"author":1,"featured_media":0,"parent":0,"menu_order":0,"comment_status":"closed","ping_status":"open","template":"","meta":{"ngg_post_thumbnail":0,"footnotes":"","_mc_calendar":[]},"aioseo_notices":[],"_links":{"self":[{"href":"https:\/\/blogsaverroes.juntadeandalucia.es\/cprlospinares\/wp-json\/wp\/v2\/pages\/35"}],"collection":[{"href":"https:\/\/blogsaverroes.juntadeandalucia.es\/cprlospinares\/wp-json\/wp\/v2\/pages"}],"about":[{"href":"https:\/\/blogsaverroes.juntadeandalucia.es\/cprlospinares\/wp-json\/wp\/v2\/types\/page"}],"author":[{"embeddable":true,"href":"https:\/\/blogsaverroes.juntadeandalucia.es\/cprlospinares\/wp-json\/wp\/v2\/users\/1"}],"replies":[{"embeddable":true,"href":"https:\/\/blogsaverroes.juntadeandalucia.es\/cprlospinares\/wp-json\/wp\/v2\/comments?post=35"}],"version-history":[{"count":19,"href":"https:\/\/blogsaverroes.juntadeandalucia.es\/cprlospinares\/wp-json\/wp\/v2\/pages\/35\/revisions"}],"predecessor-version":[{"id":2725,"href":"https:\/\/blogsaverroes.juntadeandalucia.es\/cprlospinares\/wp-json\/wp\/v2\/pages\/35\/revisions\/2725"}],"wp:attachment":[{"href":"https:\/\/blogsaverroes.juntadeandalucia.es\/cprlospinares\/wp-json\/wp\/v2\/media?parent=35"}],"curies":[{"name":"wp","href":"https:\/\/api.w.org\/{rel}","templated":true}]}}