{"id":35,"date":"2015-03-13T08:21:43","date_gmt":"2015-03-13T08:21:43","guid":{"rendered":"http:\/\/blogsaverroes.juntadeandalucia.es\/pre\/ceip\/?page_id=35"},"modified":"2019-09-17T09:13:52","modified_gmt":"2019-09-17T09:13:52","slug":"el-centro-2","status":"publish","type":"page","link":"https:\/\/blogsaverroes.juntadeandalucia.es\/cprlosrios\/el-centro-2\/","title":{"rendered":"Datos del centro"},"content":{"rendered":"<h4>Datos del centro<\/h4>\n<p>CPR Los Rios<\/p>\n<p>&nbsp;<\/p>\n<p><strong>Direcci\u00f3n:<\/strong>&nbsp; Calle San Sebasti\u00e1n S\/N&nbsp;<\/p>\n<p>Arenas del Rey (Granada)&nbsp;<\/p>\n<p>CP 18126<\/p>\n<p>&nbsp;<\/p>\n<p><strong>Contacto<\/strong><\/p>\n<p>Tel\u00e9fono Arenas del Rey: 958 369541&nbsp; Tel\u00e9fono corporativo en Arenas del Rey: 191541<\/p>\n<p>Fax de Arenas del Rey: 958369542&nbsp; Fax corporativo en Arenas del Rey: 191542<\/p>\n<p>M\u00f3vil Arenas del Rey: 671567375<\/p>\n<p>Tel\u00e9fono J\u00e1tar: 958369597 Tel\u00e9fono corporativo en J\u00e1tar: 191597<\/p>\n<p>M\u00f3vil J\u00e1tar: 671567376<\/p>\n<p>18601370.edu@juntadeandalucia.es<\/p>\n<p>&nbsp;<\/p>\n","protected":false},"excerpt":{"rendered":"<p>Datos del centro CPR Los Rios &nbsp; Direcci\u00f3n:&nbsp; Calle San Sebasti\u00e1n S\/N&nbsp; Arenas del Rey (Granada)&nbsp; CP 18126 &nbsp; Contacto Tel\u00e9fono Arenas del Rey: 958 369541&nbsp; Tel\u00e9fono corporativo en Arenas del Rey: 191541 Fax&#46;&#46;&#46;<\/p>\n","protected":false},"author":1,"featured_media":0,"parent":0,"menu_order":0,"comment_status":"open","ping_status":"open","template":"","meta":{"ngg_post_thumbnail":0,"footnotes":"","_mc_calendar":[]},"aioseo_notices":[],"_links":{"self":[{"href":"https:\/\/blogsaverroes.juntadeandalucia.es\/cprlosrios\/wp-json\/wp\/v2\/pages\/35"}],"collection":[{"href":"https:\/\/blogsaverroes.juntadeandalucia.es\/cprlosrios\/wp-json\/wp\/v2\/pages"}],"about":[{"href":"https:\/\/blogsaverroes.juntadeandalucia.es\/cprlosrios\/wp-json\/wp\/v2\/types\/page"}],"author":[{"embeddable":true,"href":"https:\/\/blogsaverroes.juntadeandalucia.es\/cprlosrios\/wp-json\/wp\/v2\/users\/1"}],"replies":[{"embeddable":true,"href":"https:\/\/blogsaverroes.juntadeandalucia.es\/cprlosrios\/wp-json\/wp\/v2\/comments?post=35"}],"version-history":[{"count":28,"href":"https:\/\/blogsaverroes.juntadeandalucia.es\/cprlosrios\/wp-json\/wp\/v2\/pages\/35\/revisions"}],"predecessor-version":[{"id":2144,"href":"https:\/\/blogsaverroes.juntadeandalucia.es\/cprlosrios\/wp-json\/wp\/v2\/pages\/35\/revisions\/2144"}],"wp:attachment":[{"href":"https:\/\/blogsaverroes.juntadeandalucia.es\/cprlosrios\/wp-json\/wp\/v2\/media?parent=35"}],"curies":[{"name":"wp","href":"https:\/\/api.w.org\/{rel}","templated":true}]}}