{"id":4103,"date":"2021-01-30T20:04:38","date_gmt":"2021-01-30T19:04:38","guid":{"rendered":"https:\/\/blogsaverroes.juntadeandalucia.es\/cprtaxara\/?page_id=4103"},"modified":"2021-01-30T20:04:38","modified_gmt":"2021-01-30T19:04:38","slug":"google-classroom-2","status":"publish","type":"page","link":"https:\/\/blogsaverroes.juntadeandalucia.es\/cprtaxara\/google-classroom-2\/","title":{"rendered":"GOOGLE CLASSROOM"},"content":{"rendered":"<div class=\"w-full\" role=\"banner\">\n<div class=\"sht  respuestasque\">\n<h1><span style=\"font-size: 18pt\"><em>Este art\u00edculo del periodico El Comercio nos lo explica<\/em><\/span><\/h1>\n<h1 class=\"sht__title\">\u00bfQu\u00e9 es Google Classroom y para qu\u00e9 sirve esta herramienta?<\/h1>\n<h2 class=\"sht__summary\"><img decoding=\"async\" class=\"s-multimedia__image w-full o-cover\" style=\"font-size: 16px\" src=\"https:\/\/elcomercio.pe\/resizer\/FQpJJwT9KJUBnZKqJV-_cYoX4Qo=\/580x330\/smart\/filters:format(jpeg):quality(75)\/cloudfront-us-east-1.images.arcpublishing.com\/elcomercio\/L452QYTNJ5GDFEPHCTERHGVB5A.jpg\" alt=\"Google Classroom es una importante herramienta de educaci\u00f3n online | Foto: Andrey Popov\"><span style=\"font-size: 16px\">Google Classroom es una importante herramienta de educaci\u00f3n online | Foto: Andrey Popov<\/span><\/h2>\n<\/div>\n<\/div>\n<div class=\"st-sidebar__main\" role=\"main\">\n<div class=\"story-contents w-full \">\n<div class=\"story-contents__author flex \">\n<div class=\"story-contents__author flex \">\n<div class=\"story-contents__author-info flex\">\n<div><a class=\"story-contents__author-link \" href=\"https:\/\/elcomercio.pe\/autor\/redaccion-ec\/\">Redacci\u00f3n EC<\/a><\/div>\n<\/div>\n<\/div>\n<div class=\"story-contents__author-date f  story-contents__author-top \">Lima, 18 de junio de 2020Actualizado el 18\/06\/2020 12:16 p.m.<\/div>\n<\/div>\n<div id=\"gpt_caja3\" data-ads-name=\"\/28253241\/elcomercio\/web\/post\/respuestas\/caja3\" data-ads-dimensions-m=\"[[300, 100], [320, 50], [300, 50], [320, 100], [300, 250]]\" data-bloque=\"3\" data-prebid-enabled=\"true\">&nbsp;<\/div>\n<div id=\"contenedor\" class=\"story-contents__content  false\">\n<section>\n<p class=\"story-contents__font-paragraph \"><b>La educaci\u00f3n a distancia en colegios y universidades es, desde que se declar\u00f3 pandemia al nuevo&nbsp;<\/b><b>coronavirus<\/b><b>, el reto m\u00e1s importante para docentes y estudiantes. Hasta hace un tiempo, organizar una clase y desarrollarla de forma virtual era algo impensado, pero hoy, con los avances tecnol\u00f3gicos, eso ya es posible.<\/b><\/p>\n<p class=\"story-contents__font-paragraph \">Una de las aplicaciones m\u00e1s utilizadas para desarrollar lecciones educativas online es&nbsp;<b>Google Classroom<\/b>. La plataforma, lanzada oficialmente por&nbsp;<b>Google&nbsp;<\/b>en 2014, se ha convertido en un pilar fundamental para que profesores y alumnos desarrollen el trabajo acad\u00e9mico sin necesidad de estar f\u00edsicamente en el aula.<\/p>\n<div id=\"gpt_inline\" data-ads-name=\"\/28253241\/elcomercio\/web\/post\/respuestas\/inline\" data-ads-dimensions=\"[[1,1]]\" data-bloque=\"3\" data-ads-dimensions-m=\"[[1,1]]\" data-google-query-id=\"CJ6-lrCqxO4CFUmDhQodZvMAPA\">&nbsp;<\/div>\n<p class=\"story-contents__font-paragraph \">Si bien la educaci\u00f3n presencial supone mayores ventajas, sobre todo por la posibilidad de interactuar de forma directa en el dictado de clases, el uso de herramientas digitales como&nbsp;<b>Google Classroom&nbsp;<\/b>resulta fundamental en \u00e9pocas de confinamiento, a\u00fan m\u00e1s cuando el volver a las aulas parece ser una opci\u00f3n lejana hasta que no se d\u00e9 por superada la pandemia del&nbsp;<b>coronavirus<\/b>.<\/p>\n<h2 class=\"\"><b>\u00bfQu\u00e9 es y para qu\u00e9 sirve Google Classroom?<\/b><\/h2>\n<p class=\"story-contents__font-paragraph \">Lanzado oficialmente en 2014, es un servicio web de Google para fines educativos. Google Classroom permite agilizar tareas e impulsar la colaboraci\u00f3n y comunicaci\u00f3n entre alumnos y profesores.<\/p>\n<p>&nbsp;<\/p>\n<p class=\"story-contents__font-paragraph \">A trav\u00e9s de esta herramienta, los docentes pueden crear aulas virtuales para armar sus clases, dejar tareas y realizar comentarios sobre las lecciones. Todo ello en un solo lugar donde estar\u00e1 almacenada la informaci\u00f3n que resulte de inter\u00e9s para los involucrados en el proceso de ense\u00f1anza. El servicio tambi\u00e9n permite la utilizaci\u00f3n de elementos multimedia como audios, fotos y videos.<\/p>\n<p class=\"story-contents__font-paragraph \">Por si fuera poco, Classroom es compatible con otras herramientas de Google como Docs y Drive.<\/p>\n<h2 class=\"\"><b>\u00bfQui\u00e9nes pueden utilizar Google Classroom?<\/b><\/h2>\n<div id=\"gpt_caja5\" data-ads-name=\"\/28253241\/elcomercio\/web\/post\/respuestas\/caja5\" data-ads-dimensions-m=\"[[300, 100], [320, 50], [300, 50], [320, 100], [300, 250]]\" data-bloque=\"4\" data-prebid-enabled=\"true\">&nbsp;<\/div>\n<p class=\"story-contents__font-paragraph \">En principio, es necesario indicar que este servicio es gratuito. Pueden acceder a Classroom los centros educativos, las organizaciones sin fines de lucro y cualquier persona que tenga una cuenta en Google.<\/p>\n<h2 class=\"\"><b>\u00bfEn qu\u00e9 dispositivos y navegadores funciona?<\/b><\/h2>\n<p class=\"story-contents__font-paragraph \">Se puede acceder a la herramienta a trav\u00e9s de diferentes navegadores de Internet como Chrome, Firefox, Internet Explorer o Safari.<\/p>\n<p class=\"story-contents__font-paragraph \">Tambi\u00e9n est\u00e1 disponible para dispositivos m\u00f3viles Android y Apple iOS.<\/p>\n<h2 class=\"\"><b>\u00bfQu\u00e9 pueden hacer profesores y alumnos en Google Classroom?<\/b><\/h2>\n<ul class=\"story-contents__paragraph-list\">\n<li>Como lo indicamos en p\u00e1rrafos anteriores, Classroom permite a los docentes armar y gestionar clases, tareas y notas. Adem\u00e1s, pueden realizar comentarios y calificar los trabajos en tiempo real.<\/li>\n<li>Los estudiantes, por su parte, pueden hacer un seguimiento del trabajo y el material de clase, enviar tareas, recibir comentarios y notas sobre sus trabajos.<\/li>\n<li>La plataforma tambi\u00e9n les permite compartir recursos acad\u00e9micos e interactuar, ya sea por anuncios o por correo electr\u00f3nico.<\/li>\n<\/ul>\n<h2 class=\"\"><b>\u00bfCu\u00e1les son las ventajas de Google Classroom?<\/b><\/h2>\n<ul class=\"story-contents__paragraph-list\">\n<li>Al ser de f\u00e1cil configuraci\u00f3n, los docentes pueden configurar una clase e invitar a alumnos y otros profesores.<\/li>\n<li>Permite, adem\u00e1s, ahorrar tiempo y papel, pues la informaci\u00f3n de las clases (contenido, tareas) se mantiene en un \u00fanico lugar.<\/li>\n<li>Los estudiantes pueden ver las tareas en la p\u00e1gina Trabajo, en el tabl\u00f3n de anuncios o en el calendario de la clase. Todos los materiales de clase se archivan de forma autom\u00e1tica en carpetas de Google Drive.<\/li>\n<li>La herramienta pone a disposici\u00f3n un sistema de comunicaci\u00f3n y comentarios mejorado, a fin de que los profesores puedan crear tareas y enviar notificaciones, as\u00ed como iniciar debates de forma inmediata.<\/li>\n<li>Los alumnos pueden compartir recursos e interactuar entre s\u00ed.<\/li>\n<li><b>Google Classroom<\/b>&nbsp;es, principalmente, seguro para todos sus usuarios.<\/li>\n<\/ul>\n<\/section>\n<\/div>\n<\/div>\n<\/div>\n","protected":false},"excerpt":{"rendered":"<p>Este art\u00edculo del periodico El Comercio nos lo explica \u00bfQu\u00e9 es Google Classroom y para qu\u00e9 sirve esta herramienta? Google Classroom es una importante herramienta de educaci\u00f3n online | Foto: Andrey Popov Redacci\u00f3n EC&#46;&#46;&#46;<\/p>\n","protected":false},"author":2902,"featured_media":0,"parent":0,"menu_order":0,"comment_status":"closed","ping_status":"closed","template":"","meta":{"ngg_post_thumbnail":0,"footnotes":"","_mc_calendar":[]},"aioseo_notices":[],"_links":{"self":[{"href":"https:\/\/blogsaverroes.juntadeandalucia.es\/cprtaxara\/wp-json\/wp\/v2\/pages\/4103"}],"collection":[{"href":"https:\/\/blogsaverroes.juntadeandalucia.es\/cprtaxara\/wp-json\/wp\/v2\/pages"}],"about":[{"href":"https:\/\/blogsaverroes.juntadeandalucia.es\/cprtaxara\/wp-json\/wp\/v2\/types\/page"}],"author":[{"embeddable":true,"href":"https:\/\/blogsaverroes.juntadeandalucia.es\/cprtaxara\/wp-json\/wp\/v2\/users\/2902"}],"replies":[{"embeddable":true,"href":"https:\/\/blogsaverroes.juntadeandalucia.es\/cprtaxara\/wp-json\/wp\/v2\/comments?post=4103"}],"version-history":[{"count":2,"href":"https:\/\/blogsaverroes.juntadeandalucia.es\/cprtaxara\/wp-json\/wp\/v2\/pages\/4103\/revisions"}],"predecessor-version":[{"id":4106,"href":"https:\/\/blogsaverroes.juntadeandalucia.es\/cprtaxara\/wp-json\/wp\/v2\/pages\/4103\/revisions\/4106"}],"wp:attachment":[{"href":"https:\/\/blogsaverroes.juntadeandalucia.es\/cprtaxara\/wp-json\/wp\/v2\/media?parent=4103"}],"curies":[{"name":"wp","href":"https:\/\/api.w.org\/{rel}","templated":true}]}}