{"id":77,"date":"2015-03-16T06:54:56","date_gmt":"2015-03-16T06:54:56","guid":{"rendered":"http:\/\/blogsaverroes.juntadeandalucia.es\/pre\/ceip\/?page_id=77"},"modified":"2022-09-22T21:42:59","modified_gmt":"2022-09-22T19:42:59","slug":"secretaria","status":"publish","type":"page","link":"https:\/\/blogsaverroes.juntadeandalucia.es\/cprtaxara\/secretaria\/","title":{"rendered":"Secretar\u00eda"},"content":{"rendered":"<p>&nbsp;<\/p>\n<p>Nuestro centro por sus caracter\u00edsticas al ser un <strong>Colegio Publico Rural (CPR)&nbsp;<\/strong>no disponemos de una persona de administraci\u00f3n durante todos los d\u00edas de la semana. Tampoco disponemos de Conserje ni personal de servicios.<\/p>\n<p>Tan solo disponemos de una Monitora Escolar durante el curso escolar los martes y los viernes, pues la compartimos con otro CEIP Alamedas del Genil<\/p>\n<p>Para cualquier tramite administrativo estar\u00e1 disponible <em><strong>martes y viernes en horario de 9:30 a 13:00<\/strong><\/em>.<\/p>\n<p>Fuera de este horario no podemos garantizar la atenci\u00f3n al p\u00fablico.<\/p>\n","protected":false},"excerpt":{"rendered":"<p>&nbsp; Nuestro centro por sus caracter\u00edsticas al ser un Colegio Publico Rural (CPR)&nbsp;no disponemos de una persona de administraci\u00f3n durante todos los d\u00edas de la semana. Tampoco disponemos de Conserje ni personal de servicios.&#46;&#46;&#46;<\/p>\n","protected":false},"author":1,"featured_media":0,"parent":0,"menu_order":0,"comment_status":"closed","ping_status":"open","template":"","meta":{"ngg_post_thumbnail":0,"footnotes":"","_mc_calendar":[]},"aioseo_notices":[],"_links":{"self":[{"href":"https:\/\/blogsaverroes.juntadeandalucia.es\/cprtaxara\/wp-json\/wp\/v2\/pages\/77"}],"collection":[{"href":"https:\/\/blogsaverroes.juntadeandalucia.es\/cprtaxara\/wp-json\/wp\/v2\/pages"}],"about":[{"href":"https:\/\/blogsaverroes.juntadeandalucia.es\/cprtaxara\/wp-json\/wp\/v2\/types\/page"}],"author":[{"embeddable":true,"href":"https:\/\/blogsaverroes.juntadeandalucia.es\/cprtaxara\/wp-json\/wp\/v2\/users\/1"}],"replies":[{"embeddable":true,"href":"https:\/\/blogsaverroes.juntadeandalucia.es\/cprtaxara\/wp-json\/wp\/v2\/comments?post=77"}],"version-history":[{"count":9,"href":"https:\/\/blogsaverroes.juntadeandalucia.es\/cprtaxara\/wp-json\/wp\/v2\/pages\/77\/revisions"}],"predecessor-version":[{"id":4384,"href":"https:\/\/blogsaverroes.juntadeandalucia.es\/cprtaxara\/wp-json\/wp\/v2\/pages\/77\/revisions\/4384"}],"wp:attachment":[{"href":"https:\/\/blogsaverroes.juntadeandalucia.es\/cprtaxara\/wp-json\/wp\/v2\/media?parent=77"}],"curies":[{"name":"wp","href":"https:\/\/api.w.org\/{rel}","templated":true}]}}