{"id":82,"date":"2015-03-16T06:59:55","date_gmt":"2015-03-16T06:59:55","guid":{"rendered":"http:\/\/blogsaverroes.juntadeandalucia.es\/pre\/ceip\/?page_id=82"},"modified":"2020-12-08T22:56:36","modified_gmt":"2020-12-08T21:56:36","slug":"horarios","status":"publish","type":"page","link":"https:\/\/blogsaverroes.juntadeandalucia.es\/cprtaxara\/horarios\/","title":{"rendered":"Horarios"},"content":{"rendered":"<p><img loading=\"lazy\" decoding=\"async\" class=\"alignnone size-medium wp-image-1675 aligncenter\" src=\"http:\/\/blogsaverroes.juntadeandalucia.es\/cprtaxara\/files\/2015\/03\/horario2-300x211.jpg\" alt=\"horario2\" width=\"300\" height=\"211\" srcset=\"https:\/\/blogsaverroes.juntadeandalucia.es\/cprtaxara\/files\/2015\/03\/horario2-300x211.jpg 300w, https:\/\/blogsaverroes.juntadeandalucia.es\/cprtaxara\/files\/2015\/03\/horario2.jpg 640w\" sizes=\"(max-width: 300px) 100vw, 300px\" \/><\/p>\n<p><strong>HORARIOS DEL CENTRO<\/strong><\/p>\n<p>Horario regular de clases: De <strong>lunes a viernes de 9:00 a 14:00<\/strong>.<\/p>\n<p>Las puertas del centro se cerraran a las <strong>9:05<\/strong>&nbsp;min como se recoge en el <strong>ROF<\/strong> no pudiendo garantizar que se atienda a la llamada de la puerta al no disponer de Conserje y teniendo que estar el profesorado en clase.<\/p>\n<p>&nbsp;<\/p>\n<p>Los tramos horarios acogidos a la <strong>LOMCE<\/strong> se establecen de <strong>60 min<\/strong>&nbsp; antes del recreo con 3 sesiones y <strong>45 min<\/strong>. despu\u00e9s del recreo&nbsp; pasando a tener 2 sesiones de trabajo. Iniciar\u00e1 el recreo a las 12:00 y acabar\u00e1 a las 12:30.&nbsp;<\/p>\n","protected":false},"excerpt":{"rendered":"<p>HORARIOS DEL CENTRO Horario regular de clases: De lunes a viernes de 9:00 a 14:00. Las puertas del centro se cerraran a las 9:05&nbsp;min como se recoge en el ROF no pudiendo garantizar que&#46;&#46;&#46;<\/p>\n","protected":false},"author":1,"featured_media":0,"parent":0,"menu_order":0,"comment_status":"closed","ping_status":"open","template":"","meta":{"ngg_post_thumbnail":0,"footnotes":"","_mc_calendar":[]},"aioseo_notices":[],"_links":{"self":[{"href":"https:\/\/blogsaverroes.juntadeandalucia.es\/cprtaxara\/wp-json\/wp\/v2\/pages\/82"}],"collection":[{"href":"https:\/\/blogsaverroes.juntadeandalucia.es\/cprtaxara\/wp-json\/wp\/v2\/pages"}],"about":[{"href":"https:\/\/blogsaverroes.juntadeandalucia.es\/cprtaxara\/wp-json\/wp\/v2\/types\/page"}],"author":[{"embeddable":true,"href":"https:\/\/blogsaverroes.juntadeandalucia.es\/cprtaxara\/wp-json\/wp\/v2\/users\/1"}],"replies":[{"embeddable":true,"href":"https:\/\/blogsaverroes.juntadeandalucia.es\/cprtaxara\/wp-json\/wp\/v2\/comments?post=82"}],"version-history":[{"count":9,"href":"https:\/\/blogsaverroes.juntadeandalucia.es\/cprtaxara\/wp-json\/wp\/v2\/pages\/82\/revisions"}],"predecessor-version":[{"id":4076,"href":"https:\/\/blogsaverroes.juntadeandalucia.es\/cprtaxara\/wp-json\/wp\/v2\/pages\/82\/revisions\/4076"}],"wp:attachment":[{"href":"https:\/\/blogsaverroes.juntadeandalucia.es\/cprtaxara\/wp-json\/wp\/v2\/media?parent=82"}],"curies":[{"name":"wp","href":"https:\/\/api.w.org\/{rel}","templated":true}]}}