{"id":5406,"date":"2018-04-11T10:20:11","date_gmt":"2018-04-11T10:20:11","guid":{"rendered":"https:\/\/blogsaverroes.juntadeandalucia.es\/cprtorrejaral\/?page_id=5406"},"modified":"2019-01-25T09:23:22","modified_gmt":"2019-01-25T09:23:22","slug":"ultimas-noticias","status":"publish","type":"page","link":"https:\/\/blogsaverroes.juntadeandalucia.es\/cprtorrejaral\/ultimas-noticias\/","title":{"rendered":"\u00daltimas noticias"},"content":{"rendered":"<p><strong>En este apartado se publicar\u00e1n las novedades m\u00e1s destacadas del Centro:<\/strong><\/p>\n<ul>\n<li><strong>25\/01\/2019<\/strong><\/li>\n<\/ul>\n<p><strong>REANUDAMOS LAS EMISIONES DE RADIO TORREJARAL !!!&nbsp;<\/strong><\/p>\n<p>Pueden escucharlo en las pesta\u00f1a \u00abRadio Torrejaral\u00bb en la parte superior de la p\u00e1gina<\/p>\n<p>&nbsp;<\/p>\n<ul>\n<li><strong>15\/05\/2018<\/strong><\/li>\n<\/ul>\n<p>Publicada la resoluci\u00f3n de admitidos y no admitidos para el curso 2018\/2019<\/p>\n<p>Haciendo clic en el siguiente enlace se puede descargar la resoluci\u00f3n de admisi\u00f3n para el curso pr\u00f3ximo:<\/p>\n<p>Admitidos y No Admitidos<\/p>\n<p><a href=\"https:\/\/blogsaverroes.juntadeandalucia.es\/cprtorrejaral\/files\/2015\/03\/Resolucion-Admision.pdf\" target=\"_blank\" rel=\"noopener\">Resoluci\u00f3n Admisi\u00f3n<\/a><\/p>\n<p>&nbsp;<\/p>\n<ul>\n<li><span style=\"text-decoration: underline\"><strong>11\/04\/2018<\/strong><\/span><\/li>\n<\/ul>\n<p>Publicadas las listas baremadas de las solicitudes de admisi\u00f3n para el curso 2018\/2019.<\/p>\n<p>Pueden verse haciendo clic sobre este enlace:<\/p>\n<p><a href=\"https:\/\/blogsaverroes.juntadeandalucia.es\/cprtorrejaral\/files\/2018\/04\/Relaci\u00f3n-Baremada.pdf\" target=\"_blank\" rel=\"noopener\">Relaci\u00f3n Baremada<\/a><\/p>\n","protected":false},"excerpt":{"rendered":"<p>En este apartado se publicar\u00e1n las novedades m\u00e1s destacadas del Centro: 25\/01\/2019 REANUDAMOS LAS EMISIONES DE RADIO TORREJARAL !!!&nbsp; Pueden escucharlo en las pesta\u00f1a \u00abRadio Torrejaral\u00bb en la parte superior de la p\u00e1gina &nbsp;&#46;&#46;&#46;<\/p>\n","protected":false},"author":5769,"featured_media":0,"parent":0,"menu_order":0,"comment_status":"closed","ping_status":"closed","template":"","meta":{"ngg_post_thumbnail":0,"footnotes":"","_mc_calendar":[]},"aioseo_notices":[],"_links":{"self":[{"href":"https:\/\/blogsaverroes.juntadeandalucia.es\/cprtorrejaral\/wp-json\/wp\/v2\/pages\/5406"}],"collection":[{"href":"https:\/\/blogsaverroes.juntadeandalucia.es\/cprtorrejaral\/wp-json\/wp\/v2\/pages"}],"about":[{"href":"https:\/\/blogsaverroes.juntadeandalucia.es\/cprtorrejaral\/wp-json\/wp\/v2\/types\/page"}],"author":[{"embeddable":true,"href":"https:\/\/blogsaverroes.juntadeandalucia.es\/cprtorrejaral\/wp-json\/wp\/v2\/users\/5769"}],"replies":[{"embeddable":true,"href":"https:\/\/blogsaverroes.juntadeandalucia.es\/cprtorrejaral\/wp-json\/wp\/v2\/comments?post=5406"}],"version-history":[{"count":6,"href":"https:\/\/blogsaverroes.juntadeandalucia.es\/cprtorrejaral\/wp-json\/wp\/v2\/pages\/5406\/revisions"}],"predecessor-version":[{"id":8878,"href":"https:\/\/blogsaverroes.juntadeandalucia.es\/cprtorrejaral\/wp-json\/wp\/v2\/pages\/5406\/revisions\/8878"}],"wp:attachment":[{"href":"https:\/\/blogsaverroes.juntadeandalucia.es\/cprtorrejaral\/wp-json\/wp\/v2\/media?parent=5406"}],"curies":[{"name":"wp","href":"https:\/\/api.w.org\/{rel}","templated":true}]}}

Últimas noticias

<p><strong>En este apartado se publicarán las novedades más destacadas del Centro:</strong></p>
<ul>
<li><strong>25/01/2019</strong></li>
</ul>
<p><strong>REANUDAMOS LAS EMISIONES DE RADIO TORREJARAL !!!&nbsp;</strong></p>
<p>Pueden escucharlo en las pestaña «Radio Torrejaral» en la parte superior de la página</p>
<p>&nbsp;</p>
<ul>
<li><strong>15/05/2018</strong></li>
</ul>
<p>Publicada la resolución de admitidos y no admitidos para el curso 2018/2019</p>
<p>Haciendo clic en el siguiente enlace se puede descargar la resolución de admisión para el curso próximo:</p>
<p>Admitidos y No Admitidos</p>
<p><a href="https://blogsaverroes.juntadeandalucia.es/cprtorrejaral/files/2015/03/Resolucion-Admision.pdf" target="_blank" rel="noopener">Resolución Admisión</a></p>
<p>&nbsp;</p>
<ul>
<li><span style="text-decoration: underline"><strong>11/04/2018</strong></span></li>
</ul>
<p>Publicadas las listas baremadas de las solicitudes de admisión para el curso 2018/2019.</p>
<p>Pueden verse haciendo clic sobre este enlace:</p>
<p><a href="https://blogsaverroes.juntadeandalucia.es/cprtorrejaral/files/2018/04/Relación-Baremada.pdf" target="_blank" rel="noopener">Relación Baremada</a></p>

<p>En este apartado se publicarán las novedades más destacadas del Centro: 25/01/2019 REANUDAMOS LAS EMISIONES DE RADIO TORREJARAL !!!&nbsp; Pueden escucharlo en las pestaña «Radio Torrejaral» en la parte superior de la página &nbsp;&#46;&#46;&#46;</p>
