{"id":113,"date":"2015-03-16T08:06:00","date_gmt":"2015-03-16T08:06:00","guid":{"rendered":"http:\/\/blogsaverroes.juntadeandalucia.es\/pre\/ceip\/?page_id=113"},"modified":"2017-06-01T07:47:02","modified_gmt":"2017-06-01T07:47:02","slug":"biblioteca","status":"publish","type":"page","link":"https:\/\/blogsaverroes.juntadeandalucia.es\/cprvalledelguadiaro\/?page_id=113","title":{"rendered":"Biblioteca"},"content":{"rendered":"<div id=\"attachment_2276\" style=\"width: 310px\" class=\"wp-caption aligncenter\"><a href=\"http:\/\/blogsaverroes.juntadeandalucia.es\/cprvalledelguadiaro\/files\/2015\/03\/20161020_123013.jpg\"><img loading=\"lazy\" decoding=\"async\" aria-describedby=\"caption-attachment-2276\" width=\"300\" height=\"169\" class=\"wp-image-2276 size-medium\" alt=\"Para leer en el recreo.\" src=\"http:\/\/blogsaverroes.juntadeandalucia.es\/cprvalledelguadiaro\/files\/2015\/03\/20161020_123013-300x169.jpg\" srcset=\"https:\/\/blogsaverroes.juntadeandalucia.es\/cprvalledelguadiaro\/files\/2015\/03\/20161020_123013-300x169.jpg 300w, https:\/\/blogsaverroes.juntadeandalucia.es\/cprvalledelguadiaro\/files\/2015\/03\/20161020_123013-1024x576.jpg 1024w, https:\/\/blogsaverroes.juntadeandalucia.es\/cprvalledelguadiaro\/files\/2015\/03\/20161020_123013-700x393.jpg 700w, https:\/\/blogsaverroes.juntadeandalucia.es\/cprvalledelguadiaro\/files\/2015\/03\/20161020_123013-24x14.jpg 24w, https:\/\/blogsaverroes.juntadeandalucia.es\/cprvalledelguadiaro\/files\/2015\/03\/20161020_123013-36x20.jpg 36w, https:\/\/blogsaverroes.juntadeandalucia.es\/cprvalledelguadiaro\/files\/2015\/03\/20161020_123013-48x27.jpg 48w, https:\/\/blogsaverroes.juntadeandalucia.es\/cprvalledelguadiaro\/files\/2015\/03\/20161020_123013.jpg 1600w\" sizes=\"(max-width: 300px) 100vw, 300px\" \/><\/a><p id=\"caption-attachment-2276\" class=\"wp-caption-text\">Para leer en el recreo.<\/p><\/div>\n<p><strong>HORARIO DE BIBLIOTECA (PR\u00c9STAMO DE LIBROS):<\/strong><\/p>\n<p><strong>*EN CA\u00d1ADA<\/strong>:<br \/>\nJUEVES:<br \/>\n&#8211; DE 9:15 A 9:45: INFANTIL.<br \/>\n&#8211; DE 10:30 A 11:00: SEGUNDO CICLO.<br \/>\n&#8211; DE 12:30 A 13:00: PRIMER CICLO.<br \/>\nVIERNES:<br \/>\n&#8211; DE 12:30 A 13:00: TERCER CICLO.<\/p>\n<p><strong>*EN JIMERA<\/strong>:<br \/>\nMI\u00c9RCOLES:<br \/>\n&#8211; DE 12:30 A 13:30: INFANTIL Y PRIMARIA.<\/p>\n<p><strong>Nuestra mascota,<\/strong> que sali\u00f3 elegida por votaci\u00f3n en el curso 2011-2012, <strong>Pepito List\u00edn<\/strong>:<\/p>\n<div id=\"attachment_2310\" style=\"width: 229px\" class=\"wp-caption aligncenter\"><a href=\"http:\/\/blogsaverroes.juntadeandalucia.es\/cprvalledelguadiaro\/files\/2015\/03\/mascota-biblioteca.jpg\"><img loading=\"lazy\" decoding=\"async\" aria-describedby=\"caption-attachment-2310\" width=\"219\" height=\"300\" class=\"size-medium wp-image-2310\" alt=\"Mascota de la Biblioteca.\" src=\"http:\/\/blogsaverroes.juntadeandalucia.es\/cprvalledelguadiaro\/files\/2015\/03\/mascota-biblioteca-219x300.jpg\" srcset=\"https:\/\/blogsaverroes.juntadeandalucia.es\/cprvalledelguadiaro\/files\/2015\/03\/mascota-biblioteca-219x300.jpg 219w, https:\/\/blogsaverroes.juntadeandalucia.es\/cprvalledelguadiaro\/files\/2015\/03\/mascota-biblioteca-748x1024.jpg 748w, https:\/\/blogsaverroes.juntadeandalucia.es\/cprvalledelguadiaro\/files\/2015\/03\/mascota-biblioteca-700x959.jpg 700w, https:\/\/blogsaverroes.juntadeandalucia.es\/cprvalledelguadiaro\/files\/2015\/03\/mascota-biblioteca-18x24.jpg 18w, https:\/\/blogsaverroes.juntadeandalucia.es\/cprvalledelguadiaro\/files\/2015\/03\/mascota-biblioteca-26x36.jpg 26w, https:\/\/blogsaverroes.juntadeandalucia.es\/cprvalledelguadiaro\/files\/2015\/03\/mascota-biblioteca-35x48.jpg 35w, https:\/\/blogsaverroes.juntadeandalucia.es\/cprvalledelguadiaro\/files\/2015\/03\/mascota-biblioteca.jpg 1168w\" sizes=\"(max-width: 219px) 100vw, 219px\" \/><\/a><p id=\"caption-attachment-2310\" class=\"wp-caption-text\">Mascota de la Biblioteca.<\/p><\/div>\n<p><a title=\"Bibliotecas escolares\" href=\"http:\/\/www.juntadeandalucia.es\/educacion\/webportal\/web\/lecturas-y-bibliotecas-escolares\/bibliotecas-escolares\" target=\"_blank\">Enlace al portal sobre las Bibliotecas Escolares.<\/a><\/p>\n","protected":false},"excerpt":{"rendered":"<p>HORARIO DE BIBLIOTECA (PR\u00c9STAMO DE LIBROS): *EN CA\u00d1ADA: JUEVES: &#8211; DE 9:15 A 9:45: INFANTIL. &#8211; DE 10:30 A 11:00: SEGUNDO CICLO. &#8211; DE 12:30 A 13:00: PRIMER CICLO. VIERNES: &#8211; DE 12:30 A&#46;&#46;&#46;<\/p>\n","protected":false},"author":1,"featured_media":0,"parent":0,"menu_order":0,"comment_status":"closed","ping_status":"open","template":"","meta":{"ngg_post_thumbnail":0,"footnotes":"","_mc_calendar":[]},"aioseo_notices":[],"_links":{"self":[{"href":"https:\/\/blogsaverroes.juntadeandalucia.es\/cprvalledelguadiaro\/index.php?rest_route=\/wp\/v2\/pages\/113"}],"collection":[{"href":"https:\/\/blogsaverroes.juntadeandalucia.es\/cprvalledelguadiaro\/index.php?rest_route=\/wp\/v2\/pages"}],"about":[{"href":"https:\/\/blogsaverroes.juntadeandalucia.es\/cprvalledelguadiaro\/index.php?rest_route=\/wp\/v2\/types\/page"}],"author":[{"embeddable":true,"href":"https:\/\/blogsaverroes.juntadeandalucia.es\/cprvalledelguadiaro\/index.php?rest_route=\/wp\/v2\/users\/1"}],"replies":[{"embeddable":true,"href":"https:\/\/blogsaverroes.juntadeandalucia.es\/cprvalledelguadiaro\/index.php?rest_route=%2Fwp%2Fv2%2Fcomments&post=113"}],"version-history":[{"count":11,"href":"https:\/\/blogsaverroes.juntadeandalucia.es\/cprvalledelguadiaro\/index.php?rest_route=\/wp\/v2\/pages\/113\/revisions"}],"predecessor-version":[{"id":2966,"href":"https:\/\/blogsaverroes.juntadeandalucia.es\/cprvalledelguadiaro\/index.php?rest_route=\/wp\/v2\/pages\/113\/revisions\/2966"}],"wp:attachment":[{"href":"https:\/\/blogsaverroes.juntadeandalucia.es\/cprvalledelguadiaro\/index.php?rest_route=%2Fwp%2Fv2%2Fmedia&parent=113"}],"curies":[{"name":"wp","href":"https:\/\/api.w.org\/{rel}","templated":true}]}}