{"id":35,"date":"2015-03-13T08:21:43","date_gmt":"2015-03-13T08:21:43","guid":{"rendered":"http:\/\/blogsaverroes.juntadeandalucia.es\/pre\/ceip\/?page_id=35"},"modified":"2025-02-18T12:43:57","modified_gmt":"2025-02-18T12:43:57","slug":"el-centro-2","status":"publish","type":"page","link":"https:\/\/blogsaverroes.juntadeandalucia.es\/cprvalledelguadiaro\/?page_id=35","title":{"rendered":"Datos del centro"},"content":{"rendered":"<h4><strong>Datos del centro<\/strong><\/h4>\n<p>El CPR \u00bb Valle del Guadiaro\u00bb se compone de dos sedes, una en Jimera de L\u00edbar y otra en Ca\u00f1ada del Real Tesoro. La sede matriz se encuentra en Ca\u00f1ada del Real Tesoro.<\/p>\n<p><strong>Direcci\u00f3n y contacto:<\/strong><\/p>\n<table style=\"border-collapse: collapse;width: 100%;height: 181px\">\n<tbody>\n<tr>\n<td style=\"width: 50%\"><strong>Sede en Jimera de L\u00edbar<\/strong><\/p>\n<p>C\/ Nueva, N\u00ba 1. CP 29392. Jimera de L\u00edbar, M\u00e1laga.<\/p>\n<p>Tel\u00e9fono m\u00f3vil: 697950993<\/td>\n<td style=\"width: 50%\">&nbsp;<\/p>\n<p>&nbsp;<\/p>\n<p>&nbsp;<\/p>\n<p><strong>Sede en Ca\u00f1ada del Real Tesoro<\/strong><\/p>\n<p>C\/ Costerilla II, S\/N. C.P. 29391.&nbsp;Ca\u00f1ada del Real Tesoro, M\u00e1laga.<\/p>\n<p>Tel\u00e9fono m\u00f3vil: 697951609<\/p>\n<p>Tel\u00e9fono fijo: 952159911&nbsp;<\/p>\n<p>FAX: 952159910<\/p>\n<p>Email:&nbsp;29602001.edu@juntadeandalucia.es<\/td>\n<\/tr>\n<\/tbody>\n<\/table>\n<h4><strong>Horarios<br \/>\n<\/strong><\/h4>\n<p class=\"western\" align=\"justify\">Oficina:<\/p>\n<p class=\"western\" align=\"justify\">Lectivo: de lunes a viernes de 9:00 a 14:00 horas<\/p>\n<p class=\"western\" align=\"justify\">Tutor\u00edas: los lunes de 16:00 a 20:00<\/p>\n<p class=\"western\" align=\"justify\">Refuerzo educativo (PROA y PALE):<\/p>\n<table style=\"border-collapse: collapse;width: 100%\">\n<tbody>\n<tr>\n<td style=\"width: 25%\">&nbsp;<\/td>\n<td style=\"width: 25%\">Ca\u00f1ada del Real Tesoro<\/td>\n<td style=\"width: 50%\">Jimera de L\u00edbar<\/td>\n<\/tr>\n<tr>\n<td style=\"width: 25%\">PROA<\/td>\n<td style=\"width: 25%\">Lunes y mi\u00e9rcoles &#8211; 4 a 6<\/td>\n<td style=\"width: 50%\">Martes y jueves &#8211; 4 a 6<\/td>\n<\/tr>\n<tr>\n<td style=\"width: 25%\">PALE<\/td>\n<td style=\"width: 25%\">Lunes y mi\u00e9rcoles &#8211; 3 a 4<\/td>\n<td style=\"width: 50%\">Martes y jueves &#8211; 3 a 4<\/td>\n<\/tr>\n<\/tbody>\n<\/table>\n<h4><strong>Personal docente y personal no docente<br \/>\n<\/strong><\/h4>\n<p class=\"western\" align=\"justify\">La plantilla docente del centro est\u00e1 formada por 10 maestros\/as: 2 Educaci\u00f3n Infantil, 1 Educaci\u00f3n Primaria, 1 Ingl\u00e9s Primaria, 2 Educaci\u00f3n F\u00edsica Primaria, 1 M\u00fasica Primaria, 1 Pedagog\u00eda Terap\u00e9utica, 1 Franc\u00e9s Primaria y 1 Religi\u00f3n Cat\u00f3lica (Acude 2 d\u00edas a la semana).<\/p>\n<p class=\"western\" align=\"justify\">El Equipo de Apoyo Externo est\u00e1 formado por una logopeda que viene dos horas a la semana y una orientadora que viene un d\u00eda cada quince d\u00edas.<\/p>\n<p class=\"western\" align=\"justify\">El personal no docente est\u00e1 formado por un administrativo y una limpiadora contratada por el ayuntamiento.<\/p>\n<h4><strong>Alumnado<\/strong><\/h4>\n<p>Contamos con un total de 50 discentes: 15 en Infantil, 4 en la sede de Jimera y 11 en la sede de Ca\u00f1ada; y 35 en Primaria, 14 en la sede de Jimera y 21 en la sede de Ca\u00f1ada.&nbsp;<\/p>\n","protected":false},"excerpt":{"rendered":"<p>Datos del centro El CPR \u00bb Valle del Guadiaro\u00bb se compone de dos sedes, una en Jimera de L\u00edbar y otra en Ca\u00f1ada del Real Tesoro. La sede matriz se encuentra en Ca\u00f1ada del&#46;&#46;&#46;<\/p>\n","protected":false},"author":4494,"featured_media":0,"parent":9552,"menu_order":1,"comment_status":"closed","ping_status":"open","template":"page-templates\/child-menu.php","meta":{"ngg_post_thumbnail":0,"footnotes":"","_mc_calendar":[]},"aioseo_notices":[],"_links":{"self":[{"href":"https:\/\/blogsaverroes.juntadeandalucia.es\/cprvalledelguadiaro\/index.php?rest_route=\/wp\/v2\/pages\/35"}],"collection":[{"href":"https:\/\/blogsaverroes.juntadeandalucia.es\/cprvalledelguadiaro\/index.php?rest_route=\/wp\/v2\/pages"}],"about":[{"href":"https:\/\/blogsaverroes.juntadeandalucia.es\/cprvalledelguadiaro\/index.php?rest_route=\/wp\/v2\/types\/page"}],"author":[{"embeddable":true,"href":"https:\/\/blogsaverroes.juntadeandalucia.es\/cprvalledelguadiaro\/index.php?rest_route=\/wp\/v2\/users\/4494"}],"replies":[{"embeddable":true,"href":"https:\/\/blogsaverroes.juntadeandalucia.es\/cprvalledelguadiaro\/index.php?rest_route=%2Fwp%2Fv2%2Fcomments&post=35"}],"version-history":[{"count":20,"href":"https:\/\/blogsaverroes.juntadeandalucia.es\/cprvalledelguadiaro\/index.php?rest_route=\/wp\/v2\/pages\/35\/revisions"}],"predecessor-version":[{"id":12866,"href":"https:\/\/blogsaverroes.juntadeandalucia.es\/cprvalledelguadiaro\/index.php?rest_route=\/wp\/v2\/pages\/35\/revisions\/12866"}],"up":[{"embeddable":true,"href":"https:\/\/blogsaverroes.juntadeandalucia.es\/cprvalledelguadiaro\/index.php?rest_route=\/wp\/v2\/pages\/9552"}],"wp:attachment":[{"href":"https:\/\/blogsaverroes.juntadeandalucia.es\/cprvalledelguadiaro\/index.php?rest_route=%2Fwp%2Fv2%2Fmedia&parent=35"}],"curies":[{"name":"wp","href":"https:\/\/api.w.org\/{rel}","templated":true}]}}

<h4><strong>Datos del centro</strong></h4>
<p>El CPR » Valle del Guadiaro» se compone de dos sedes, una en Jimera de Líbar y otra en Cañada del Real Tesoro. La sede matriz se encuentra en Cañada del Real Tesoro.</p>
<p><strong>Dirección y contacto:</strong></p>
<table style="border-collapse: collapse;width: 100%;height: 181px">
<tbody>
<tr>
<td style="width: 50%"><strong>Sede en Jimera de Líbar</strong></p>
<p>C/ Nueva, Nº 1. CP 29392. Jimera de Líbar, Málaga.</p>
<p>Teléfono móvil: 697950993</td>
<td style="width: 50%">&nbsp;</p>
<p>&nbsp;</p>
<p>&nbsp;</p>
<p><strong>Sede en Cañada del Real Tesoro</strong></p>
<p>C/ Costerilla II, S/N. C.P. 29391.&nbsp;Cañada del Real Tesoro, Málaga.</p>
<p>Teléfono móvil: 697951609</p>
<p>Teléfono fijo: 952159911&nbsp;</p>
<p>FAX: 952159910</p>
<p>Email:&nbsp;29602001.edu@juntadeandalucia.es</td>
</tr>
</tbody>
</table>
<h4><strong>Horarios<br />
</strong></h4>
<p class="western" align="justify">Oficina:</p>
<p class="western" align="justify">Lectivo: de lunes a viernes de 9:00 a 14:00 horas</p>
<p class="western" align="justify">Tutorías: los lunes de 16:00 a 20:00</p>
<p class="western" align="justify">Refuerzo educativo (PROA y PALE):</p>
<table style="border-collapse: collapse;width: 100%">
<tbody>
<tr>
<td style="width: 25%">&nbsp;</td>
<td style="width: 25%">Cañada del Real Tesoro</td>
<td style="width: 50%">Jimera de Líbar</td>
</tr>
<tr>
<td style="width: 25%">PROA</td>
<td style="width: 25%">Lunes y miércoles &#8211; 4 a 6</td>
<td style="width: 50%">Martes y jueves &#8211; 4 a 6</td>
</tr>
<tr>
<td style="width: 25%">PALE</td>
<td style="width: 25%">Lunes y miércoles &#8211; 3 a 4</td>
<td style="width: 50%">Martes y jueves &#8211; 3 a 4</td>
</tr>
</tbody>
</table>
<h4><strong>Personal docente y personal no docente<br />
</strong></h4>
<p class="western" align="justify">La plantilla docente del centro está formada por 10 maestros/as: 2 Educación Infantil, 1 Educación Primaria, 1 Inglés Primaria, 2 Educación Física Primaria, 1 Música Primaria, 1 Pedagogía Terapéutica, 1 Francés Primaria y 1 Religión Católica (Acude 2 días a la semana).</p>
<p class="western" align="justify">El Equipo de Apoyo Externo está formado por una logopeda que viene dos horas a la semana y una orientadora que viene un día cada quince días.</p>
<p class="western" align="justify">El personal no docente está formado por un administrativo y una limpiadora contratada por el ayuntamiento.</p>
<h4><strong>Alumnado</strong></h4>
<p>Contamos con un total de 50 discentes: 15 en Infantil, 4 en la sede de Jimera y 11 en la sede de Cañada; y 35 en Primaria, 14 en la sede de Jimera y 21 en la sede de Cañada.&nbsp;</p>

<p>Datos del centro El CPR » Valle del Guadiaro» se compone de dos sedes, una en Jimera de Líbar y otra en Cañada del Real Tesoro. La sede matriz se encuentra en Cañada del&#46;&#46;&#46;</p>
