{"id":9552,"date":"2023-03-26T18:35:32","date_gmt":"2023-03-26T18:35:32","guid":{"rendered":"https:\/\/blogsaverroes.juntadeandalucia.es\/cprvalledelguadiaro\/?page_id=9552"},"modified":"2023-04-01T10:51:28","modified_gmt":"2023-04-01T10:51:28","slug":"centro","status":"publish","type":"page","link":"https:\/\/blogsaverroes.juntadeandalucia.es\/cprvalledelguadiaro\/?page_id=9552","title":{"rendered":"Centro"},"content":{"rendered":"<p>El CPR Valle del Guadiaro da la bienvenida a toda la comunidad educativa a nuestro blog.<\/p>\n<p>En \u00e9l os informaremos sobre la estructura y organizaci\u00f3n del centro y os tendremos al d\u00eda de todas las noticias, convivencias, actividades y aspectos importantes que vayan sucediendo en nuestro cole. Os invitamos a que d\u00e9is un paseo por el blog y nos conozc\u00e1is mejor.<\/p>\n","protected":false},"excerpt":{"rendered":"<p>El CPR Valle del Guadiaro da la bienvenida a toda la comunidad educativa a nuestro blog. En \u00e9l os informaremos sobre la estructura y organizaci\u00f3n del centro y os tendremos al d\u00eda de todas&#46;&#46;&#46;<\/p>\n","protected":false},"author":4494,"featured_media":0,"parent":0,"menu_order":0,"comment_status":"closed","ping_status":"closed","template":"","meta":{"ngg_post_thumbnail":0,"footnotes":"","_mc_calendar":[]},"aioseo_notices":[],"_links":{"self":[{"href":"https:\/\/blogsaverroes.juntadeandalucia.es\/cprvalledelguadiaro\/index.php?rest_route=\/wp\/v2\/pages\/9552"}],"collection":[{"href":"https:\/\/blogsaverroes.juntadeandalucia.es\/cprvalledelguadiaro\/index.php?rest_route=\/wp\/v2\/pages"}],"about":[{"href":"https:\/\/blogsaverroes.juntadeandalucia.es\/cprvalledelguadiaro\/index.php?rest_route=\/wp\/v2\/types\/page"}],"author":[{"embeddable":true,"href":"https:\/\/blogsaverroes.juntadeandalucia.es\/cprvalledelguadiaro\/index.php?rest_route=\/wp\/v2\/users\/4494"}],"replies":[{"embeddable":true,"href":"https:\/\/blogsaverroes.juntadeandalucia.es\/cprvalledelguadiaro\/index.php?rest_route=%2Fwp%2Fv2%2Fcomments&post=9552"}],"version-history":[{"count":4,"href":"https:\/\/blogsaverroes.juntadeandalucia.es\/cprvalledelguadiaro\/index.php?rest_route=\/wp\/v2\/pages\/9552\/revisions"}],"predecessor-version":[{"id":9687,"href":"https:\/\/blogsaverroes.juntadeandalucia.es\/cprvalledelguadiaro\/index.php?rest_route=\/wp\/v2\/pages\/9552\/revisions\/9687"}],"wp:attachment":[{"href":"https:\/\/blogsaverroes.juntadeandalucia.es\/cprvalledelguadiaro\/index.php?rest_route=%2Fwp%2Fv2%2Fmedia&parent=9552"}],"curies":[{"name":"wp","href":"https:\/\/api.w.org\/{rel}","templated":true}]}}