{"id":2228,"date":"2020-09-22T08:06:53","date_gmt":"2020-09-22T08:06:53","guid":{"rendered":"https:\/\/blogsaverroes.juntadeandalucia.es\/cprzalabi\/?page_id=2228"},"modified":"2020-09-22T09:30:44","modified_gmt":"2020-09-22T09:30:44","slug":"saludos","status":"publish","type":"page","link":"https:\/\/blogsaverroes.juntadeandalucia.es\/cprzalabi\/saludos\/","title":{"rendered":"Saludo"},"content":{"rendered":"<p>Nuestro C.P.R. \u00abZalab\u00ed\u00bb es un centro escolar abierto a toda la Comunidad Educativa.<\/p>\n<p>Est\u00e1 formado por secciones o conjunto de aulas ubicadas en diferentes n\u00facleos de poblaci\u00f3n (en nuestro caso, en Exfiliana, Alcudia de Guadix y Charches) cuya finalidad es la de compartir recursos, profesorado y desarrollar actividades comunes y encuentros que favorezcan al proceso de socializaci\u00f3n del alumnado.<\/p>\n<p style=\"text-align: left\"><img loading=\"lazy\" decoding=\"async\" class=\"alignleft\" src=\"https:\/\/upload.wikimedia.org\/wikipedia\/commons\/thumb\/4\/43\/Granada-loc-Valle_del_Zabal%C3%AD.svg\/266px-Granada-loc-Valle_del_Zabal%C3%AD.svg.png\" alt=\"Alcudia de Guadix - Wikipedia, la enciclopedia libre\" width=\"309\" height=\"274\"><\/p>\n<p>&nbsp;<\/p>\n<p style=\"text-align: left\">Por otro lado, los C.P.R., al igual que el resto de escuelas rurales, se caracterizan por tener una estructura con grupo multigrado; es decir, en algunas de sus aulas, ni\u00f1os y ni\u00f1as de diferentes cursos, e incluso etapas educativas, comparten su proceso de ense\u00f1anza-aprendizaje en un espacio com\u00fan en el que son guiados por un \u00fanico maestro o maestra.<\/p>\n<p>&nbsp;<\/p>\n<p>&nbsp;<\/p>\n<p style=\"text-align: left\">Una vez definido las caracter\u00edsticas m\u00e1s principales de nuestro colegio p\u00fablico rural, estimamos necesario mostrarles qu\u00e9 pretendemos fomentar en nuestro alumnado para su \u00f3ptimo desarrollo educativo:<\/p>\n<p><img loading=\"lazy\" decoding=\"async\" class=\"alignright\" src=\"https:\/\/media4.giphy.com\/media\/cAcofT0wwuRnwZ8PGE\/source.gif\" alt=\"High School Kids Sticker by La Feria de los Colegios for iOS &amp; Android |  GIPHY\" width=\"132\" height=\"132\"><\/p>\n<ul>\n<li>El valor de la educaci\u00f3n.<\/li>\n<li>La convivencia.<\/li>\n<li>La diversidad cultural, \u00e9tnica y religiosa como valor positivo.<\/li>\n<li>La igualdad de todo su alumnado.<\/li>\n<\/ul>\n<p>Este espacio nos permite difundir las experiencias educativas, publicar contenidos y actividades educativas y utilizarlo como recurso did\u00e1ctico del centro.<\/p>\n<p>Mostraremos el esfuerzo y trabajo de nuestra Comunidad Educativa. Si\u00e9ntete part\u00edcipe de ella, t\u00fa formas parte de ella, tu esfuerzo y apoyo es necesario en la educaci\u00f3n de tus hijos\/as.&nbsp;<\/p>\n<p>&nbsp;<\/p>\n","protected":false},"excerpt":{"rendered":"<p>Nuestro C.P.R. \u00abZalab\u00ed\u00bb es un centro escolar abierto a toda la Comunidad Educativa. Est\u00e1 formado por secciones o conjunto de aulas ubicadas en diferentes n\u00facleos de poblaci\u00f3n (en nuestro caso, en Exfiliana, Alcudia de Guadix y Charches) cuya finalidad es la de compartir recursos, profesorado y desarrollar actividades comunes y encuentros que favorezcan al proceso &hellip; <\/p>\n<p><a class=\"more-link btn\" href=\"https:\/\/blogsaverroes.juntadeandalucia.es\/cprzalabi\/saludos\/\">Seguir leyendo<\/a><\/p>\n","protected":false},"author":6990,"featured_media":0,"parent":0,"menu_order":0,"comment_status":"closed","ping_status":"closed","template":"","meta":{"ngg_post_thumbnail":0,"footnotes":"","_mc_calendar":[]},"aioseo_notices":[],"_links":{"self":[{"href":"https:\/\/blogsaverroes.juntadeandalucia.es\/cprzalabi\/wp-json\/wp\/v2\/pages\/2228"}],"collection":[{"href":"https:\/\/blogsaverroes.juntadeandalucia.es\/cprzalabi\/wp-json\/wp\/v2\/pages"}],"about":[{"href":"https:\/\/blogsaverroes.juntadeandalucia.es\/cprzalabi\/wp-json\/wp\/v2\/types\/page"}],"author":[{"embeddable":true,"href":"https:\/\/blogsaverroes.juntadeandalucia.es\/cprzalabi\/wp-json\/wp\/v2\/users\/6990"}],"replies":[{"embeddable":true,"href":"https:\/\/blogsaverroes.juntadeandalucia.es\/cprzalabi\/wp-json\/wp\/v2\/comments?post=2228"}],"version-history":[{"count":5,"href":"https:\/\/blogsaverroes.juntadeandalucia.es\/cprzalabi\/wp-json\/wp\/v2\/pages\/2228\/revisions"}],"predecessor-version":[{"id":2244,"href":"https:\/\/blogsaverroes.juntadeandalucia.es\/cprzalabi\/wp-json\/wp\/v2\/pages\/2228\/revisions\/2244"}],"wp:attachment":[{"href":"https:\/\/blogsaverroes.juntadeandalucia.es\/cprzalabi\/wp-json\/wp\/v2\/media?parent=2228"}],"curies":[{"name":"wp","href":"https:\/\/api.w.org\/{rel}","templated":true}]}}

<p>Nuestro C.P.R. «Zalabí» es un centro escolar abierto a toda la Comunidad Educativa.</p>
<p>Está formado por secciones o conjunto de aulas ubicadas en diferentes núcleos de población (en nuestro caso, en Exfiliana, Alcudia de Guadix y Charches) cuya finalidad es la de compartir recursos, profesorado y desarrollar actividades comunes y encuentros que favorezcan al proceso de socialización del alumnado.</p>
<p style="text-align: left"><img loading="lazy" decoding="async" class="alignleft" src="https://upload.wikimedia.org/wikipedia/commons/thumb/4/43/Granada-loc-Valle_del_Zabal%C3%AD.svg/266px-Granada-loc-Valle_del_Zabal%C3%AD.svg.png" alt="Alcudia de Guadix - Wikipedia, la enciclopedia libre" width="309" height="274"></p>
<p>&nbsp;</p>
<p style="text-align: left">Por otro lado, los C.P.R., al igual que el resto de escuelas rurales, se caracterizan por tener una estructura con grupo multigrado; es decir, en algunas de sus aulas, niños y niñas de diferentes cursos, e incluso etapas educativas, comparten su proceso de enseñanza-aprendizaje en un espacio común en el que son guiados por un único maestro o maestra.</p>
<p>&nbsp;</p>
<p>&nbsp;</p>
<p style="text-align: left">Una vez definido las características más principales de nuestro colegio público rural, estimamos necesario mostrarles qué pretendemos fomentar en nuestro alumnado para su óptimo desarrollo educativo:</p>
<p><img loading="lazy" decoding="async" class="alignright" src="https://media4.giphy.com/media/cAcofT0wwuRnwZ8PGE/source.gif" alt="High School Kids Sticker by La Feria de los Colegios for iOS &amp; Android |  GIPHY" width="132" height="132"></p>
<ul>
<li>El valor de la educación.</li>
<li>La convivencia.</li>
<li>La diversidad cultural, étnica y religiosa como valor positivo.</li>
<li>La igualdad de todo su alumnado.</li>
</ul>
<p>Este espacio nos permite difundir las experiencias educativas, publicar contenidos y actividades educativas y utilizarlo como recurso didáctico del centro.</p>
<p>Mostraremos el esfuerzo y trabajo de nuestra Comunidad Educativa. Siéntete partícipe de ella, tú formas parte de ella, tu esfuerzo y apoyo es necesario en la educación de tus hijos/as.&nbsp;</p>
<p>&nbsp;</p>

<p>Nuestro C.P.R. «Zalabí» es un centro escolar abierto a toda la Comunidad Educativa. Está formado por secciones o conjunto de aulas ubicadas en diferentes núcleos de población (en nuestro caso, en Exfiliana, Alcudia de Guadix y Charches) cuya finalidad es la de compartir recursos, profesorado y desarrollar actividades comunes y encuentros que favorezcan al proceso &hellip; </p>
<p><a class="more-link btn" href="https://blogsaverroes.juntadeandalucia.es/cprzalabi/saludos/">Seguir leyendo</a></p>
