{"id":2229,"date":"2020-09-22T08:06:53","date_gmt":"2020-09-22T08:06:53","guid":{"rendered":"https:\/\/blogsaverroes.juntadeandalucia.es\/cprzalabi\/?page_id=2229"},"modified":"2020-09-22T09:53:05","modified_gmt":"2020-09-22T09:53:05","slug":"objetivos-generales","status":"publish","type":"page","link":"https:\/\/blogsaverroes.juntadeandalucia.es\/cprzalabi\/objetivos-generales\/","title":{"rendered":"Objetivos Generales"},"content":{"rendered":"<p>En nuestro Centro Educativo se imparten las etapas:<\/p>\n<ul>\n<li><em><strong>Educaci\u00f3n Infantil:<\/strong><\/em> correspondi\u00e9ndose a la 2.\u00aa etapa (tres, cuatro y cinco a\u00f1os).<\/li>\n<li><em><strong>Educaci\u00f3n Primaria:&nbsp;<\/strong><\/em>correspondi\u00e9ndose a los tres ciclos de esta etapa.<\/li>\n<\/ul>\n<p><em>&#8211; Primer ciclo<\/em>: Primero y Segundo de Ed. Primaria.<\/p>\n<p><em>&#8211; Segundo ciclo:<\/em> Tercero y Cuarto de Ed. Primaria.<\/p>\n<p><em>&#8211; Tercer ciclo:<\/em> Quinto y Sexto de Ed. Primaria.<\/p>\n<p><img loading=\"lazy\" decoding=\"async\" class=\"aligncenter\" src=\"https:\/\/encrypted-tbn0.gstatic.com\/images?q=tbn%3AANd9GcTpm7T_fUXQawYBcUisTQRQvpDLS1OKjYjElQ&amp;usqp=CAU\" alt=\"Vector Gratis | Sala de juegos de jard\u00edn de infantes montessori, clase de escuela primaria, dibujos animados de interiores de habitaciones de ni\u00f1os\" width=\"489\" height=\"169\"><\/p>\n<p>&nbsp; &nbsp; &nbsp; &nbsp; <img loading=\"lazy\" decoding=\"async\" class=\"\" src=\"https:\/\/media1.giphy.com\/media\/fxa5POpcM0V0k7PrFz\/giphy.gif?cid=6c09b9527bf669d621a6ace1a08ec9f579b37316bece5117&amp;rid=giphy.gif\" alt=\"This Way Arrow Sticker by Rafs Design for iOS &amp; Android | GIPHY\" width=\"88\" height=\"65\"> &nbsp;Como <strong>objetivos generales<\/strong> se proponen:<\/p>\n<ul>\n<li>Promover el clima escolar que beneficie el esfuerzo y el trabajo.<\/li>\n<li>Cooperar para la formaci\u00f3n de ciudadanos libres, cr\u00edticos y democr\u00e1ticos.<\/li>\n<li>Favorecer la participaci\u00f3n y colaboraci\u00f3n de la Comunidad Educativa.<\/li>\n<li>Alcanzar una formaci\u00f3n b\u00e1sica y solidaria que contribuya a la igualdad.<\/li>\n<li>Conseguir una formaci\u00f3n integral del alumnado a trav\u00e9s de la iniciaci\u00f3n, conocimiento y uso funcional de las nuevas tecnolog\u00edas (TICs).<\/li>\n<li>Favorecer la comunicaci\u00f3n&nbsp; entre Centro y familias.<\/li>\n<li>Favorecer la integraci\u00f3n del centro en el entorno.<\/li>\n<\/ul>\n<p>&nbsp;<\/p>\n<p>&nbsp;<\/p>\n","protected":false},"excerpt":{"rendered":"<p>En nuestro Centro Educativo se imparten las etapas: Educaci\u00f3n Infantil: correspondi\u00e9ndose a la 2.\u00aa etapa (tres, cuatro y cinco a\u00f1os). Educaci\u00f3n Primaria:&nbsp;correspondi\u00e9ndose a los tres ciclos de esta etapa. &#8211; Primer ciclo: Primero y Segundo de Ed. Primaria. &#8211; Segundo ciclo: Tercero y Cuarto de Ed. Primaria. &#8211; Tercer ciclo: Quinto y Sexto de Ed. &hellip; <\/p>\n<p><a class=\"more-link btn\" href=\"https:\/\/blogsaverroes.juntadeandalucia.es\/cprzalabi\/objetivos-generales\/\">Seguir leyendo<\/a><\/p>\n","protected":false},"author":6990,"featured_media":0,"parent":0,"menu_order":0,"comment_status":"closed","ping_status":"closed","template":"","meta":{"ngg_post_thumbnail":0,"footnotes":"","_mc_calendar":[]},"aioseo_notices":[],"_links":{"self":[{"href":"https:\/\/blogsaverroes.juntadeandalucia.es\/cprzalabi\/wp-json\/wp\/v2\/pages\/2229"}],"collection":[{"href":"https:\/\/blogsaverroes.juntadeandalucia.es\/cprzalabi\/wp-json\/wp\/v2\/pages"}],"about":[{"href":"https:\/\/blogsaverroes.juntadeandalucia.es\/cprzalabi\/wp-json\/wp\/v2\/types\/page"}],"author":[{"embeddable":true,"href":"https:\/\/blogsaverroes.juntadeandalucia.es\/cprzalabi\/wp-json\/wp\/v2\/users\/6990"}],"replies":[{"embeddable":true,"href":"https:\/\/blogsaverroes.juntadeandalucia.es\/cprzalabi\/wp-json\/wp\/v2\/comments?post=2229"}],"version-history":[{"count":4,"href":"https:\/\/blogsaverroes.juntadeandalucia.es\/cprzalabi\/wp-json\/wp\/v2\/pages\/2229\/revisions"}],"predecessor-version":[{"id":2245,"href":"https:\/\/blogsaverroes.juntadeandalucia.es\/cprzalabi\/wp-json\/wp\/v2\/pages\/2229\/revisions\/2245"}],"wp:attachment":[{"href":"https:\/\/blogsaverroes.juntadeandalucia.es\/cprzalabi\/wp-json\/wp\/v2\/media?parent=2229"}],"curies":[{"name":"wp","href":"https:\/\/api.w.org\/{rel}","templated":true}]}}