{"id":44,"date":"2022-03-13T08:42:15","date_gmt":"2022-03-13T08:42:15","guid":{"rendered":"http:\/\/blogsaverroes.juntadeandalucia.es\/pre\/ceip\/?page_id=44"},"modified":"2025-10-27T12:40:09","modified_gmt":"2025-10-27T12:40:09","slug":"planes-y-proyectos","status":"publish","type":"page","link":"https:\/\/blogsaverroes.juntadeandalucia.es\/cprzalabi\/planes-y-proyectos\/","title":{"rendered":"Planes y Programas Educativos"},"content":{"rendered":"<p><img loading=\"lazy\" decoding=\"async\" class=\"size-medium wp-image-1667 aligncenter\" src=\"https:\/\/blogsaverroes.juntadeandalucia.es\/cprzalabi\/files\/2015\/03\/planes-300x150.png\" alt=\"planes\" width=\"300\" height=\"150\" srcset=\"https:\/\/blogsaverroes.juntadeandalucia.es\/cprzalabi\/files\/2015\/03\/planes-300x150.png 300w, https:\/\/blogsaverroes.juntadeandalucia.es\/cprzalabi\/files\/2015\/03\/planes.png 640w\" sizes=\"(max-width: 300px) 100vw, 300px\" \/><\/p>\n<p>Cada centro personaliza y adapta su Proyecto Educativo adheri\u00e9ndose a diferentes <strong>Planes y Programas<\/strong> promovidos desde la Consejer\u00eda de Educaci\u00f3n, Cultura y Deporte.<\/p>\n<p><strong><u>COORDINACI\u00d3N DE PLANES Y PROGRAMAS EDUCATIVOS 25\/26<\/u><\/strong><\/p>\n<p><strong>COEDUCACI\u00d3N&nbsp;<\/strong><\/p>\n<p>Carolina Jim\u00e9nez Valenzuela<\/p>\n<p><strong>ESCUELA ESPACIO DE PAZ<\/strong><\/p>\n<p>Beatriz Escudero Moreno<\/p>\n<p><strong>PROA Y PROA + TRANSF\u00d3RMATE<\/strong><\/p>\n<p>Hilario LLorente Bastidas<\/p>\n<p><strong>PROGRAMA ESCOLAR DE CONSUMO DE FRUTAS Y LECHE&nbsp;<\/strong><\/p>\n<p>Lourdes Molina Mi\u00f1\u00e1n<\/p>\n<p><strong>TDE<\/strong><\/p>\n<p>Jos\u00e9 Juan Rom\u00e1n Amezcua<\/p>\n<p><strong>H\u00c1BITOS DE VIDA SALUDABLE&nbsp;<\/strong><\/p>\n<p>Paloma Garc\u00eda Lozano<\/p>\n<p><strong>BIBLIOTECAS ESCOLARES<\/strong><\/p>\n<p>Hilario Llorente Bastidas<\/p>\n<p><strong>BILING\u00fcISMO<\/strong><\/p>\n<p>Cristina Robles Hern\u00e1ndez<\/p>\n<p><strong>STEM<\/strong><\/p>\n<p>Mar\u00eda Aroza V\u00edchez<\/p>\n<p><strong>STEAM 4.0<\/strong><\/p>\n<p>Hilario LLorente Bastidas<\/p>\n<p>&nbsp;<\/p>\n<p><strong><u>COORDINACI\u00d3N DE PLANES Y PROGRAMAS EDUCATIVOS 24\/25<\/u><\/strong><\/p>\n<p><strong>PROGRAMA CIMA<\/strong><\/p>\n<p>MANUEL \u00c1NGEL BERRIO GUTI\u00c9RREZ<\/p>\n<p><strong>ALIMENTACI\u00d3N SALUDABLE<\/strong><\/p>\n<p>M\u00aa DE LOS \u00c1NGELES JIM\u00c9NEZ FIGUEROA<\/p>\n<p><strong>ALDEA<\/strong><\/p>\n<p>RAFAEL JEREZ ANERA<\/p>\n<p><strong>TDE TRANSFORMACI\u00d3N DIGITAL EDUCATIVA<\/strong><\/p>\n<p>JOSE JUAN ROM\u00c1N AMEZCUA<\/p>\n<p><strong>IGUALDAD DE G\u00c9NERO<\/strong><\/p>\n<p>MAR\u00cdA MU\u00d1OZ YEDRA<\/p>\n<p><strong>BIBLIOTECAS ESCOLARES<\/strong><\/p>\n<p>HILARIO LLORENTE BASTIDAS<\/p>\n<p><strong>EQUIPO DE APOYO A LA BIBLIOTECA ESCOLAR<\/strong><\/p>\n<p>CLARA BAENA (Exfiliana) SUSANA ELENA S\u00c1NCHEZ (Charches)<\/p>\n<p><strong>ESCUELA ESPACIO DE PAZ<\/strong><\/p>\n<p>MAR\u00cdA AROZA V\u00cdLCHEZ<\/p>\n<p><strong>PROA + PLUS<\/strong><\/p>\n<p>HILARIO LLORENTE BASTIDAS<\/p>\n<p><strong>BILINGUISMO<\/strong><\/p>\n<p>CRISTINA ROBLES HERN\u00c1NDEZ<\/p>\n<p>&nbsp;<\/p>\n<p><strong><u>AUXILIAR DE CONVERSACI\u00d3N<\/u><\/strong><\/p>\n<p>ABIGAIL PRESSON WALLACE<\/p>\n<p><strong>Planes y Programas educativos desarrollados por nuestro centro y sus respectivos coordinadores\/as durante el curso 2023\/2024.&nbsp;<\/strong><\/p>\n<ul>\n<li><strong>Plan de igualdad de g\u00e9nero. <\/strong>Clara Josefa Baena<\/li>\n<li><strong>Plan de lectura y biblioteca. <\/strong>Lourdes Molina<\/li>\n<li><strong>Plan de apertura (Actividades Extraescolares PROA). <\/strong>Solicitado<\/li>\n<li><strong>Proyecto biling\u00fce.&nbsp;<\/strong>Cristina Robles Fern\u00e1ndez<\/li>\n<li><b>Proa +.&nbsp;<\/b>Hilario LLorente Bastidas<\/li>\n<li><strong>Escuela espacio de paz. <\/strong>Lucia Mart\u00ednez<\/li>\n<li><strong>Plan de salud laboral y prevenci\u00f3n de riesgos laborales.&nbsp;<\/strong>Hilario LLorente Bastida<\/li>\n<li><strong>Competencia Digital TDE<\/strong>. Jos\u00e9 Juan Ram\u00f3n Amezcua.<\/li>\n<\/ul>\n<p>&nbsp;<\/p>\n","protected":false},"excerpt":{"rendered":"<p>Cada centro personaliza y adapta su Proyecto Educativo adheri\u00e9ndose a diferentes Planes y Programas promovidos desde la Consejer\u00eda de Educaci\u00f3n, Cultura y Deporte. COORDINACI\u00d3N DE PLANES Y PROGRAMAS EDUCATIVOS 25\/26 COEDUCACI\u00d3N&nbsp; Carolina Jim\u00e9nez Valenzuela ESCUELA ESPACIO DE PAZ Beatriz Escudero Moreno PROA Y PROA + TRANSF\u00d3RMATE Hilario LLorente Bastidas PROGRAMA ESCOLAR DE CONSUMO DE FRUTAS &hellip; <\/p>\n<p><a class=\"more-link btn\" href=\"https:\/\/blogsaverroes.juntadeandalucia.es\/cprzalabi\/planes-y-proyectos\/\">Seguir leyendo<\/a><\/p>\n","protected":false},"author":1,"featured_media":0,"parent":0,"menu_order":0,"comment_status":"closed","ping_status":"closed","template":"","meta":{"ngg_post_thumbnail":0,"footnotes":"","_mc_calendar":[]},"aioseo_notices":[],"_links":{"self":[{"href":"https:\/\/blogsaverroes.juntadeandalucia.es\/cprzalabi\/wp-json\/wp\/v2\/pages\/44"}],"collection":[{"href":"https:\/\/blogsaverroes.juntadeandalucia.es\/cprzalabi\/wp-json\/wp\/v2\/pages"}],"about":[{"href":"https:\/\/blogsaverroes.juntadeandalucia.es\/cprzalabi\/wp-json\/wp\/v2\/types\/page"}],"author":[{"embeddable":true,"href":"https:\/\/blogsaverroes.juntadeandalucia.es\/cprzalabi\/wp-json\/wp\/v2\/users\/1"}],"replies":[{"embeddable":true,"href":"https:\/\/blogsaverroes.juntadeandalucia.es\/cprzalabi\/wp-json\/wp\/v2\/comments?post=44"}],"version-history":[{"count":17,"href":"https:\/\/blogsaverroes.juntadeandalucia.es\/cprzalabi\/wp-json\/wp\/v2\/pages\/44\/revisions"}],"predecessor-version":[{"id":9699,"href":"https:\/\/blogsaverroes.juntadeandalucia.es\/cprzalabi\/wp-json\/wp\/v2\/pages\/44\/revisions\/9699"}],"wp:attachment":[{"href":"https:\/\/blogsaverroes.juntadeandalucia.es\/cprzalabi\/wp-json\/wp\/v2\/media?parent=44"}],"curies":[{"name":"wp","href":"https:\/\/api.w.org\/{rel}","templated":true}]}}