{"id":871,"date":"2021-09-16T07:25:46","date_gmt":"2021-09-16T07:25:46","guid":{"rendered":"http:\/\/blogsaverroes.juntadeandalucia.es\/pre\/ceip\/?page_id=106"},"modified":"2024-09-19T11:16:49","modified_gmt":"2024-09-19T11:16:49","slug":"actividades-extraescolares","status":"publish","type":"page","link":"https:\/\/blogsaverroes.juntadeandalucia.es\/cprzalabi\/actividades-extraescolares\/","title":{"rendered":"Actividades extraescolares y semanas interdisciplinares"},"content":{"rendered":"<h4 style=\"text-align: center\">Ejemplo de informaci\u00f3n sobre las actividades extraescolares<\/h4>\n<h4 style=\"text-align: center\"><a href=\"https:\/\/blogsaverroes.juntadeandalucia.es\/cprzalabi\/files\/2015\/03\/talleres.jpg\"><img loading=\"lazy\" decoding=\"async\" class=\"wp-image-228 size-medium aligncenter\" src=\"https:\/\/blogsaverroes.juntadeandalucia.es\/cprzalabi\/files\/2015\/03\/talleres-300x199.jpg\" alt=\"\" width=\"300\" height=\"199\" srcset=\"https:\/\/blogsaverroes.juntadeandalucia.es\/cprzalabi\/files\/2015\/03\/talleres-300x199.jpg 300w, https:\/\/blogsaverroes.juntadeandalucia.es\/cprzalabi\/files\/2015\/03\/talleres-1024x682.jpg 1024w, https:\/\/blogsaverroes.juntadeandalucia.es\/cprzalabi\/files\/2015\/03\/talleres.jpg 1280w\" sizes=\"(max-width: 300px) 100vw, 300px\" \/><\/a><\/h4>\n<p style=\"text-align: left\">Las actividades extraescolares tienen lugar en horario de tarde, hasta las 18.00, y abarcan aspectos como la lectura, el deporte, la m\u00fasica, la inform\u00e1tica, los idiomas, la danza o el teatro, entre otras actividades l\u00fadicas y formativas.<\/p>\n<p>Para hacer posible la realizaci\u00f3n de estas actividades fuera del horario lectivo, los centros pueden abrir sus instalaciones hasta las 18.00 todos los d\u00edas lectivos con excepci\u00f3n de los viernes, en los que el cierre se establece a las 16.00.<\/p>\n<p>Cuando el centro educativo tenga extraescolares planteadas a desarrollar, se les comunicar\u00e1 a las familias a trav\u00e9s de un comunicado escrito (autorizaci\u00f3n) que se les proporcionar\u00e1 al alumnado con la siguiente informaci\u00f3n: tipo de taller o actividad programada a realizar, horarios, precios, etc&#8230;&nbsp;<\/p>\n<p>Actualmente se est\u00e1 desempe\u00f1ando el programa PROA en las tres sedes del centro, como acompa\u00f1amiento escolar , en la realizaci\u00f3n de tareas pedag\u00f3gicas.<\/p>\n<p><strong>SEMANAS INTERDISCIPLINARES CURSO 24\/25<\/strong><\/p>\n<ul>\n<li>18-22 Noviembre de 2024: \u00abEl espacio\u00bb<\/li>\n<li>7-11 abril de 2025: \u00abLa ciencia\u00bb<\/li>\n<li>16-20 junio de 2025: \u00abEl cine\u00bb<\/li>\n<\/ul>\n<p>&nbsp; &nbsp; &nbsp; &nbsp; &nbsp; &nbsp;&nbsp;<\/p>\n<p style=\"text-align: center\">&nbsp;<\/p>\n","protected":false},"excerpt":{"rendered":"<p>Ejemplo de informaci\u00f3n sobre las actividades extraescolares Las actividades extraescolares tienen lugar en horario de tarde, hasta las 18.00, y abarcan aspectos como la lectura, el deporte, la m\u00fasica, la inform\u00e1tica, los idiomas, la danza o el teatro, entre otras actividades l\u00fadicas y formativas. Para hacer posible la realizaci\u00f3n de estas actividades fuera del horario &hellip; <\/p>\n<p><a class=\"more-link btn\" href=\"https:\/\/blogsaverroes.juntadeandalucia.es\/cprzalabi\/actividades-extraescolares\/\">Seguir leyendo<\/a><\/p>\n","protected":false},"author":1,"featured_media":0,"parent":0,"menu_order":0,"comment_status":"closed","ping_status":"open","template":"","meta":{"ngg_post_thumbnail":0,"footnotes":"","_mc_calendar":[]},"aioseo_notices":[],"_links":{"self":[{"href":"https:\/\/blogsaverroes.juntadeandalucia.es\/cprzalabi\/wp-json\/wp\/v2\/pages\/871"}],"collection":[{"href":"https:\/\/blogsaverroes.juntadeandalucia.es\/cprzalabi\/wp-json\/wp\/v2\/pages"}],"about":[{"href":"https:\/\/blogsaverroes.juntadeandalucia.es\/cprzalabi\/wp-json\/wp\/v2\/types\/page"}],"author":[{"embeddable":true,"href":"https:\/\/blogsaverroes.juntadeandalucia.es\/cprzalabi\/wp-json\/wp\/v2\/users\/1"}],"replies":[{"embeddable":true,"href":"https:\/\/blogsaverroes.juntadeandalucia.es\/cprzalabi\/wp-json\/wp\/v2\/comments?post=871"}],"version-history":[{"count":12,"href":"https:\/\/blogsaverroes.juntadeandalucia.es\/cprzalabi\/wp-json\/wp\/v2\/pages\/871\/revisions"}],"predecessor-version":[{"id":7117,"href":"https:\/\/blogsaverroes.juntadeandalucia.es\/cprzalabi\/wp-json\/wp\/v2\/pages\/871\/revisions\/7117"}],"wp:attachment":[{"href":"https:\/\/blogsaverroes.juntadeandalucia.es\/cprzalabi\/wp-json\/wp\/v2\/media?parent=871"}],"curies":[{"name":"wp","href":"https:\/\/api.w.org\/{rel}","templated":true}]}}

<h4 style="text-align: center">Ejemplo de información sobre las actividades extraescolares</h4>
<h4 style="text-align: center"><a href="https://blogsaverroes.juntadeandalucia.es/cprzalabi/files/2015/03/talleres.jpg"><img loading="lazy" decoding="async" class="wp-image-228 size-medium aligncenter" src="https://blogsaverroes.juntadeandalucia.es/cprzalabi/files/2015/03/talleres-300x199.jpg" alt="" width="300" height="199" srcset="https://blogsaverroes.juntadeandalucia.es/cprzalabi/files/2015/03/talleres-300x199.jpg 300w, https://blogsaverroes.juntadeandalucia.es/cprzalabi/files/2015/03/talleres-1024x682.jpg 1024w, https://blogsaverroes.juntadeandalucia.es/cprzalabi/files/2015/03/talleres.jpg 1280w" sizes="(max-width: 300px) 100vw, 300px" /></a></h4>
<p style="text-align: left">Las actividades extraescolares tienen lugar en horario de tarde, hasta las 18.00, y abarcan aspectos como la lectura, el deporte, la música, la informática, los idiomas, la danza o el teatro, entre otras actividades lúdicas y formativas.</p>
<p>Para hacer posible la realización de estas actividades fuera del horario lectivo, los centros pueden abrir sus instalaciones hasta las 18.00 todos los días lectivos con excepción de los viernes, en los que el cierre se establece a las 16.00.</p>
<p>Cuando el centro educativo tenga extraescolares planteadas a desarrollar, se les comunicará a las familias a través de un comunicado escrito (autorización) que se les proporcionará al alumnado con la siguiente información: tipo de taller o actividad programada a realizar, horarios, precios, etc&#8230;&nbsp;</p>
<p>Actualmente se está desempeñando el programa PROA en las tres sedes del centro, como acompañamiento escolar , en la realización de tareas pedagógicas.</p>
<p><strong>SEMANAS INTERDISCIPLINARES CURSO 24/25</strong></p>
<ul>
<li>18-22 Noviembre de 2024: «El espacio»</li>
<li>7-11 abril de 2025: «La ciencia»</li>
<li>16-20 junio de 2025: «El cine»</li>
</ul>
<p>&nbsp; &nbsp; &nbsp; &nbsp; &nbsp; &nbsp;&nbsp;</p>
<p style="text-align: center">&nbsp;</p>

<p>Ejemplo de información sobre las actividades extraescolares Las actividades extraescolares tienen lugar en horario de tarde, hasta las 18.00, y abarcan aspectos como la lectura, el deporte, la música, la informática, los idiomas, la danza o el teatro, entre otras actividades lúdicas y formativas. Para hacer posible la realización de estas actividades fuera del horario &hellip; </p>
<p><a class="more-link btn" href="https://blogsaverroes.juntadeandalucia.es/cprzalabi/actividades-extraescolares/">Seguir leyendo</a></p>
