{"id":1450,"date":"2022-02-20T23:06:56","date_gmt":"2022-02-20T22:06:56","guid":{"rendered":"https:\/\/blogsaverroes.juntadeandalucia.es\/cpsacratif\/?page_id=1450"},"modified":"2022-02-20T23:11:30","modified_gmt":"2022-02-20T22:11:30","slug":"aula-de-convivencia","status":"publish","type":"page","link":"https:\/\/blogsaverroes.juntadeandalucia.es\/cpsacratif\/aula-de-convivencia\/","title":{"rendered":"Aula de convivencia"},"content":{"rendered":"<h1 class=\"entry-title\">&nbsp;<\/h1>\n<div class=\"entry-content\">\n<p><a class=\"fancyboxforwp\" href=\"http:\/\/iespalmeral.es\/wp-content\/uploads\/2016\/03\/AULA-CONVI.jpg\" data-fancybox=\"gallery\"><img loading=\"lazy\" decoding=\"async\" class=\"aligncenter wp-image-1487\" src=\"http:\/\/iespalmeral.es\/wp-content\/uploads\/2016\/03\/AULA-CONVI.jpg\" alt=\"AULA CONVI\" width=\"467\" height=\"157\"><\/a><br \/>\n<span style=\"font-family: 'arial black', sans-serif\">De acuerdo con lo establecido en el art\u00edculo <strong>9 del Decreto 19\/2007<\/strong>, <strong>de 23 de enero<\/strong>, los centros educativos podr\u00e1n crear <strong>Aulas de convivencia <\/strong>para el tratamiento individualizado del alumnado que, como consecuencia de la imposici\u00f3n de una correcci\u00f3n o medida disciplinaria por alguna de las conductas tipificadas en los art\u00edculos 20 y 23 del citado Decreto, se vea privado de su derecho a participar en el normal desarrollo de las actividades lectivas. La creaci\u00f3n de dicha Aula depender\u00e1, entre otros aspectos, de que el centro cuente con un n\u00famero suficiente de profesore, s y profesoras que se encarguen de la atenci\u00f3n educativa del alumnado que asista a la misma.<\/span><\/p>\n<h4><span style=\"font-family: 'arial black', sans-serif\">La creaci\u00f3n del Aula de Convivencia surge, pues, como una necesidad de dar respuesta a la atenci\u00f3n educativa que requiere la diversidad del alumnado de los centros. Se plantea como una medida para intentar mejorar las conductas y actitudes de aquellos alumnos y alumnas que presentan dificultades en la convivencia y, con ello, mejorar el clima de convivencia del grupo-clase y del centro en su conjunto.<\/span><br \/>\n<span style=\"font-family: 'arial black', sans-serif\">Como el resto de posibles actuaciones preventivas para la mejora de la convivencia, esta medida deber\u00e1 estar recogida en el Plan de Convivencia del centro.<\/span><\/h4>\n<h4><span style=\"font-family: 'arial black', sans-serif\"><strong>Criterios y condiciones para que un alumno o alumna sea atendido en el Aula de Convivencia<\/strong><\/span><\/h4>\n<h4><span style=\"font-family: 'arial black', sans-serif\">El <strong>Aula de Convivencia<\/strong> es un espacio educativo donde el alumnado podr\u00e1 acudir exclusivamente cuando se vea privado de su derecho a participar en el normal desarrollo de las actividades lectivas como consecuencia de la imposici\u00f3n de una correcci\u00f3n o medida disciplinaria por alguna de las conductas tipificadas en los <strong>art\u00edculos 20 y 23 del Decreto 19\/2007, de 23 de enero<\/strong>. Es necesario, por tanto, que el alumno o alumna haya recibido alguna correcci\u00f3n por su conducta, pero no es suficiente, ya que no todos los alumnos o alumnas sancionados tienen que ser derivados a dicha Aula. Tampoco es preciso que un alumno o alumna est\u00e9 toda la jornada escolar en el Aula, sino que el Plan de Convivencia deber\u00e1 establecer las condiciones adicionales para que un alumno o alumna sea atendido en ella<\/span><\/h4>\n<h4><span style=\"font-family: 'arial black', sans-serif\"><a class=\"fancyboxforwp\" href=\"http:\/\/iespalmeral.es\/wp-content\/uploads\/2016\/03\/AULA-CONVIVENCIA.jpg\" data-fancybox=\"gallery\"><img loading=\"lazy\" decoding=\"async\" class=\"aligncenter wp-image-1494\" src=\"http:\/\/iespalmeral.es\/wp-content\/uploads\/2016\/03\/AULA-CONVIVENCIA-300x199.jpg\" alt=\"AULA CONVIVENCIA\" width=\"250\" height=\"166\"><\/a><\/span><br \/>\n<span style=\"font-family: 'arial black', sans-serif\">Para derivar un alumno o alumna al Aula de Convivencia, deber\u00eda considerarse, especialmente, si con esta medida se van a alcanzar los objetivos establecidos en el Plan de Convivencia. Adem\u00e1s, este Plan de Convivencia del centro podr\u00eda plantear otras condiciones que deber\u00edan darse, como por ejemplo:<\/span><\/h4>\n<h4><span style=\"font-family: 'arial black', sans-serif\">1) Ser reincidente en su actitud y conducta contra las normas de convivencia.<\/span><\/h4>\n<h4><span style=\"font-family: 'arial black', sans-serif\">2) Haber suscrito un Compromiso de Convivencia que implique directamente el trabajar alguno de los objetivos del Aula.<\/span><\/h4>\n<h4><span style=\"font-family: 'arial black', sans-serif\">3) Presentar deficiencias en su autoestima, autocontrol, relaciones personales, disposici\u00f3n hacia las tareas escolares o integraci\u00f3n escolar y\/o social.<\/span><\/h4>\n<h4><span style=\"font-family: 'arial black', sans-serif\">4) La expulsi\u00f3n no favorecer\u00eda la correcci\u00f3n de la conducta y no es percibida por el alumno o alumna como un castigo.<\/span><\/h4>\n<h4><span style=\"font-family: 'arial black', sans-serif\">5) La atenci\u00f3n en el Aula de Convivencia puede mejorar su actitud y sin esta atenci\u00f3n no se garantiza que se mantenga su proceso educativo.<\/span><\/h4>\n<h4><span style=\"font-family: 'arial black', sans-serif\">Asimismo se pueden establecer en este apartado otras condiciones como:<\/span><\/h4>\n<h4><span style=\"font-family: 'arial black', sans-serif\">1) N\u00famero m\u00e1ximo de veces que un alumno o alumna puede ser derivado al Aula.<\/span><\/h4>\n<h4><span style=\"font-family: 'arial black', sans-serif\">2) N\u00famero m\u00e1ximo de d\u00edas y\/o horas al d\u00eda de atenci\u00f3n en el Aula.<\/span><\/h4>\n<h4><span style=\"font-family: 'arial black', sans-serif\">3) N\u00famero m\u00e1ximo de alumnos o alumnas que pueden atenderse simult\u00e1neamente en el Aula.<\/span><\/h4>\n<h4><span style=\"color: #0000ff;font-family: 'arial black', sans-serif\"><a style=\"color: #0000ff\" href=\"http:\/\/iespalmeral.es\/wp-content\/uploads\/2016\/03\/DERIVACI%C3%93N-AULA-DE-CONVIVENCIA.pdf\">PROCESO DE DERIVACI\u00d3N AULA DE CONVIVENCIA<\/a><\/span><\/h4>\n<p><span style=\"font-family: 'arial black', sans-serif\">INFORMACION OBTENIDA DE LA P\u00c1GINA DEL \u00cdES EL PALMERAL. GRACIAS.<\/span><\/p>\n<\/div>\n","protected":false},"excerpt":{"rendered":"<p>&nbsp; De acuerdo con lo establecido en el art\u00edculo 9 del Decreto 19\/2007, de 23 de enero, los centros educativos podr\u00e1n crear Aulas de convivencia para el tratamiento individualizado del alumnado que, como consecuencia de la imposici\u00f3n de una correcci\u00f3n o medida disciplinaria por alguna de las conductas tipificadas en los art\u00edculos 20 y 23 [&hellip;]<\/p>\n","protected":false},"author":11443,"featured_media":0,"parent":0,"menu_order":0,"comment_status":"closed","ping_status":"closed","template":"","meta":{"_et_pb_use_builder":"","_et_pb_old_content":"","_et_gb_content_width":"","ngg_post_thumbnail":0,"footnotes":""},"aioseo_notices":[],"_links":{"self":[{"href":"https:\/\/blogsaverroes.juntadeandalucia.es\/cpsacratif\/wp-json\/wp\/v2\/pages\/1450"}],"collection":[{"href":"https:\/\/blogsaverroes.juntadeandalucia.es\/cpsacratif\/wp-json\/wp\/v2\/pages"}],"about":[{"href":"https:\/\/blogsaverroes.juntadeandalucia.es\/cpsacratif\/wp-json\/wp\/v2\/types\/page"}],"author":[{"embeddable":true,"href":"https:\/\/blogsaverroes.juntadeandalucia.es\/cpsacratif\/wp-json\/wp\/v2\/users\/11443"}],"replies":[{"embeddable":true,"href":"https:\/\/blogsaverroes.juntadeandalucia.es\/cpsacratif\/wp-json\/wp\/v2\/comments?post=1450"}],"version-history":[{"count":4,"href":"https:\/\/blogsaverroes.juntadeandalucia.es\/cpsacratif\/wp-json\/wp\/v2\/pages\/1450\/revisions"}],"predecessor-version":[{"id":1454,"href":"https:\/\/blogsaverroes.juntadeandalucia.es\/cpsacratif\/wp-json\/wp\/v2\/pages\/1450\/revisions\/1454"}],"wp:attachment":[{"href":"https:\/\/blogsaverroes.juntadeandalucia.es\/cpsacratif\/wp-json\/wp\/v2\/media?parent=1450"}],"curies":[{"name":"wp","href":"https:\/\/api.w.org\/{rel}","templated":true}]}}

<h1 class="entry-title">&nbsp;</h1>
<div class="entry-content">
<p><a class="fancyboxforwp" href="http://iespalmeral.es/wp-content/uploads/2016/03/AULA-CONVI.jpg" data-fancybox="gallery"><img loading="lazy" decoding="async" class="aligncenter wp-image-1487" src="http://iespalmeral.es/wp-content/uploads/2016/03/AULA-CONVI.jpg" alt="AULA CONVI" width="467" height="157"></a><br />
<span style="font-family: 'arial black', sans-serif">De acuerdo con lo establecido en el artículo <strong>9 del Decreto 19/2007</strong>, <strong>de 23 de enero</strong>, los centros educativos podrán crear <strong>Aulas de convivencia </strong>para el tratamiento individualizado del alumnado que, como consecuencia de la imposición de una corrección o medida disciplinaria por alguna de las conductas tipificadas en los artículos 20 y 23 del citado Decreto, se vea privado de su derecho a participar en el normal desarrollo de las actividades lectivas. La creación de dicha Aula dependerá, entre otros aspectos, de que el centro cuente con un número suficiente de profesore, s y profesoras que se encarguen de la atención educativa del alumnado que asista a la misma.</span></p>
<h4><span style="font-family: 'arial black', sans-serif">La creación del Aula de Convivencia surge, pues, como una necesidad de dar respuesta a la atención educativa que requiere la diversidad del alumnado de los centros. Se plantea como una medida para intentar mejorar las conductas y actitudes de aquellos alumnos y alumnas que presentan dificultades en la convivencia y, con ello, mejorar el clima de convivencia del grupo-clase y del centro en su conjunto.</span><br />
<span style="font-family: 'arial black', sans-serif">Como el resto de posibles actuaciones preventivas para la mejora de la convivencia, esta medida deberá estar recogida en el Plan de Convivencia del centro.</span></h4>
<h4><span style="font-family: 'arial black', sans-serif"><strong>Criterios y condiciones para que un alumno o alumna sea atendido en el Aula de Convivencia</strong></span></h4>
<h4><span style="font-family: 'arial black', sans-serif">El <strong>Aula de Convivencia</strong> es un espacio educativo donde el alumnado podrá acudir exclusivamente cuando se vea privado de su derecho a participar en el normal desarrollo de las actividades lectivas como consecuencia de la imposición de una corrección o medida disciplinaria por alguna de las conductas tipificadas en los <strong>artículos 20 y 23 del Decreto 19/2007, de 23 de enero</strong>. Es necesario, por tanto, que el alumno o alumna haya recibido alguna corrección por su conducta, pero no es suficiente, ya que no todos los alumnos o alumnas sancionados tienen que ser derivados a dicha Aula. Tampoco es preciso que un alumno o alumna esté toda la jornada escolar en el Aula, sino que el Plan de Convivencia deberá establecer las condiciones adicionales para que un alumno o alumna sea atendido en ella</span></h4>
<h4><span style="font-family: 'arial black', sans-serif"><a class="fancyboxforwp" href="http://iespalmeral.es/wp-content/uploads/2016/03/AULA-CONVIVENCIA.jpg" data-fancybox="gallery"><img loading="lazy" decoding="async" class="aligncenter wp-image-1494" src="http://iespalmeral.es/wp-content/uploads/2016/03/AULA-CONVIVENCIA-300x199.jpg" alt="AULA CONVIVENCIA" width="250" height="166"></a></span><br />
<span style="font-family: 'arial black', sans-serif">Para derivar un alumno o alumna al Aula de Convivencia, debería considerarse, especialmente, si con esta medida se van a alcanzar los objetivos establecidos en el Plan de Convivencia. Además, este Plan de Convivencia del centro podría plantear otras condiciones que deberían darse, como por ejemplo:</span></h4>
<h4><span style="font-family: 'arial black', sans-serif">1) Ser reincidente en su actitud y conducta contra las normas de convivencia.</span></h4>
<h4><span style="font-family: 'arial black', sans-serif">2) Haber suscrito un Compromiso de Convivencia que implique directamente el trabajar alguno de los objetivos del Aula.</span></h4>
<h4><span style="font-family: 'arial black', sans-serif">3) Presentar deficiencias en su autoestima, autocontrol, relaciones personales, disposición hacia las tareas escolares o integración escolar y/o social.</span></h4>
<h4><span style="font-family: 'arial black', sans-serif">4) La expulsión no favorecería la corrección de la conducta y no es percibida por el alumno o alumna como un castigo.</span></h4>
<h4><span style="font-family: 'arial black', sans-serif">5) La atención en el Aula de Convivencia puede mejorar su actitud y sin esta atención no se garantiza que se mantenga su proceso educativo.</span></h4>
<h4><span style="font-family: 'arial black', sans-serif">Asimismo se pueden establecer en este apartado otras condiciones como:</span></h4>
<h4><span style="font-family: 'arial black', sans-serif">1) Número máximo de veces que un alumno o alumna puede ser derivado al Aula.</span></h4>
<h4><span style="font-family: 'arial black', sans-serif">2) Número máximo de días y/o horas al día de atención en el Aula.</span></h4>
<h4><span style="font-family: 'arial black', sans-serif">3) Número máximo de alumnos o alumnas que pueden atenderse simultáneamente en el Aula.</span></h4>
<h4><span style="color: #0000ff;font-family: 'arial black', sans-serif"><a style="color: #0000ff" href="http://iespalmeral.es/wp-content/uploads/2016/03/DERIVACI%C3%93N-AULA-DE-CONVIVENCIA.pdf">PROCESO DE DERIVACIÓN AULA DE CONVIVENCIA</a></span></h4>
<p><span style="font-family: 'arial black', sans-serif">INFORMACION OBTENIDA DE LA PÁGINA DEL ÍES EL PALMERAL. GRACIAS.</span></p>
</div>

<p>&nbsp; De acuerdo con lo establecido en el artículo 9 del Decreto 19/2007, de 23 de enero, los centros educativos podrán crear Aulas de convivencia para el tratamiento individualizado del alumnado que, como consecuencia de la imposición de una corrección o medida disciplinaria por alguna de las conductas tipificadas en los artículos 20 y 23 [&hellip;]</p>
