{"id":1501,"date":"2022-02-22T22:46:08","date_gmt":"2022-02-22T21:46:08","guid":{"rendered":"https:\/\/blogsaverroes.juntadeandalucia.es\/cpsacratif\/?page_id=1501"},"modified":"2022-03-13T11:14:33","modified_gmt":"2022-03-13T10:14:33","slug":"huerto-escolar","status":"publish","type":"page","link":"https:\/\/blogsaverroes.juntadeandalucia.es\/cpsacratif\/huerto-escolar\/","title":{"rendered":"Bienvenidos al HUERTO ESCOLAR DEL CEIP SACRATIF."},"content":{"rendered":"<h2>&nbsp;<\/h2>\n<p>&nbsp;<\/p>\n<p>Este curso escolar 2021\/22 iniciamos este proyecto con la idea que de forma interdisciplinar se impregnen el resto de materias y de forma globalizada se trabaje en nuestro centro.<\/p>\n<p>Empezamos poniendo esta primera entrada de c\u00f3mo crear un HUERTO EN CASA, interesante para conocer conceptos que no inicien en nuestro proyecto y a la vez podamos transmitirlos o ponerlos en pr\u00e1ctica en nuestra casa.&nbsp;<\/p>\n<h2 class=\"mce\"><img loading=\"lazy\" decoding=\"async\" class=\"size-full wp-image-1727 alignleft\" src=\"https:\/\/blogsaverroes.juntadeandalucia.es\/cpsacratif\/files\/2022\/03\/5EFB8C90-1A42-4841-8478-FD35940F1F59.jpeg\" alt=\"\" width=\"280\" height=\"180\"><\/h2>\n<h2>&nbsp;<\/h2>\n<h2>&nbsp;<\/h2>\n<h2><img loading=\"lazy\" decoding=\"async\" class=\"aligncenter size-full wp-image-1731\" src=\"https:\/\/blogsaverroes.juntadeandalucia.es\/cpsacratif\/files\/2022\/03\/3231F547-A384-46DB-98AD-8CE2B4F27AB6.jpeg\" alt=\"\" width=\"275\" height=\"183\"><br \/>\n<img loading=\"lazy\" decoding=\"async\" class=\"size-medium wp-image-1733 alignleft\" src=\"https:\/\/blogsaverroes.juntadeandalucia.es\/cpsacratif\/files\/2022\/03\/0746FBF1-3EFF-4A0A-A8A0-5C4FA2A70498-300x169.jpeg\" alt=\"\" width=\"300\" height=\"169\"><\/h2>\n<h2 class=\"mce\">C\u00f3mo hacer un huerto en casa<\/h2>\n<p>&nbsp;<\/p>\n<ol class=\"mce\">\n<li class=\"mce\"><strong class=\"mce\">Buena ubicaci\u00f3n:&nbsp;<\/strong>Existen 3 posibilidades en una vivienda com\u00fan,&nbsp;en la galer\u00eda o balc\u00f3n de casa, dentro de la vivienda (utilizando&nbsp;sistema hidrop\u00f3nico), y una&nbsp;<strong class=\"mce\">huerta en terraza<\/strong>&nbsp;o patio que pueden ser privados o comunitarios. Debemos pensar en lo que queremos cultivar, ya que cada hortaliza tienes unas necesidades diferentes. A partir de eso, habr\u00e1 que tener en cuenta la luz, la orientaci\u00f3n y la necesidad de agua.&nbsp;La&nbsp;<em class=\"mce\">mejor opci\u00f3n es poner el huerto en el patio o terraza del edificio<\/em>; no ocupamos espacio en casa, se ubica al aire libre, podemos producir m\u00e1s verduras y hortalizas para la huerta familiar, podemos movernos bien para trabajar con coherencia, etc.<\/li>\n<li class=\"mce\"><strong class=\"mce\">Buenas herramientas:&nbsp;Azadilla de lanza:<\/strong>&nbsp;Sirve para retirar restos vegetales y las malas hierbas, remover la tierra, airear.&nbsp;<strong class=\"mce\">Azadilla de horquilla o escardillo:<\/strong>&nbsp;Sirve para cavar, remover la tierra, romper los terrones y escardar malas ra\u00edces y hierbas.&nbsp;<strong class=\"mce\">Cultivador:<\/strong>&nbsp;Sirve para ara\u00f1ar la superficie y airearla.&nbsp;<strong class=\"mce\">Palita o trasplantador:<\/strong>&nbsp;Podremos abrir agujeros para plantar semillas y plantones.&nbsp;<strong class=\"mce\">Rastrillo de mango:<\/strong> Pr\u00e1cticamente sirve para todo, pero con la principal funci\u00f3n de arrastrar restos vegetales.&nbsp;<strong class=\"mce\">Capazo y guantes:<\/strong>&nbsp;Los capazos son muy \u00fatiles para trasplantar y mover tierra de un lugar a otro. Protegernos las manos siempre va bien, y los guantes son la mejor opci\u00f3n para los huertos familiares, mira que sean un poco gruesos.<\/li>\n<li class=\"mce\"><strong class=\"mce\">Los recipientes:&nbsp;<\/strong>Dependiendo de las necesidades, usaremos diferentes tipos de recipiente para nuestro huerto. Hoy en d\u00eda, en cualquier tienda de jard\u00edn podremos encontrar lo que necesitamos.&nbsp;&nbsp;<strong class=\"mce\">Jardinearas y macetas:<\/strong>&nbsp;Es lo m\u00e1s barato, y existen algunas&nbsp;que llevan un peque\u00f1o dep\u00f3sito de reserva de agua que suministra el riego a las plantas por capilaridad. Son muy \u00fatiles si somos unos despistados o nos vamos de vacaciones.&nbsp;<strong class=\"mce\">Cajones de cultivo:<\/strong> Son un poco m\u00e1s caros, pero si quieres una huerta m\u00e1s profesional son ideales. Suelen ser de madera y tratadas para soportar condiciones climatol\u00f3gicas al aire libre. Llevan un recubrimiento interior de geotextil para preservar la madera y contener la tierra manteniendo la humedad.&nbsp;<strong class=\"mce\">Sacos de rafia:&nbsp;<\/strong>No es lo m\u00e1s com\u00fan, pero son muy \u00fatiles debido a que pesan muy poco.&nbsp;Tambi\u00e9n est\u00e1n fabricados con un geotextil resistente a la intemperie y permeable al agua e incluso, algunos tienen compartimentos.&nbsp;<strong class=\"mce\">Mesas de cultivo:<\/strong> Si buscas algo est\u00e9tico a la par que \u00fatil, esto es lo ideal. Con un buen volumen de sustrato, suelen tener un soporte intermedio para dejar las herramientas de cultivo y los soportes de cultivo m\u00e1s grandes, cuentan con separadores para la distribuci\u00f3n y divisi\u00f3n de lo que vamos a cultivar.&nbsp;<strong class=\"mce\">Mesas de plantaci\u00f3n:<\/strong>&nbsp;Estos recipientes son utilizados en amplios patios y terrazas y van directamente al suelo. Su capacidad de cultivo es mucho mayor que los contenedores anteriores. Est\u00e1n revestidos por dentro de un geotextil protector, son de madera y en la base llevan un fondo protector para no ensuciar el suelo.&nbsp;<strong class=\"mce\">Recipientes verticales:<\/strong> Los jardines verticales son la \u00faltima moda, y es que son los que menos espacio \u00fatil ocupan, al estar dispuestos sobre una pared. Adem\u00e1s, pueden ser incluso decorativos.&nbsp;Son m\u00f3dulos autodrenantes y autoportantes fabricados en material de polipropileno resistente.&nbsp;<\/li>\n<li class=\"mce\"><strong class=\"mce\">Comprar una mesa de cultivo:&nbsp;<\/strong>Para&nbsp;comprar un huerto urbano, aqu\u00ed jugamos con la venta del \u00abkit de cultivo\u00ab, m\u00e1s para principiantes donde te vender el pack completo;&nbsp;caj\u00f3n de madera,&nbsp;tierra&nbsp;con&nbsp;abono, m\u00e1s las plantas arom\u00e1ticas o culinarias. O la segunda opci\u00f3n, comprar los elementos por separado que es m\u00e1s para&nbsp;cultivar verduras.<\/li>\n<li class=\"mce\"><strong class=\"mce\">El sustrato adecuado:&nbsp;<\/strong>La mayor\u00eda de los \u00e1rboles frutales, plantas arom\u00e1ticas, hort\u00edcolas y condimentar\u00edas que cultivamos en la&nbsp;huerta org\u00e1nica&nbsp;\u00abson de f\u00e1cil crecimiento\u00bb pero necesitar\u00e1n una tierra f\u00e9rtil, con nutrientes, mullida y con capacidad para retener el agua. Los m\u00e1s recomendados y f\u00e1ciles de conseguir son: el sustrato universal y sustratos espc\u00edficos como&nbsp;de turba, fibra de coco, mantillo, compost&#8230;<\/li>\n<li class=\"mce\"><strong class=\"mce\">Preparar la cama de cultivo:&nbsp;<\/strong>Despu\u00e9s de asegurarte de que tus recipientes de cultivo tienen un agujero para el drenaje del agua, puedes empezar con el cultivo. Nosotros recomendamos seguir los siguientes pasos:<\/li>\n<\/ol>\n<p>&nbsp;<\/p>\n<p>&nbsp;<\/p>\n<p>&nbsp;<\/p>\n<div class=\"inset-auto\">\n<figure class=\"image-holder\"><span class=\"obj-img hmedia\"><a class=\"fn\" href=\"https:\/\/www.granadahoy.com\/2022\/03\/11\/sociedad\/como-preparar-la-cama-de-cultivo_1664244049_153564730_1200x1079.jpg\" rel=\"enclosure\">6 pasos para conseguir un huerto en casa<\/a><img loading=\"lazy\" decoding=\"async\" class=\"photo lazy\" src=\"https:\/\/www.granadahoy.com\/2022\/03\/11\/sociedad\/como-preparar-la-cama-de-cultivo_1664244049_153564730_1200x1079.jpg\" alt=\"6 pasos para conseguir un huerto en casa\" width=\"1200\" height=\"1079\" data-src=\"\/2022\/03\/11\/sociedad\/como-preparar-la-cama-de-cultivo_1664244049_153564730_1200x1079.jpg\"><\/span><figcaption>\n<div class=\"footnote\">&nbsp;<\/div>\n<\/figcaption><\/figure>\n<\/div>\n<p><strong class=\"mce\"><br \/>\n7. Qu\u00e9 plantar en el huerto:&nbsp;<\/strong>Casi todas las especies son aptas para cultivar en un huerto ecol\u00f3gico, sin embargo, las m\u00e1s recomendables son: <strong class=\"mce\">tomate, lechuga, berenjenas, fresas, jud\u00eda verde, pimientos, patatas, zanahoria, calabac\u00edn y r\u00e1banos.&nbsp;<\/strong><\/p>\n<p><strong class=\"mce\">8. Los abonos para huerto urbano:&nbsp;<\/strong>Su funci\u00f3n primordial de estos fertilizantes es que tengamos una abundante cosecha y de calidad adem\u00e1s de intensificar el sabor. La mayor\u00eda son de base org\u00e1nica que garantiza una agricultura ecol\u00f3gica por su formulaci\u00f3n. Existen 3 tipos de abono: compostadores, granulados y l\u00edquidos.<\/p>\n<p><strong class=\"mce\">9. C\u00f3mo regar el huerto:&nbsp;<\/strong>Los riegos se realizan frecuentes y cortos, pero en menor cantidad para no encharcarlas. Adem\u00e1s, no debe ser a presi\u00f3n.&nbsp;Seg\u00fan el tipo de planta se debe de ajustar la frecuencia y duraci\u00f3n, igual que en el momento de desarrollo, la \u00e9poca de a\u00f1o y meteorolog\u00eda por la densidad de la plantaci\u00f3n.Es bueno evitar mojar las flores, frutos y hojas para impedir la aparici\u00f3n de hongos<\/p>\n","protected":false},"excerpt":{"rendered":"<p>&nbsp; &nbsp; Este curso escolar 2021\/22 iniciamos este proyecto con la idea que de forma interdisciplinar se impregnen el resto de materias y de forma globalizada se trabaje en nuestro centro. Empezamos poniendo esta primera entrada de c\u00f3mo crear un HUERTO EN CASA, interesante para conocer conceptos que no inicien en nuestro proyecto y a [&hellip;]<\/p>\n","protected":false},"author":11443,"featured_media":0,"parent":0,"menu_order":0,"comment_status":"closed","ping_status":"closed","template":"","meta":{"_et_pb_use_builder":"","_et_pb_old_content":"","_et_gb_content_width":"","ngg_post_thumbnail":0,"footnotes":""},"aioseo_notices":[],"_links":{"self":[{"href":"https:\/\/blogsaverroes.juntadeandalucia.es\/cpsacratif\/wp-json\/wp\/v2\/pages\/1501"}],"collection":[{"href":"https:\/\/blogsaverroes.juntadeandalucia.es\/cpsacratif\/wp-json\/wp\/v2\/pages"}],"about":[{"href":"https:\/\/blogsaverroes.juntadeandalucia.es\/cpsacratif\/wp-json\/wp\/v2\/types\/page"}],"author":[{"embeddable":true,"href":"https:\/\/blogsaverroes.juntadeandalucia.es\/cpsacratif\/wp-json\/wp\/v2\/users\/11443"}],"replies":[{"embeddable":true,"href":"https:\/\/blogsaverroes.juntadeandalucia.es\/cpsacratif\/wp-json\/wp\/v2\/comments?post=1501"}],"version-history":[{"count":7,"href":"https:\/\/blogsaverroes.juntadeandalucia.es\/cpsacratif\/wp-json\/wp\/v2\/pages\/1501\/revisions"}],"predecessor-version":[{"id":1734,"href":"https:\/\/blogsaverroes.juntadeandalucia.es\/cpsacratif\/wp-json\/wp\/v2\/pages\/1501\/revisions\/1734"}],"wp:attachment":[{"href":"https:\/\/blogsaverroes.juntadeandalucia.es\/cpsacratif\/wp-json\/wp\/v2\/media?parent=1501"}],"curies":[{"name":"wp","href":"https:\/\/api.w.org\/{rel}","templated":true}]}}