{"id":2274,"date":"2022-10-20T22:47:48","date_gmt":"2022-10-20T21:47:48","guid":{"rendered":"https:\/\/blogsaverroes.juntadeandalucia.es\/cpsacratif\/?page_id=2274"},"modified":"2022-10-23T17:24:56","modified_gmt":"2022-10-23T16:24:56","slug":"manual-google-classroom","status":"publish","type":"page","link":"https:\/\/blogsaverroes.juntadeandalucia.es\/cpsacratif\/manual-google-classroom\/","title":{"rendered":"MANUAL GOOGLE-CLASSROOM"},"content":{"rendered":"<h1 class=\"post-title entry-title\">Cuentas para utilizar Classroom, Gmail\u2026<\/h1>\n<h1 class=\"post-title entry-title\" style=\"text-align: center\"><span style=\"color: #666666;font-size: 14px\">La Consejer\u00eda de Educaci\u00f3n y Deporte de la Junta de Andaluc\u00eda, tras un <\/span><a style=\"font-size: 14px\" href=\"https:\/\/juntadeandalucia.es\/organismos\/educacionydeporte\/consejeria\/sobre-consejeria\/funcionamiento\/convenios\/detalle\/209930.html\" target=\"_blank\" rel=\"noopener noreferrer\">convenio firmado<\/a><span style=\"color: #666666;font-size: 14px\"> con Google, cre\u00f3 el dominio<\/span><b style=\"color: #666666;font-size: 14px\"> <\/b><b style=\"color: #666666;font-size: 14px\">@<\/b><b style=\"color: #666666;font-size: 14px\">g.educaand.es<\/b><span style=\"color: #666666;font-size: 14px\"> para la gesti\u00f3n de cuentas Google WorkSpace (<\/span><b style=\"color: #666666;font-size: 14px\">Gmail, Classroom\u2026<\/b><span style=\"color: #666666;font-size: 14px\">) para los centros educativos andaluces. En este documento voy a tratar de responder algunas de las preguntas que seguramente te est\u00e1s haciendo. Si quieres descargarte la informaci\u00f3n que aparece en esta web, en formato pdf, desc\u00e1rgatela&nbsp; pinchando <\/span><a style=\"font-size: 14px\" href=\"https:\/\/blogsaverroes.juntadeandalucia.es\/iesodiel\/files\/2022\/09\/Preguntas-y-respuestas-Classroom-Alumnos_2022-09-22.pdf\" target=\"_blank\" rel=\"noopener noreferrer\">aqu\u00ed<\/a><span style=\"color: #666666;font-size: 14px\">.<\/span><\/h1>\n<p>&nbsp;<\/p>\n<div class=\"entry themeform\">\n<div class=\"entry-inner\">\n<h2 style=\"text-align: center\">\u00bfCu\u00e1l es mi cuenta y mi contrase\u00f1a como alumno?<\/h2>\n<p>&nbsp;<\/p>\n<p style=\"text-align: center\">Los alumnos <strong>menores de edad<\/strong> obtendr\u00e1n su usuario y contrase\u00f1a de acceso a Classroom o Gmail <strong>utilizando el <\/strong><strong><b>iPasen<\/b><\/strong><strong> de sus <\/strong><strong><b>padres<\/b><\/strong><strong>:<\/strong><\/p>\n<p style=\"text-align: center\"><img loading=\"lazy\" decoding=\"async\" class=\"size-full wp-image-7403 aligncenter\" src=\"https:\/\/blogsaverroes.juntadeandalucia.es\/iesodiel\/files\/2022\/01\/Instrucciones_Classroom2.png\" alt=\"\" width=\"1189\" height=\"1001\"><\/p>\n<p style=\"text-align: center\"><strong>Entonces, si tu usuario es, por ejemplo, <\/strong><strong><b>abcdefg123<\/b><\/strong><strong>, el correo electr\u00f3nico ser\u00e1: <\/strong><strong><b>abcdefg123@g.educaand.es<\/b><\/strong><strong>. <\/strong><\/p>\n<p style=\"text-align: center\"><strong>Si quieres ver un v\u00eddeo donde te lo explicamos en menos de un minuto, aqu\u00ed lo tienes: <\/strong><\/p>\n<div class=\"wp-video\">\n<p style=\"text-align: center\"><span class=\"mejs-offscreen\">Reproductor de v\u00eddeo<\/span><\/p>\n<div id=\"mep_0\" class=\"mejs-container mejs-container-keyboard-inactive wp-video-shortcode mejs-video mejs-hide-cues\" role=\"application\" aria-label=\"Reproductor de v\u00eddeo\">\n<div class=\"mejs-inner\">\n<div class=\"mejs-mediaelement\" style=\"text-align: center\">\n<p><video id=\"video-7153-1_html5\" class=\"wp-video-shortcode\" src=\"https:\/\/blogsaverroes.juntadeandalucia.es\/iesodiel\/files\/2022\/06\/Contrase%C3%B1as-Classroom.mp4?_=1\" poster=\"https:\/\/blogsaverroes.juntadeandalucia.es\/iesodiel\/files\/2022\/06\/contrase\u00f1a-classroom.png\" preload=\"metadata\" width=\"1280\" height=\"720\" data-mce-fragment=\"1\"><br \/>\n<\/video><\/p>\n<div class=\"mejs-layers\">\n<div class=\"mejs-poster mejs-layer\">&nbsp;<\/div>\n<div class=\"mejs-overlay mejs-layer mejs-overlay-play\">\n<div class=\"mejs-overlay-button\" role=\"button\" aria-label=\"Reproducir\">&nbsp;<\/div>\n<\/div>\n<\/div>\n<div class=\"mejs-controls\">\n<div class=\"mejs-button mejs-playpause-button mejs-play\">&nbsp;<\/div>\n<div class=\"mejs-time mejs-currenttime-container\" role=\"timer\"><span class=\"mejs-currenttime\">00:00<\/span><\/div>\n<div class=\"mejs-time-rail\">\n<p>&nbsp;<\/p>\n<div class=\"mejs-time mejs-duration-container\"><span class=\"mejs-duration\">00:55<\/span><\/div>\n<div class=\"mejs-button mejs-volume-button mejs-mute\">\n<p>&nbsp;<\/p>\n<div class=\"mejs-button mejs-fullscreen-button\">&nbsp;<\/div>\n<\/div>\n<p>&nbsp;<\/p>\n<\/div>\n<\/div>\n<p>&nbsp;<\/p>\n<p>&nbsp;<\/p>\n<\/div>\n<h2>&nbsp;<\/h2>\n<h2 class=\"western\" style=\"text-align: center\"><b><strong>\u00bfY los mayores de edad, c\u00f3mo podemos obtener nuestro usuario y contrase\u00f1a?<br \/>\n<\/strong><\/b><\/h2>\n<p style=\"text-align: center\">Los mayores de edad suelen usar su propio iPasen; pues bien tu usuario y contrase\u00f1a de iPasen son los mismos para Classroom y Gmail. Si olvidas las contrase\u00f1a usa el <em>autologin<\/em>. Tienes un completo tutorial en esta web : <a href=\"https:\/\/blogsaverroes.juntadeandalucia.es\/iesodiel\/2018\/02\/08\/manual-ipasen\/\" target=\"_blank\" rel=\"noopener noreferrer\">https:\/\/blogsaverroes.juntadeandalucia.es\/iesodiel\/2018\/02\/08\/manual-ipasen\/<\/a><\/p>\n<p style=\"text-align: center\"><strong>\u00bfQu\u00e9 sucede si la contrase\u00f1a de acceso se pierde o se olvida?<br \/>\n<\/strong><\/p>\n<p style=\"text-align: center\">Para volver a obtener una NUEVA contrase\u00f1a, f\u00edjate en la tercera imagen de la primera pregunta: simplemente hay que pulsar en \u00abRestablecer contrase\u00f1a\u00bb<\/p>\n<h2>&nbsp;<\/h2>\n<h2 style=\"text-align: center\"><strong>\u00bfC\u00f3mo se accede a Gmail o Classroom?<br \/>\n<\/strong><\/h2>\n<p style=\"text-align: center\">Igual que el curso pasado. Se accede a los servicios <a href=\"https:\/\/www.google.com\/url?sa=t&amp;rct=j&amp;q=&amp;esrc=s&amp;source=web&amp;cd=&amp;cad=rja&amp;uact=8&amp;ved=2ahUKEwjjjZ_6-unyAhUyxIUKHVwgDvwQFnoECA4QAw&amp;url=https%3A%2F%2Fwww.google.com%2Faccounts%2FLogin%3Fhl%3Des&amp;usg=AOvVaw0SB1QGwpsMigQKf7AXh896\" target=\"_blank\" rel=\"noopener noreferrer\"><b>iniciando sesi\u00f3n en cualquiera de las aplicaciones de Google<\/b><\/a> con sus credenciales, siendo el correo electr\u00f3nico su usuario IdEA (p.ej. <b>abcdefg123<\/b>), seguido de <b>@g.educaand.es,<\/b> y su contrase\u00f1a la misma que la del usuario IdEA (f\u00edjate en la siguiente imagen)<\/p>\n<p style=\"text-align: center\"><img loading=\"lazy\" decoding=\"async\" class=\" wp-image-7156 aligncenter\" src=\"https:\/\/blogsaverroes.juntadeandalucia.es\/iesodiel\/files\/2021\/09\/Iniciar_Sesion_Google.png\" alt=\"\" width=\"376\" height=\"381\"><strong>Muy importante:<\/strong> si configuras tu cuenta en un m\u00f3vil o <em>tablet<\/em> debes tener establecido un modo de desbloqueo de pantalla (pin, huella digital, patr\u00f3n)<\/p>\n<h2 style=\"text-align: center\">\u00bfC\u00f3mo se usa Classroom? Un videotutorial<\/h2>\n<p style=\"text-align: center\">Aqu\u00ed te dejamos este peque\u00f1o videotutorial del <a href=\"https:\/\/www.youtube.com\/c\/MaestroMallo\/videos\" target=\"_blank\" rel=\"noopener noreferrer\">Maestro Mallo<\/a> en el que en menos de diez minutos te cuenta c\u00f3mo se usa Classroom para tus tareas en el instituto:<\/p>\n<div class=\"wp-video\">\n<p style=\"text-align: center\"><span class=\"mejs-offscreen\">Reproductor de v\u00eddeo<\/span><\/p>\n<div id=\"mep_1\" class=\"mejs-container mejs-container-keyboard-inactive wp-video-shortcode mejs-video mejs-hide-cues\" role=\"application\" aria-label=\"Reproductor de v\u00eddeo\">\n<div class=\"mejs-inner\">\n<div class=\"mejs-mediaelement\" style=\"text-align: center\">\n<p><video id=\"video-7153-2_html5\" class=\"wp-video-shortcode\" src=\"https:\/\/blogsaverroes.juntadeandalucia.es\/iesodiel\/files\/2022\/06\/CLASSROOM-Gu%C3%ADa-para-alumnos.mp4?_=2\" poster=\"https:\/\/blogsaverroes.juntadeandalucia.es\/iesodiel\/files\/2021\/09\/Guia_Classroom.png\" preload=\"metadata\" width=\"1280\" height=\"720\" data-mce-fragment=\"1\"><br \/>\n<\/video><\/p>\n<div class=\"mejs-layers\">\n<div class=\"mejs-overlay mejs-layer\">\n<div class=\"mejs-overlay-error\">\n<p><img decoding=\"async\" src=\"https:\/\/blogsaverroes.juntadeandalucia.es\/iesodiel\/files\/2021\/09\/Guia_Classroom.png\" alt=\"Descargar archivo\"><\/p>\n<div class=\"mejs-cannotplay\">\n<p>Media error: Format(s) not supported or source(s) not found<\/p>\n<p><a href=\"https:\/\/blogsaverroes.juntadeandalucia.es\/iesodiel\/files\/2022\/06\/CLASSROOM-Gu%C3%ADa-para-alumnos.mp4?_=2\" data-type=\"video\/mp4\">Descargar archivo: https:\/\/blogsaverroes.juntadeandalucia.es\/iesodiel\/files\/2022\/06\/CLASSROOM-Gu%C3%ADa-para-alumnos.mp4?_=2<\/a><\/p>\n<\/div>\n<\/div>\n<\/div>\n<div class=\"mejs-controls mejs-offscreen\">\n<div class=\"mejs-button mejs-playpause-button mejs-play\">&nbsp;<\/div>\n<div class=\"mejs-time mejs-currenttime-container\" role=\"timer\"><span class=\"mejs-currenttime\">00:00<\/span><\/div>\n<div class=\"mejs-time-rail\">\n<p>&nbsp;<\/p>\n<div class=\"mejs-time mejs-duration-container\"><span class=\"mejs-duration\">00:00<\/span><\/div>\n<div class=\"mejs-button mejs-volume-button mejs-mute\">\n<p>&nbsp;<\/p>\n<div class=\"mejs-button mejs-fullscreen-button\">&nbsp;<\/div>\n<\/div>\n<p>&nbsp;<\/p>\n<\/div>\n<\/div>\n<\/div>\n<h2>\u00bfYa est\u00e1 el Classroom listo?<\/h2>\n<p>Tu profesora crear\u00e1 el Classroom cuando comience el curso, ya te avisaremos. Probablemente no tendr\u00e1s que introducir ning\u00fan c\u00f3digo, todo ser\u00e1 m\u00e1s sencillo; cuando entres en Classroom ya ver\u00e1s que te han matriculado en las diferentes asignaturas. En cualquier caso, puedes ir probando el correo Gmail y familiariz\u00e1ndote con el entorno de las aplicaciones Google disponibles.<\/p>\n<h2>Cuando un alumno o una alumna con una cuenta @g.educaand.es finaliza sus estudios no universitarios, \u00bfse elimina su cuenta?<\/h2>\n<p>S\u00ed. Tras un per\u00edodo de <strong>3 meses<\/strong> las cuentas se eliminan. Se dispone de ese tiempo para hacer copias de los documentos que tiene almacenados en las aplicaciones de G Suite si as\u00ed lo desea.<\/p>\n<h2>Pero si sigo estudiando en el IES Odiel o en otro instituto, \u00bfsigo con mi cuenta?<\/h2>\n<p><strong>S\u00ed<\/strong>; tu cuenta ser\u00e1 la misma mientras est\u00e9 estudiando ESO, Bachillerato, Formaci\u00f3n Profesional en cualquier centro de Andaluc\u00eda y en verano la podr\u00e1s seguir usando.<\/p>\n<h2>Si un alumno o alumna cambia de centro, \u00bfqu\u00e9 pasa con su cuenta?<\/h2>\n<p>No cambia nada en la cuenta. De forma autom\u00e1tica quedar\u00e1 asociada al nuevo centro sin que el alumno tenga que hacer nada por su parte.<\/p>\n<p>&nbsp;<\/p>\n<p align=\"right\">Manuel L\u00f3pez, Coordinador TDE del IES Odiel<\/p>\n<p>&nbsp;<\/p>\n<p>&nbsp;<\/p>\n<\/div>\n<div>\n<h2>&nbsp;<\/h2>\n<h2 style=\"text-align: center\">\u00bfYa est\u00e1 el Classroom listo?<\/h2>\n<p style=\"text-align: center\">Tu profesora crear\u00e1 el Classroom cuando comience el curso, ya te avisaremos. Probablemente no tendr\u00e1s que introducir ning\u00fan c\u00f3digo, todo ser\u00e1 m\u00e1s sencillo; cuando entres en Classroom ya ver\u00e1s que te han matriculado en las diferentes asignaturas. En cualquier caso, puedes ir probando el correo Gmail y familiariz\u00e1ndote con el entorno de las aplicaciones Google disponibles.<\/p>\n<h2>&nbsp;<\/h2>\n<h2 style=\"text-align: center\">Cuando un alumno o una alumna con una cuenta @g.educaand.es finaliza sus estudios no universitarios, \u00bfse elimina su cuenta?<\/h2>\n<p style=\"text-align: center\">S\u00ed. Tras un per\u00edodo de <strong>3 meses<\/strong> las cuentas se eliminan. Se dispone de ese tiempo para hacer copias de los documentos que tiene almacenados en las aplicaciones de G Suite si as\u00ed lo desea.<\/p>\n<h2>&nbsp;<\/h2>\n<h2 style=\"text-align: center\">Pero si sigo estudiando en el Sacratif o en otro instituto, \u00bfsigo con mi cuenta?<\/h2>\n<p style=\"text-align: center\"><strong>S\u00ed<\/strong>; tu cuenta ser\u00e1 la misma mientras est\u00e9 estudiando ESO, Bachillerato, Formaci\u00f3n Profesional en cualquier centro de Andaluc\u00eda y en verano la podr\u00e1s seguir usando.<\/p>\n<h2>&nbsp;<\/h2>\n<h2 style=\"text-align: center\">Si un alumno o alumna cambia de centro, \u00bfqu\u00e9 pasa con su cuenta?<\/h2>\n<p style=\"text-align: center\">No cambia nada en la cuenta. De forma autom\u00e1tica quedar\u00e1 asociada al nuevo centro sin que el alumno tenga que hacer nada por su parte.<\/p>\n<\/div>\n<\/div>\n<p>&nbsp;<\/p>\n<p><strong><br \/>\nMAS INFORMACI\u00d3N DEL DOMINIO G.EDUCAAND.ES PINCHANDO EN EL SIGUIENTE ENLACE :&nbsp;<span style=\"color: #ff0000\"><a style=\"color: #ff0000\" href=\"https:\/\/sites.google.com\/g.educaand.es\/iniciandogeducaand\/inicio\">G.EDUCAAND.ES<\/a><\/span><\/strong><\/p>\n<\/div>\n<\/div>\n<p>&nbsp;<\/p>\n<div class=\"wp-video\">\n<div id=\"mep_1\" class=\"mejs-container mejs-container-keyboard-inactive wp-video-shortcode mejs-video mejs-hide-cues\" role=\"application\" aria-label=\"Reproductor de v\u00eddeo\">\n<div class=\"mejs-inner\">\n<div>\n<p><iframe class=\"wp-embedded-content\" sandbox=\"allow-scripts\" security=\"restricted\" title=\"GSUITE JUNTA DE ANDALUC\u00cdA\" frameborder='0' width='1200' height='675' src='https:\/\/view.genial.ly\/603a664206cc940cfac394fa#?secret=n6e2iIfwMP' data-secret='n6e2iIfwMP' scrolling='yes'><\/iframe><\/p>\n<p style=\"text-align: center\">\n<p>Fernando RODRIGUEZ. Coordinador TDE.<\/p>\n<\/div>\n<\/div>\n<\/div>\n<\/div>\n<\/div>\n<\/div>\n<\/div>\n<\/div>\n<\/div>\n","protected":false},"excerpt":{"rendered":"<p>Cuentas para utilizar Classroom, Gmail\u2026 La Consejer\u00eda de Educaci\u00f3n y Deporte de la Junta de Andaluc\u00eda, tras un convenio firmado con Google, cre\u00f3 el dominio @g.educaand.es para la gesti\u00f3n de cuentas Google WorkSpace (Gmail, Classroom\u2026) para los centros educativos andaluces. En este documento voy a tratar de responder algunas de las preguntas que seguramente te [&hellip;]<\/p>\n","protected":false},"author":11443,"featured_media":0,"parent":0,"menu_order":0,"comment_status":"closed","ping_status":"closed","template":"","meta":{"_et_pb_use_builder":"","_et_pb_old_content":"","_et_gb_content_width":"","ngg_post_thumbnail":0,"footnotes":""},"aioseo_notices":[],"_links":{"self":[{"href":"https:\/\/blogsaverroes.juntadeandalucia.es\/cpsacratif\/wp-json\/wp\/v2\/pages\/2274"}],"collection":[{"href":"https:\/\/blogsaverroes.juntadeandalucia.es\/cpsacratif\/wp-json\/wp\/v2\/pages"}],"about":[{"href":"https:\/\/blogsaverroes.juntadeandalucia.es\/cpsacratif\/wp-json\/wp\/v2\/types\/page"}],"author":[{"embeddable":true,"href":"https:\/\/blogsaverroes.juntadeandalucia.es\/cpsacratif\/wp-json\/wp\/v2\/users\/11443"}],"replies":[{"embeddable":true,"href":"https:\/\/blogsaverroes.juntadeandalucia.es\/cpsacratif\/wp-json\/wp\/v2\/comments?post=2274"}],"version-history":[{"count":4,"href":"https:\/\/blogsaverroes.juntadeandalucia.es\/cpsacratif\/wp-json\/wp\/v2\/pages\/2274\/revisions"}],"predecessor-version":[{"id":2279,"href":"https:\/\/blogsaverroes.juntadeandalucia.es\/cpsacratif\/wp-json\/wp\/v2\/pages\/2274\/revisions\/2279"}],"wp:attachment":[{"href":"https:\/\/blogsaverroes.juntadeandalucia.es\/cpsacratif\/wp-json\/wp\/v2\/media?parent=2274"}],"curies":[{"name":"wp","href":"https:\/\/api.w.org\/{rel}","templated":true}]}}