{"id":2107,"date":"2015-11-25T15:26:56","date_gmt":"2015-11-25T14:26:56","guid":{"rendered":"http:\/\/blogsaverroes.juntadeandalucia.es\/cpvvamesia\/?page_id=2107"},"modified":"2015-12-03T12:39:55","modified_gmt":"2015-12-03T11:39:55","slug":"inicio","status":"publish","type":"page","link":"https:\/\/blogsaverroes.juntadeandalucia.es\/cpvvamesia\/inicio\/","title":{"rendered":"INICIO"},"content":{"rendered":"<div align=\"center\">\n<p><iframe loading=\"lazy\" src=\"https:\/\/docs.google.com\/presentation\/d\/1D0axbbm6DJhZ_Nim_hYv33apgAWSG_5L7ujK5B8GbPc\/embed?start=true&amp;loop=true&amp;delayms=3000\" width=\"628 height=\" height=\"500\" frameborder=\"0\"><\/iframe><\/p>\n<hr \/>\n<p>&nbsp;<\/p>\n<table class=\"mceVisualAid\">\n<tbody>\n<tr>\n<td class=\"mceVisualAid\" align=\"center\"><b>Hay una Educaci\u00f3n que es <span style=\"color: #ff0000\">GRATUITA<\/span>:<br \/>\nLA QUE USTED LE PUEDE INCULCAR A SUS HIJOS.<br \/>\nEns\u00e9\u00f1eles a Respetar, a No Destrozar, a No Mentir, a No Robar,a Ser Responsables,<br \/>\nEsforzados, Solidarios, a Tener Valores, a No Ser Violentos<br \/>\ny a no dejarse Manipular.<br \/>\nEs muy bueno luchar por una EDUCACI\u00d3N DE CALIDAD,<br \/>\npero la educaci\u00f3n comienza en el HOGAR.<br \/>\nEsta es la unica manera de cambiar el presente<br \/>\npara que tengamos un futuro mejor.<\/b><\/td>\n<td class=\"mceVisualAid\"><img loading=\"lazy\" decoding=\"async\" title=\"plan\" src=\"http:\/\/educaciondiferenciada.org\/wp-content\/uploads\/2010\/08\/ninos.jpg\" alt=\"plan\" width=\"142\" height=\"140\" border=\"0\" \/><\/td>\n<td class=\"mceVisualAid\">\n<div align=\"center\"><a href=\"http:\/\/planintercentros.pbworks.com\/\" target=\"_blank\">Plan Intercentros<\/a><\/div>\n<div align=\"center\"><\/div>\n<div align=\"center\"><a href=\"http:\/\/ceipvvamesia.wikispaces.com\/\" target=\"_blank\">Plan de Centro<\/a><\/div>\n<div align=\"center\"><a href=\"http:\/\/planintercentros.pbworks.com\/w\/page\/52907538\/VIII1-Revisiones%20Cardenal%20Cisneros\" target=\"_blank\">Revisiones Trimestrales<\/a><\/div>\n<div align=\"center\"><a href=\"http:\/\/planintercentros.pbworks.com\/w\/page\/52907538\/VIII1-Revisiones%20Cardenal%20Cisneros\" target=\"_blank\">y<\/a><\/div>\n<div align=\"center\"><a href=\"http:\/\/planintercentros.pbworks.com\/w\/page\/52907538\/VIII1-Revisiones%20Cardenal%20Cisneros\" target=\"_blank\">Memoria Final<br \/>\n<\/a><\/div>\n<\/td>\n<\/tr>\n<\/tbody>\n<\/table>\n<div align=\"center\">\n<table class=\"mceVisualAid\" width=\"594\" align=\"center\">\n<tbody>\n<tr>\n<td class=\"mceVisualAid\"><img loading=\"lazy\" decoding=\"async\" title=\"paz\" src=\"http:\/\/www.jerezsiempre.com\/images\/1\/19\/Azulejo_Escuela_SI.jpg\" alt=\"paz\" width=\"255\" height=\"192\" border=\"0\" \/><\/td>\n<td class=\"mceVisualAid\">\n<p align=\"center\"><span style=\"color: #669900\"><b><span style=\"font-size: medium\">Nuestro Cole es un Espacio de Paz<\/span><\/b><\/span><\/p>\n<p align=\"right\">Participamos en un proyecto colectivo de <b>Escuela por la Paz<\/b>con los centros CEIP Padre Manj\u00f3n, CEIP San Isidro Labrador, CPR Taxara e IES Am\u00e9rico Castro de Hu\u00e9tor T\u00e1jar.<\/p>\n<p align=\"right\"><a href=\"https:\/\/drive.google.com\/file\/d\/0B9zcKH2yZY2HWUFYUnI2STBnN1k\/view?usp=sharing\"><b>Manifiestos por la Paz Intercentros 2015. <\/b><\/a><\/p>\n<p align=\"right\">Acceso a la <b>carpeta de recursos y materiales para trabajar la PAZ <\/b><a title=\"Carpeta Materiales Paz\" href=\"https:\/\/drive.google.com\/folderview?id=0B9zcKH2yZY2HNGYxZTUzYzktMmJiOS00ZmUzLWFlMmUtOWRiMmYxYWYzY2I2&amp;usp=sharing\" target=\"_blank\"><b>aqu\u00ed&gt;&gt;&gt;<\/b><\/a><\/p>\n<\/td>\n<\/tr>\n<\/tbody>\n<\/table>\n<\/div>\n<div align=\"center\">\n<hr \/>\n<\/div>\n<div align=\"center\"><\/div>\n<div align=\"center\">\n<table class=\"mceVisualAid\" border=\"0\">\n<tbody>\n<tr>\n<td class=\"mceVisualAid\">\n<div align=\"center\"><a href=\"http:\/\/www.cepguadix.es\/~dm\/m22\/course\/view.php?id=2\" target=\"_blank\"><img loading=\"lazy\" decoding=\"async\" src=\"https:\/\/lh4.googleusercontent.com\/-5qAPOX33yZM\/TmppWZvgNcI\/AAAAAAAADG8\/3kF-_DW4zww\/buho.png\" alt=\" \" width=\"77\" height=\"105\" border=\"0\" \/><\/a><\/div>\n<\/td>\n<td class=\"mceVisualAid\">\n<div align=\"center\"><b>NUESTRO PLAN LECTOR: LEER Y ESCRIBIR ES DIVERTIDO<\/b>:<\/div>\n<div align=\"left\">\n<ul>\n<li><a href=\"http:\/\/www.juntadeandalucia.es\/averroes\/centros-tic\/18008609\/biblioweb\" target=\"_blank\">Biblioweb: Acceso a la Biblioteca Escolar \u00abAyes Tortosa\u00bb On-Line<\/a><\/li>\n<li><a href=\"http:\/\/www.cepguadix.es\/~dm\/m22\/course\/view.php?id=2\" target=\"_blank\">Red Provincial de Lectura y Bibliotecas Escolares<\/a><\/li>\n<li><a href=\"http:\/\/ulises.cepgranada.org\/~mballesteros\/TEXTOS-GUIONES\/\" target=\"_blank\">Banco de Lecturas Programa Textos y Guiones Did\u00e1cticos<\/a><\/li>\n<li><a href=\"http:\/\/recursosdidacticos.es\/textos\/idea.php\" target=\"_blank\">Banco de Textos<\/a><\/li>\n<li><a title=\"Banco Lecturas Graduadas\" href=\"http:\/\/planintercentros.pbworks.com\/w\/page\/32461476\/V13B-Banco%20de%20Lecturas%20Graduadas\" target=\"_blank\">Plan de Mejora de la Lectura &#8211; Banco de Lecturas Graduadas<\/a><\/li>\n<li><a href=\"https:\/\/drive.google.com\/file\/d\/0B_NhEvHMHmLIYUtrcUpKRWk3NWc\/view?usp=sharing\" target=\"_blank\">Banco de Lecturas graduadas Primer Ciclo<\/a><\/li>\n<li><a href=\"https:\/\/drive.google.com\/file\/d\/0B_NhEvHMHmLIZjJ1OVF2ZVJsUFE\/view?usp=sharing\" target=\"_blank\">Banco de Lecturas graduadas 2\u00ba Ciclo\u00a0<\/a><\/li>\n<li><a href=\"https:\/\/drive.google.com\/file\/d\/0B_NhEvHMHmLIMlprS21pVU1SZ3c\/view?usp=sharing\" target=\"_blank\">Banco de Lecturas graduadas Tercer Ciclo<br \/>\n<\/a><\/li>\n<\/ul>\n<\/div>\n<p><a href=\"https:\/\/drive.google.com\/file\/d\/0B_NhEvHMHmLIMlprS21pVU1SZ3c\/view?usp=sharing\" target=\"_blank\">\u00a0<\/a><\/td>\n<\/tr>\n<\/tbody>\n<\/table>\n<\/div>\n<p>&nbsp;<\/p>\n<div>\n<hr size=\"2\" width=\"100%\" \/>\n<\/div>\n<div style=\"text-align: center\"><a href=\"http:\/\/www.juntadeandalucia.es\/averroes\/centros-tic\/18008609\" target=\"_blank\"><b>Acceso al Portal de Recursos Educativos del Colegio<\/b><\/a><\/div>\n<div style=\"text-align: center\">\u00a0<a href=\"http:\/\/www.juntadeandalucia.es\/averroes\/centros-tic\/18008609\" target=\"_blank\"><img loading=\"lazy\" decoding=\"async\" title=\"Recursos Cole\" src=\"https:\/\/lh4.googleusercontent.com\/-F5E58cszcKs\/TzuinaunLMI\/AAAAAAAAQpc\/1KViyKsydrM\/s288\/c0.jpg\" alt=\"Recursos Cole\" width=\"265\" height=\"191\" border=\"0\" \/><\/a><\/div>\n<div>\n<hr size=\"2\" width=\"100%\" \/>\n<p><a href=\"https:\/\/portaldocente.ced.junta-andalucia.es\/educacion\/portaldocente\/\" target=\"_blank\"><img loading=\"lazy\" decoding=\"async\" class=\"aligncenter\" src=\"https:\/\/lh5.googleusercontent.com\/-yHfE7mfT93M\/Ty-FTNy5LVI\/AAAAAAAAQn4\/6Szg3kGhViA\/s640\/portaldocente.jpg\" alt=\" \" width=\"600\" height=\"60\" border=\"0\" \/><\/a><\/p>\n<\/div>\n<div style=\"text-align: center\"><a href=\"https:\/\/portaldocente.ced.junta-andalucia.es\/educacion\/portaldocente\/\" target=\"_blank\">https:\/\/portaldocente.ced.junta-andalucia.es\/educacion\/portaldocente\/<\/a><\/div>\n<div>\n<hr \/>\n<\/div>\n<div><\/div>\n<div><a title=\"Frutas en el cole\" href=\"http:\/\/www.frutanova.es\/\" target=\"_blank\"><img loading=\"lazy\" decoding=\"async\" class=\"aligncenter\" src=\"http:\/\/www.frutanova.es\/img\/estructura\/planConsumo.foto.jpg\" alt=\"frutas en el cole\" width=\"315\" height=\"317\" border=\"0\" \/><\/a><\/div>\n<div>\n<hr size=\"2\" width=\"100%\" \/>\n<\/div>\n<table class=\"mceVisualAid\" border=\"0\">\n<tbody>\n<tr>\n<td class=\"mceVisualAid\"><img loading=\"lazy\" decoding=\"async\" title=\"mujer\" src=\"https:\/\/lh6.googleusercontent.com\/-b2TJdsA_uBE\/Ts6oRS_2L3I\/AAAAAAAADZI\/WxunaEdwfJw\/s320\/diainternacionaldelanoviolencia.jpg\" alt=\"mujer\" width=\"320\" height=\"310\" border=\"0\" \/><\/td>\n<td class=\"mceVisualAid\">\n<div align=\"center\"><span style=\"color: #ff0000\"><b>MANIFIESTO 25 DE NOVIEMBRE.<br \/>\n<\/b><\/span><\/div>\n<div align=\"center\"><span style=\"color: #ff0000\"><b>DIA INTERNACIONAL CONTRA LA VIOLENCIA HACIA LA MUJER<br \/>\n<\/b><\/span><\/div>\n<div align=\"center\"><span style=\"color: #ff0000\">\u00a0<\/span><\/div>\n<div align=\"center\">El d\u00eda 25 de noviembre, la comunidad educativa de este centro escolar se re\u00fane para<br \/>\nconmemorar el D\u00eda Internacional para la Eliminaci\u00f3n de la Violencia contra las<br \/>\nMujeres.En este acto queremos reclamar la atenci\u00f3n de la sociedad y de los gobiernos sobre<br \/>\nel hecho de que la violencia contra las mujeres y las ni\u00f1as es una de las formas de<br \/>\nviolencia m\u00e1s extendida en el mundo.As\u00edmismo, queremos manifestar nuestro compromiso de trabajar para prevenir la<br \/>\nviolencia contra las mujeres en todas sus manifestaciones y combatir cualquier otro tipo<br \/>\nde violencia.Es por lo que la comunidad educativa aqu\u00ed reunida manifiesta:Hacer respetar los derechos de las mujeres y de las ni\u00f1as.<br \/>\nOponerse a todo tipo de violencia contra las mujeres tanto f\u00edsica como verbal.<br \/>\nAprender a relacionarnos respetuosa y solidariamente.<br \/>\nUtilizar modelos y mensajes cooperativos y dialogantes.<\/div>\n<\/td>\n<\/tr>\n<\/tbody>\n<\/table>\n<div align=\"center\"><\/div>\n<div align=\"center\">\n<hr size=\"2\" width=\"100%\" \/>\n<p><a title=\"pasen\" href=\"http:\/\/www.juntadeandalucia.es\/averroes\/educacion\/pasen\/\" target=\"_blank\"><img loading=\"lazy\" decoding=\"async\" title=\"pasen\" src=\"https:\/\/lh4.googleusercontent.com\/-s1lQFwdEFDw\/TqmuHnQI5oI\/AAAAAAAAQj4\/WFxsLxNXtA4\/s366\/pasen.jpg\" alt=\"pasen\" width=\"366\" height=\"105\" border=\"0\" \/><\/a><\/p>\n<\/div>\n<div align=\"center\">\n<hr size=\"2\" width=\"100%\" \/>\n<\/div>\n<div align=\"center\">\u00a0<a title=\"Moodle\" href=\"http:\/\/www.juntadeandalucia.es\/averroes\/centros-tic\/18008609\/moodle\" target=\"_blank\">Plataforma Moodle del Cole<\/a><\/div>\n<div align=\"center\"><a href=\"http:\/\/www.juntadeandalucia.es\/averroes\/centros-tic\/18008609\/moodle\" target=\"_blank\"><img loading=\"lazy\" decoding=\"async\" title=\"moodle\" src=\"https:\/\/lh5.googleusercontent.com\/-dGorQwp9FmY\/UO3Pj-4cdXI\/AAAAAAAAQzo\/Bq5CPHmDv9I\/s462\/moodle-logo.jpg\" alt=\"moodle\" width=\"462\" height=\"222\" border=\"0\" \/><\/a><\/div>\n<div align=\"center\">\n<hr size=\"2\" width=\"100%\" \/>\n<\/div>\n<div align=\"center\"><\/div>\n<div align=\"center\"><b>Acceso al Portal ESCUELA DE FAMILIAS<\/b><\/div>\n<div align=\"center\"><\/div>\n<div align=\"center\"><a href=\"http:\/\/portal.ced.junta-andalucia.es\/educacion\/webportal\/web\/escuela-de-familias\" target=\"_blank\"><img loading=\"lazy\" decoding=\"async\" title=\"escuela familias\" src=\"https:\/\/lh6.googleusercontent.com\/-J0qwcpSLID0\/UuYcBgUlXjI\/AAAAAAAARYk\/tKY-yC2bmsg\/s640\/Captura%2520de%2520pantalla%2520completa%252027012014%2520094041.bmp.jpg\" alt=\"escuela familias\" width=\"567\" height=\"77\" border=\"0\" \/><\/a><\/div>\n<div align=\"center\"><a href=\"http:\/\/portal.ced.junta-andalucia.es\/educacion\/webportal\/web\/escuela-de-familias\" target=\"_blank\">\u00a0<\/a><\/div>\n<div align=\"center\">\n<p><a href=\"http:\/\/portal.ced.junta-andalucia.es\/educacion\/webportal\/web\/escuela-de-familias\" target=\"_blank\">http:\/\/portal.ced.junta-andalucia.es\/educacion\/webportal\/web\/escuela-de-familias<\/a><\/p>\n<hr \/>\n<\/div>\n<div align=\"center\"><\/div>\n<div align=\"center\"><img loading=\"lazy\" decoding=\"async\" src=\"https:\/\/lh5.googleusercontent.com\/-3fSQ-4CwfdA\/ToRf4M2c_2I\/AAAAAAAAQZQ\/XqvhkBgJDFY\/1314946899386_infantilprimaria.jpg\" alt=\"\" width=\"230\" height=\"162\" border=\"0\" \/><\/div>\n<div align=\"center\"><a href=\"https:\/\/docs.google.com\/viewer?a=v&amp;pid=explorer&amp;chrome=true&amp;srcid=0BwSo56ZlimWmMmNmZmE4N2UtMjFkMy00MGFlLTg3NDktMzhhYzEwNTI2ODRk&amp;hl=en_GB\" target=\"_blank\">Gu\u00eda de los Derechos y Responsabilidades de la Familias de Infantil y Primaria<\/a><\/div>\n<div align=\"center\"><a href=\"https:\/\/drive.google.com\/file\/d\/0BwSo56ZlimWmNTQyMzM3NDgtOTdjYy00ZTdhLWI3NTItOWIxZTQ4OGFmNjE3\/view?usp=sharing\" target=\"_blank\">Gu\u00eda de los Derechos y Responsabilidades de las Familias de Secundaria<\/a><\/div>\n<div align=\"center\"><a href=\"https:\/\/portalseneca.ced.junta-andalucia.es\/educacion\/portalseneca\/c\/document_library\/get_file?uuid=a3b83621-b564-48c3-ad8d-519dd7ced581&amp;groupId=10128\">Gu\u00eda de protecci\u00f3n de datos de car\u00e1cter personal para los centros de ense\u00f1anza<\/a><a href=\"https:\/\/portalseneca.ced.junta-andalucia.es\/educacion\/portalseneca\/c\/document_library\/get_file?uuid=cc0ed02d-2999-4f46-a0cb-546e66458841&amp;groupId=10128\">.<\/a><\/div>\n<div align=\"center\"><\/div>\n<p>&nbsp;<\/p>\n<\/div>\n<hr \/>\n<div align=\"center\">\n<iframe loading=\"lazy\" src=\"https:\/\/docs.google.com\/presentation\/d\/140jvi5ie6t1hJClOlsr7c4OAcMcqU7dlwp1Kn7VVszY\/embed?start=true&amp;loop=true&amp;delayms=3000\" frameborder=\"0\" width=\"628\" height=\"500\"><\/iframe><\/div>\n","protected":false},"excerpt":{"rendered":"<p>&nbsp; Hay una Educaci\u00f3n que es GRATUITA: LA QUE USTED LE PUEDE INCULCAR A SUS HIJOS. Ens\u00e9\u00f1eles a Respetar, a No Destrozar, a No Mentir, a No Robar,a Ser Responsables, Esforzados, Solidarios, a Tener&#46;&#46;&#46;<\/p>\n","protected":false},"author":2340,"featured_media":0,"parent":0,"menu_order":0,"comment_status":"open","ping_status":"open","template":"","meta":{"ngg_post_thumbnail":0,"footnotes":"","_mc_calendar":[]},"aioseo_notices":[],"_links":{"self":[{"href":"https:\/\/blogsaverroes.juntadeandalucia.es\/cpvvamesia\/wp-json\/wp\/v2\/pages\/2107"}],"collection":[{"href":"https:\/\/blogsaverroes.juntadeandalucia.es\/cpvvamesia\/wp-json\/wp\/v2\/pages"}],"about":[{"href":"https:\/\/blogsaverroes.juntadeandalucia.es\/cpvvamesia\/wp-json\/wp\/v2\/types\/page"}],"author":[{"embeddable":true,"href":"https:\/\/blogsaverroes.juntadeandalucia.es\/cpvvamesia\/wp-json\/wp\/v2\/users\/2340"}],"replies":[{"embeddable":true,"href":"https:\/\/blogsaverroes.juntadeandalucia.es\/cpvvamesia\/wp-json\/wp\/v2\/comments?post=2107"}],"version-history":[{"count":31,"href":"https:\/\/blogsaverroes.juntadeandalucia.es\/cpvvamesia\/wp-json\/wp\/v2\/pages\/2107\/revisions"}],"predecessor-version":[{"id":2370,"href":"https:\/\/blogsaverroes.juntadeandalucia.es\/cpvvamesia\/wp-json\/wp\/v2\/pages\/2107\/revisions\/2370"}],"wp:attachment":[{"href":"https:\/\/blogsaverroes.juntadeandalucia.es\/cpvvamesia\/wp-json\/wp\/v2\/media?parent=2107"}],"curies":[{"name":"wp","href":"https:\/\/api.w.org\/{rel}","templated":true}]}}