{"id":2114,"date":"2015-11-25T15:31:23","date_gmt":"2015-11-25T14:31:23","guid":{"rendered":"http:\/\/blogsaverroes.juntadeandalucia.es\/cpvvamesia\/?page_id=2114"},"modified":"2017-08-31T22:04:33","modified_gmt":"2017-08-31T21:04:33","slug":"equipo-directivo-2","status":"publish","type":"page","link":"https:\/\/blogsaverroes.juntadeandalucia.es\/cpvvamesia\/equipo-directivo-2\/","title":{"rendered":"Equipo Directivo"},"content":{"rendered":"<h2>Saludos cordiales:<\/h2>\n<p align=\"center\">&nbsp;Equipo Directivo 2015\/2016- 2016\/2017-2017\/2018<\/p>\n<p align=\"center\"><img loading=\"lazy\" decoding=\"async\" src=\"https:\/\/lh3.googleusercontent.com\/-VCOqeHvMgKc\/VkkIj_tPwsI\/AAAAAAAATOk\/G6dFjoouiEE\/s638-Ic42\/upload_-1.jpg\" alt=\"\" width=\"601\" height=\"401\" border=\"0\"\/><\/p>\n<p><b>Hola:<\/b><\/p>\n<p>Os damos la bienvenida a esta nueva versi\u00f3n&nbsp; de la Web del Colegio, realmente es una cuarta versi\u00f3n desde sus inicios, mucho m\u00e1s participativa y con la finalidad esencial de que sirva como plataforma de recursos de aprendizaje. Su actualizaci\u00f3n y mantenimiento es tarea de todos los miembros de la Comunidad Educativa de manera que la adquisici\u00f3n de la competencia tecnol\u00f3gica y por ende del resto de competencias b\u00e1sicas, se convierta en tarea m\u00e1s f\u00e1cil y alcanzable.<\/p>\n<p>Muchas han sido las horas de trabajo y esfuerzo continuado, para intentar ofrecer un sitio digno en el que poder compartir y encontrarse en la Red.<\/p>\n<p>Con nuestra web esperamos conseguir estos objetivos:<\/p>\n<p>&#8211; En primer lugar, dar a conocer nuestro Centro a trav\u00e9s de Internet, ese potente medio tecnol\u00f3gico que bien utilizado se convierte en un fabuloso recurso educativo e informativo.<\/p>\n<p>&#8211; En segundo lugar, dar a conocer Internet a toda la Comunidad Educativa, ya que la existencia, en nuestras casas de equipos inform\u00e1ticos conectados a la inmensa Red Mundial es cada vez una mayor realidad. Por ello, es fundamental el educarse en el manejo de estas Nuevas Tecnolog\u00edas de la Comunicaci\u00f3n, ya que en caso contrario corremos el riesgo de convertirnos en lo que los especialistas han bautizado como \u00abfuturos analfabetos del siglo XXI\u00bb.<\/p>\n<p>El uso de Internet en nuestro pueblo y centro, debe convertirse en algo cotidiano, as\u00ed como debe servir para colaborar al desarrollo social, tecnol\u00f3gico y econ\u00f3mico de sus gentes, sin olvidar el cultivo de valores humanos de solidaridad, respeto y convivencia democr\u00e1tica. En todo ello estamos empe\u00f1ados y esta Web quiere ser una modesta aportaci\u00f3n para conseguirlo.<\/p>\n<p>La Web del Cole debe ser de todos y por ello, quiere constituirse en un punto de encuentro educativo, informativo y cultural. Participa en ella. Colabora con tus sugerencias de mejora. Vive con intensidad esta Era de las Comunicaciones, que para bueno o para malo nos ha tocado vivir.<\/p>\n<p>Saludos cordiales y a Navegar por el Hiperespacio haciendo un buen uso de lo quelas Nuevas Tecnolog\u00edas nos ofrecen&#8230;<\/p>\n<hr \/>\n<table class=\" alignleft\" width=\"464\" border=\"0\">\n<tbody>\n<tr>\n<td colspan=\"2\" valign=\"top\">\n<div align=\"center\">Equipo Directivo 2014\/2015<\/div>\n<div align=\"center\"><img loading=\"lazy\" decoding=\"async\" src=\"https:\/\/lh3.googleusercontent.com\/-JENiV8txgVU\/VGm9pldfgfI\/AAAAAAAASt0\/4J_nMzkBmx0\/s800\/PicsArt_1415619156340.jpg\" alt=\" \" width=\"457\" height=\"351\" border=\"0\" align=\"left\"\/><\/div>\n<\/td>\n<\/tr>\n<tr>\n<td colspan=\"2\" valign=\"top\">\n<div align=\"center\">&nbsp;<\/div>\n<div align=\"center\">&nbsp; Equipo Directivo desde el curso 2012-2013 al 2013-2014<\/div>\n<div align=\"center\"><a title=\"Equipo Directivo\" href=\"https:\/\/lh6.googleusercontent.com\/-1bbaIc-OyeY\/UGQbr9zamDI\/AAAAAAAAQwA\/Js_xOWO_-Ck\/s720\/Imagen%252520006.jpg\" target=\"_blank\"><img loading=\"lazy\" decoding=\"async\" title=\"directivo\" src=\"https:\/\/lh6.googleusercontent.com\/-1bbaIc-OyeY\/UGQbr9zamDI\/AAAAAAAAQwA\/Js_xOWO_-Ck\/s800\/Imagen%252520006.jpg\" alt=\"directivo\" width=\"451\" height=\"338\" border=\"0\"\/><\/a><\/div>\n<\/td>\n<\/tr>\n<tr>\n<td colspan=\"2\">\n<div align=\"center\">&nbsp;<\/div>\n<div align=\"center\">Equipo Directivo desde el curso 2010-2011 al 2011-2012.<\/div>\n<div align=\"center\"><em>Otro sentido e intenso recuerdo para D. Jaime.<\/em><\/div>\n<div align=\"center\"><em>Secretario em\u00e9rito de este colegio, desde 1982.<\/em><\/div>\n<div align=\"center\">\n<div><img loading=\"lazy\" decoding=\"async\" title=\"Salu2\" src=\"https:\/\/lh4.googleusercontent.com\/-xWivMpP5vh8\/TfpB4oFvBgI\/AAAAAAAAMvw\/NT6BV9fDBwM\/s640\/CIMG2989.JPG\" alt=\"Equipo Directivo\" width=\"454\" height=\"273\" border=\"0\"\/><\/div>\n<\/div>\n<div align=\"center\">&nbsp;<\/div>\n<div align=\"center\">Equipo Directivo desde el curso 1997-1998 al 2009-2010.<\/div>\n<div align=\"center\"><em>Un entra\u00f1able recuerdo para Lola.<\/em><\/div>\n<div align=\"center\"><a title=\"Equipo Directivo\" href=\"http:\/\/lh6.ggpht.com\/_7ZHkOquNGEM\/SWSZb4lustI\/AAAAAAAACCw\/24FL8NPBTtA\/s720\/equipo_directivo%20001.jpg\" target=\"_blank\"><img loading=\"lazy\" decoding=\"async\" title=\"Salu2.\" src=\"http:\/\/lh6.ggpht.com\/_7ZHkOquNGEM\/SWSZb4lustI\/AAAAAAAACCw\/24FL8NPBTtA\/s720\/equipo_directivo%20001.jpg\" alt=\"Equipo Directivo\" width=\"400\" height=\"229\" border=\"0\"\/><\/a><\/div>\n<\/td>\n<\/tr>\n<tr>\n<td align=\"center\">\n<h2>Servicios del Centro<\/h2>\n<\/td>\n<td>&nbsp;Nuestro colegio participa en un amplio conjunto de <a title=\"Planes, Programas y Servicios\" href=\"http:\/\/www.juntadeandalucia.es\/averroes\/cpvvamesia\/servicios.php\">Planes, Programas y Servicios<\/a> .<\/td>\n<\/tr>\n<\/tbody>\n<\/table>\n","protected":false},"excerpt":{"rendered":"<p>Saludos cordiales: &nbsp;Equipo Directivo 2015\/2016- 2016\/2017-2017\/2018 Hola: Os damos la bienvenida a esta nueva versi\u00f3n&nbsp; de la Web del Colegio, realmente es una cuarta versi\u00f3n desde sus inicios, mucho m\u00e1s participativa y con la&#46;&#46;&#46;<\/p>\n","protected":false},"author":2340,"featured_media":0,"parent":0,"menu_order":0,"comment_status":"open","ping_status":"open","template":"","meta":{"ngg_post_thumbnail":0,"footnotes":"","_mc_calendar":[]},"aioseo_notices":[],"_links":{"self":[{"href":"https:\/\/blogsaverroes.juntadeandalucia.es\/cpvvamesia\/wp-json\/wp\/v2\/pages\/2114"}],"collection":[{"href":"https:\/\/blogsaverroes.juntadeandalucia.es\/cpvvamesia\/wp-json\/wp\/v2\/pages"}],"about":[{"href":"https:\/\/blogsaverroes.juntadeandalucia.es\/cpvvamesia\/wp-json\/wp\/v2\/types\/page"}],"author":[{"embeddable":true,"href":"https:\/\/blogsaverroes.juntadeandalucia.es\/cpvvamesia\/wp-json\/wp\/v2\/users\/2340"}],"replies":[{"embeddable":true,"href":"https:\/\/blogsaverroes.juntadeandalucia.es\/cpvvamesia\/wp-json\/wp\/v2\/comments?post=2114"}],"version-history":[{"count":10,"href":"https:\/\/blogsaverroes.juntadeandalucia.es\/cpvvamesia\/wp-json\/wp\/v2\/pages\/2114\/revisions"}],"predecessor-version":[{"id":4063,"href":"https:\/\/blogsaverroes.juntadeandalucia.es\/cpvvamesia\/wp-json\/wp\/v2\/pages\/2114\/revisions\/4063"}],"wp:attachment":[{"href":"https:\/\/blogsaverroes.juntadeandalucia.es\/cpvvamesia\/wp-json\/wp\/v2\/media?parent=2114"}],"curies":[{"name":"wp","href":"https:\/\/api.w.org\/{rel}","templated":true}]}}

<h2>Saludos cordiales:</h2>
<p align="center">&nbsp;Equipo Directivo 2015/2016- 2016/2017-2017/2018</p>
<p align="center"><img loading="lazy" decoding="async" src="https://lh3.googleusercontent.com/-VCOqeHvMgKc/VkkIj_tPwsI/AAAAAAAATOk/G6dFjoouiEE/s638-Ic42/upload_-1.jpg" alt="" width="601" height="401" border="0"/></p>
<p><b>Hola:</b></p>
<p>Os damos la bienvenida a esta nueva versión&nbsp; de la Web del Colegio, realmente es una cuarta versión desde sus inicios, mucho más participativa y con la finalidad esencial de que sirva como plataforma de recursos de aprendizaje. Su actualización y mantenimiento es tarea de todos los miembros de la Comunidad Educativa de manera que la adquisición de la competencia tecnológica y por ende del resto de competencias básicas, se convierta en tarea más fácil y alcanzable.</p>
<p>Muchas han sido las horas de trabajo y esfuerzo continuado, para intentar ofrecer un sitio digno en el que poder compartir y encontrarse en la Red.</p>
<p>Con nuestra web esperamos conseguir estos objetivos:</p>
<p>&#8211; En primer lugar, dar a conocer nuestro Centro a través de Internet, ese potente medio tecnológico que bien utilizado se convierte en un fabuloso recurso educativo e informativo.</p>
<p>&#8211; En segundo lugar, dar a conocer Internet a toda la Comunidad Educativa, ya que la existencia, en nuestras casas de equipos informáticos conectados a la inmensa Red Mundial es cada vez una mayor realidad. Por ello, es fundamental el educarse en el manejo de estas Nuevas Tecnologías de la Comunicación, ya que en caso contrario corremos el riesgo de convertirnos en lo que los especialistas han bautizado como «futuros analfabetos del siglo XXI».</p>
<p>El uso de Internet en nuestro pueblo y centro, debe convertirse en algo cotidiano, así como debe servir para colaborar al desarrollo social, tecnológico y económico de sus gentes, sin olvidar el cultivo de valores humanos de solidaridad, respeto y convivencia democrática. En todo ello estamos empeñados y esta Web quiere ser una modesta aportación para conseguirlo.</p>
<p>La Web del Cole debe ser de todos y por ello, quiere constituirse en un punto de encuentro educativo, informativo y cultural. Participa en ella. Colabora con tus sugerencias de mejora. Vive con intensidad esta Era de las Comunicaciones, que para bueno o para malo nos ha tocado vivir.</p>
<p>Saludos cordiales y a Navegar por el Hiperespacio haciendo un buen uso de lo quelas Nuevas Tecnologías nos ofrecen&#8230;</p>
<hr />
<table class=" alignleft" width="464" border="0">
<tbody>
<tr>
<td colspan="2" valign="top">
<div align="center">Equipo Directivo 2014/2015</div>
<div align="center"><img loading="lazy" decoding="async" src="https://lh3.googleusercontent.com/-JENiV8txgVU/VGm9pldfgfI/AAAAAAAASt0/4J_nMzkBmx0/s800/PicsArt_1415619156340.jpg" alt=" " width="457" height="351" border="0" align="left"/></div>
</td>
</tr>
<tr>
<td colspan="2" valign="top">
<div align="center">&nbsp;</div>
<div align="center">&nbsp; Equipo Directivo desde el curso 2012-2013 al 2013-2014</div>
<div align="center"><a title="Equipo Directivo" href="https://lh6.googleusercontent.com/-1bbaIc-OyeY/UGQbr9zamDI/AAAAAAAAQwA/Js_xOWO_-Ck/s720/Imagen%252520006.jpg" target="_blank"><img loading="lazy" decoding="async" title="directivo" src="https://lh6.googleusercontent.com/-1bbaIc-OyeY/UGQbr9zamDI/AAAAAAAAQwA/Js_xOWO_-Ck/s800/Imagen%252520006.jpg" alt="directivo" width="451" height="338" border="0"/></a></div>
</td>
</tr>
<tr>
<td colspan="2">
<div align="center">&nbsp;</div>
<div align="center">Equipo Directivo desde el curso 2010-2011 al 2011-2012.</div>
<div align="center"><em>Otro sentido e intenso recuerdo para D. Jaime.</em></div>
<div align="center"><em>Secretario emérito de este colegio, desde 1982.</em></div>
<div align="center">
<div><img loading="lazy" decoding="async" title="Salu2" src="https://lh4.googleusercontent.com/-xWivMpP5vh8/TfpB4oFvBgI/AAAAAAAAMvw/NT6BV9fDBwM/s640/CIMG2989.JPG" alt="Equipo Directivo" width="454" height="273" border="0"/></div>
</div>
<div align="center">&nbsp;</div>
<div align="center">Equipo Directivo desde el curso 1997-1998 al 2009-2010.</div>
<div align="center"><em>Un entrañable recuerdo para Lola.</em></div>
<div align="center"><a title="Equipo Directivo" href="http://lh6.ggpht.com/_7ZHkOquNGEM/SWSZb4lustI/AAAAAAAACCw/24FL8NPBTtA/s720/equipo_directivo%20001.jpg" target="_blank"><img loading="lazy" decoding="async" title="Salu2." src="http://lh6.ggpht.com/_7ZHkOquNGEM/SWSZb4lustI/AAAAAAAACCw/24FL8NPBTtA/s720/equipo_directivo%20001.jpg" alt="Equipo Directivo" width="400" height="229" border="0"/></a></div>
</td>
</tr>
<tr>
<td align="center">
<h2>Servicios del Centro</h2>
</td>
<td>&nbsp;Nuestro colegio participa en un amplio conjunto de <a title="Planes, Programas y Servicios" href="http://www.juntadeandalucia.es/averroes/cpvvamesia/servicios.php">Planes, Programas y Servicios</a> .</td>
</tr>
</tbody>
</table>

<p>Saludos cordiales: &nbsp;Equipo Directivo 2015/2016- 2016/2017-2017/2018 Hola: Os damos la bienvenida a esta nueva versión&nbsp; de la Web del Colegio, realmente es una cuarta versión desde sus inicios, mucho más participativa y con la&#46;&#46;&#46;</p>
