{"id":2233,"date":"2015-11-25T16:28:25","date_gmt":"2015-11-25T15:28:25","guid":{"rendered":"http:\/\/blogsaverroes.juntadeandalucia.es\/cpvvamesia\/?page_id=2233"},"modified":"2025-11-17T08:50:05","modified_gmt":"2025-11-17T07:50:05","slug":"consejo-escolar","status":"publish","type":"page","link":"https:\/\/blogsaverroes.juntadeandalucia.es\/cpvvamesia\/consejo-escolar\/","title":{"rendered":"Consejo Escolar"},"content":{"rendered":"<div id=\"cuerpo\">\n<div id=\"contenidos\">\n<div class=\"consejo\">EQUIPO DIRECTIVO<\/div>\n<ul>\n<li class=\"consejo\">INDALECIO SANJUAN PINILLA (Direcci\u00f3n)<\/li>\n<li class=\"consejo\">BEGO\u00d1A BARN\u00c9S GARC\u00cdA (Jefa de Estudios)<\/li>\n<li class=\"consejo\">MERCEDES MORENO BARROSO (Secretaria)<\/li>\n<\/ul>\n<p>PROFESORADO<\/p>\n<ul>\n<li>PURIFICACI\u00d3N MU\u00d1OZ ZAPATA<\/li>\n<li>ANTONIO J. L\u00d3PEZ ALCALDE<\/li>\n<li>ISABEL DE LOS REYES NIETO ADAMUZ<\/li>\n<\/ul>\n<p class=\"categoria\">PADRES\/MADRES<\/p>\n<ul>\n<li class=\"categoria\">EVA RICO ENTRENA<\/li>\n<li class=\"categoria\">B\u00c1RBARA BALLESTEROS GONZ\u00c1LEZ<\/li>\n<li class=\"categoria\">ANDR\u00c9S V\u00cdCTOR ESCOBAR COCA<\/li>\n<li class=\"categoria\">VANESA GARC\u00cdA AVIL\u00c9S<\/li>\n<li class=\"categoria\">A. BEATRIZ COBOS \u00c1LVAREZ<\/li>\n<li class=\"categoria\">OLGA S\u00c1NCHEZ HIDALGO<\/li>\n<li class=\"categoria\">MAR\u00cdA JOS\u00c9 MART\u00cdN FUENTES (AMPA)<\/li>\n<\/ul>\n<p class=\"categoria\">ALUMNADO<\/p>\n<ul>\n<li class=\"categoria\">FELIPE ADAMUZ MONTALB\u00c1N<\/li>\n<\/ul>\n<p>PERSONAL ADMINISTRACI\u00d3N Y SERVICIOS<\/p>\n<\/div>\n<ul>\n<li>ELENA GUERRERO MORENO<\/li>\n<\/ul>\n<p>AYUNTAMIENTO<\/p>\n<ul>\n<li>JOS\u00c9 ANTONIO DUR\u00c1N ORTIZ<\/li>\n<\/ul>\n<p>Consejo Escolar constituido el 28 noviembre 2016<\/p>\n<p><a href=\"http:\/\/blogsaverroes.juntadeandalucia.es\/cpvvamesia\/files\/2017\/01\/wpid-wp-1484823655037.jpg\"><img loading=\"lazy\" decoding=\"async\" class=\"alignnone wp-image-3790\" src=\"http:\/\/blogsaverroes.juntadeandalucia.es\/cpvvamesia\/files\/2017\/01\/wpid-wp-1484823655037-200x200.jpg\" alt=\"wpid-wp-1484823655037.jpg\" width=\"262\" height=\"262\" srcset=\"https:\/\/blogsaverroes.juntadeandalucia.es\/cpvvamesia\/files\/2017\/01\/wpid-wp-1484823655037-200x200.jpg 200w, https:\/\/blogsaverroes.juntadeandalucia.es\/cpvvamesia\/files\/2017\/01\/wpid-wp-1484823655037-100x100.jpg 100w, https:\/\/blogsaverroes.juntadeandalucia.es\/cpvvamesia\/files\/2017\/01\/wpid-wp-1484823655037-160x160.jpg 160w, https:\/\/blogsaverroes.juntadeandalucia.es\/cpvvamesia\/files\/2017\/01\/wpid-wp-1484823655037-24x24.jpg 24w, https:\/\/blogsaverroes.juntadeandalucia.es\/cpvvamesia\/files\/2017\/01\/wpid-wp-1484823655037-36x36.jpg 36w, https:\/\/blogsaverroes.juntadeandalucia.es\/cpvvamesia\/files\/2017\/01\/wpid-wp-1484823655037-48x48.jpg 48w, https:\/\/blogsaverroes.juntadeandalucia.es\/cpvvamesia\/files\/2017\/01\/wpid-wp-1484823655037.jpg 640w\" sizes=\"(max-width: 262px) 100vw, 262px\" \/><\/a><\/p>\n<\/div>\n<p>Consejo Escolar constituido el 15 diciembre 2008<br \/>\n<img decoding=\"async\" src=\"http:\/\/lh3.ggpht.com\/_7ZHkOquNGEM\/SUdoobWSCII\/AAAAAAAAB0I\/_QkXRkwr-QU\/s400\/consejo%20007.jpg\" alt=\"\"\/><\/p>\n","protected":false},"excerpt":{"rendered":"<p>EQUIPO DIRECTIVO INDALECIO SANJUAN PINILLA (Direcci\u00f3n) BEGO\u00d1A BARN\u00c9S GARC\u00cdA (Jefa de Estudios) MERCEDES MORENO BARROSO (Secretaria) PROFESORADO PURIFICACI\u00d3N MU\u00d1OZ ZAPATA ANTONIO J. L\u00d3PEZ ALCALDE ISABEL DE LOS REYES NIETO ADAMUZ PADRES\/MADRES EVA RICO ENTRENA&#46;&#46;&#46;<\/p>\n","protected":false},"author":2340,"featured_media":0,"parent":0,"menu_order":0,"comment_status":"open","ping_status":"open","template":"","meta":{"ngg_post_thumbnail":0,"footnotes":"","_mc_calendar":[]},"aioseo_notices":[],"_links":{"self":[{"href":"https:\/\/blogsaverroes.juntadeandalucia.es\/cpvvamesia\/wp-json\/wp\/v2\/pages\/2233"}],"collection":[{"href":"https:\/\/blogsaverroes.juntadeandalucia.es\/cpvvamesia\/wp-json\/wp\/v2\/pages"}],"about":[{"href":"https:\/\/blogsaverroes.juntadeandalucia.es\/cpvvamesia\/wp-json\/wp\/v2\/types\/page"}],"author":[{"embeddable":true,"href":"https:\/\/blogsaverroes.juntadeandalucia.es\/cpvvamesia\/wp-json\/wp\/v2\/users\/2340"}],"replies":[{"embeddable":true,"href":"https:\/\/blogsaverroes.juntadeandalucia.es\/cpvvamesia\/wp-json\/wp\/v2\/comments?post=2233"}],"version-history":[{"count":14,"href":"https:\/\/blogsaverroes.juntadeandalucia.es\/cpvvamesia\/wp-json\/wp\/v2\/pages\/2233\/revisions"}],"predecessor-version":[{"id":5557,"href":"https:\/\/blogsaverroes.juntadeandalucia.es\/cpvvamesia\/wp-json\/wp\/v2\/pages\/2233\/revisions\/5557"}],"wp:attachment":[{"href":"https:\/\/blogsaverroes.juntadeandalucia.es\/cpvvamesia\/wp-json\/wp\/v2\/media?parent=2233"}],"curies":[{"name":"wp","href":"https:\/\/api.w.org\/{rel}","templated":true}]}}