{"id":2245,"date":"2015-11-25T16:41:19","date_gmt":"2015-11-25T15:41:19","guid":{"rendered":"http:\/\/blogsaverroes.juntadeandalucia.es\/cpvvamesia\/?page_id=2245"},"modified":"2023-10-11T12:58:26","modified_gmt":"2023-10-11T11:58:26","slug":"e-o-e","status":"publish","type":"page","link":"https:\/\/blogsaverroes.juntadeandalucia.es\/cpvvamesia\/e-o-e\/","title":{"rendered":"E.O.E."},"content":{"rendered":"<p>E.O.E&nbsp; LOJA<\/p>\n<table style=\"height: 274px\" width=\"957\">\n<tbody>\n<tr>\n<td style=\"text-align: center\">FRANCISCO&nbsp; ARELLANO BAUTISTA<\/td>\n<td style=\"text-align: center\">Maestro Compensatoria<\/td>\n<\/tr>\n<tr>\n<td style=\"text-align: center\">PEDRO P\u00c9REZ GUTI\u00c9RREZ Y JESICA SEVILLA V\u00c1ZQUEZ<\/td>\n<td style=\"text-align: center\">Maestra de Audici\u00f3n y Lenguaje<\/td>\n<\/tr>\n<tr>\n<td style=\"text-align: center\">FRANCISCO RONDA MATEO<\/td>\n<td style=\"text-align: center\">M\u00e9dico E.O.E.<\/td>\n<\/tr>\n<tr>\n<td style=\"text-align: center\">GUADALUPE MOLDERO ROBLES<\/td>\n<td style=\"text-align: center\">Orientadora<\/td>\n<\/tr>\n<\/tbody>\n<\/table>\n","protected":false},"excerpt":{"rendered":"<p>E.O.E&nbsp; LOJA FRANCISCO&nbsp; ARELLANO BAUTISTA Maestro Compensatoria PEDRO P\u00c9REZ GUTI\u00c9RREZ Y JESICA SEVILLA V\u00c1ZQUEZ Maestra de Audici\u00f3n y Lenguaje FRANCISCO RONDA MATEO M\u00e9dico E.O.E. GUADALUPE MOLDERO ROBLES Orientadora<\/p>\n","protected":false},"author":2340,"featured_media":0,"parent":0,"menu_order":0,"comment_status":"open","ping_status":"open","template":"","meta":{"ngg_post_thumbnail":0,"footnotes":"","_mc_calendar":[]},"aioseo_notices":[],"_links":{"self":[{"href":"https:\/\/blogsaverroes.juntadeandalucia.es\/cpvvamesia\/wp-json\/wp\/v2\/pages\/2245"}],"collection":[{"href":"https:\/\/blogsaverroes.juntadeandalucia.es\/cpvvamesia\/wp-json\/wp\/v2\/pages"}],"about":[{"href":"https:\/\/blogsaverroes.juntadeandalucia.es\/cpvvamesia\/wp-json\/wp\/v2\/types\/page"}],"author":[{"embeddable":true,"href":"https:\/\/blogsaverroes.juntadeandalucia.es\/cpvvamesia\/wp-json\/wp\/v2\/users\/2340"}],"replies":[{"embeddable":true,"href":"https:\/\/blogsaverroes.juntadeandalucia.es\/cpvvamesia\/wp-json\/wp\/v2\/comments?post=2245"}],"version-history":[{"count":7,"href":"https:\/\/blogsaverroes.juntadeandalucia.es\/cpvvamesia\/wp-json\/wp\/v2\/pages\/2245\/revisions"}],"predecessor-version":[{"id":5308,"href":"https:\/\/blogsaverroes.juntadeandalucia.es\/cpvvamesia\/wp-json\/wp\/v2\/pages\/2245\/revisions\/5308"}],"wp:attachment":[{"href":"https:\/\/blogsaverroes.juntadeandalucia.es\/cpvvamesia\/wp-json\/wp\/v2\/media?parent=2245"}],"curies":[{"name":"wp","href":"https:\/\/api.w.org\/{rel}","templated":true}]}}

<p>E.O.E&nbsp; LOJA</p>
<table style="height: 274px" width="957">
<tbody>
<tr>
<td style="text-align: center">FRANCISCO&nbsp; ARELLANO BAUTISTA</td>
<td style="text-align: center">Maestro Compensatoria</td>
</tr>
<tr>
<td style="text-align: center">PEDRO PÉREZ GUTIÉRREZ Y JESICA SEVILLA VÁZQUEZ</td>
<td style="text-align: center">Maestra de Audición y Lenguaje</td>
</tr>
<tr>
<td style="text-align: center">FRANCISCO RONDA MATEO</td>
<td style="text-align: center">Médico E.O.E.</td>
</tr>
<tr>
<td style="text-align: center">GUADALUPE MOLDERO ROBLES</td>
<td style="text-align: center">Orientadora</td>
</tr>
</tbody>
</table>

<p>E.O.E&nbsp; LOJA FRANCISCO&nbsp; ARELLANO BAUTISTA Maestro Compensatoria PEDRO PÉREZ GUTIÉRREZ Y JESICA SEVILLA VÁZQUEZ Maestra de Audición y Lenguaje FRANCISCO RONDA MATEO Médico E.O.E. GUADALUPE MOLDERO ROBLES Orientadora</p>
