{"id":100,"date":"2022-12-01T09:02:14","date_gmt":"2022-12-01T09:02:14","guid":{"rendered":"https:\/\/blogsaverroes.juntadeandalucia.es\/creah5p\/?page_id=100"},"modified":"2023-10-06T08:31:14","modified_gmt":"2023-10-06T08:31:14","slug":"image-pairing-parejas-de-imagenes","status":"publish","type":"page","link":"https:\/\/blogsaverroes.juntadeandalucia.es\/creah5p\/image-pairing-parejas-de-imagenes\/","title":{"rendered":"Image Pairing: Parejas de im\u00e1genes"},"content":{"rendered":"<p id=\"yui_3_17_2_1_1669885285400_5649\" dir=\"ltr\">El emparejamiento de im\u00e1genes es una actividad simple y efectiva de relaci\u00f3n de pares de im\u00e1genes. Dado que no se requiere que ambas im\u00e1genes sean iguales, podemos usar esta actividad tami\u00e9n para probar la comprensi\u00f3n de relaciones&nbsp; entre&nbsp; im\u00e1genes diferentes.<\/p>\n<p dir=\"ltr\">Este tipo de actividad es muy \u00fatili en el trabajo de vocabulario en niveles de iniciaci\u00f3n, relaci\u00f3n de conceptos, etc. Ejemplos t\u00edpicos de este tipo de actividad ser\u00edan:<\/p>\n<p dir=\"ltr\">Une la bandera de un pa\u00eds con el mapa del pa\u00eds, une un objeto con un lugar donde se encuentra, une un \u00e1rbol con sus hojas, etc&#8230;<\/p>\n<div id=\"yui_3_17_2_1_1669885285400_5655\" class=\"h5p-placeholder\"><div class=\"h5p-iframe-wrapper\"><iframe id=\"h5p-iframe-6\" class=\"h5p-iframe\" data-content-id=\"6\" style=\"height:1px\" src=\"about:blank\" frameBorder=\"0\" scrolling=\"no\" title=\"Image pairing\"><\/iframe><\/div><\/div>\n<p id=\"yui_3_17_2_1_1669885285400_5661\">&nbsp;<\/p>\n<h2 id=\"guides-header-4\">Paso 1: Crea un emparejamiento de im\u00e1genes<\/h2>\n<p id=\"yui_3_17_2_1_1669885285400_5663\">Selecciona la&nbsp; opci\u00f3n <strong id=\"yui_3_17_2_1_1669885285400_5664\">Nuevo contenido&nbsp;<\/strong> y elije <strong>I<\/strong><strong id=\"yui_3_17_2_1_1669885285400_5665\">mage<\/strong> <strong>Pairing<\/strong>&nbsp; de la lista de Tipos de contenido:<\/p>\n<p id=\"yui_3_17_2_1_1669885285400_5666\"><img loading=\"lazy\" decoding=\"async\" id=\"yui_3_17_2_1_1669885285400_5667\" src=\"https:\/\/h5p.org\/sites\/default\/files\/image-pairing_0.png\" alt=\"\" width=\"1607\" height=\"1336\"><\/p>\n<h2 id=\"guides-header-5\">Paso 2: Editor de emparejamiento de im\u00e1genes<\/h2>\n<p>Ahora deber\u00eda aparecer el editor de emparejamiento de im\u00e1genes. El editor deber\u00eda verse as\u00ed:<\/p>\n<p><img loading=\"lazy\" decoding=\"async\" src=\"https:\/\/h5p.org\/sites\/default\/files\/image-pairing2.png\" alt=\"\" width=\"1475\" height=\"1563\"><\/p>\n<p>&nbsp;<\/p>\n<p>&nbsp;<\/p>\n<h2 id=\"guides-header-7\"><strong>Paso 3: Crea el&nbsp; contenido<\/strong><\/h2>\n<p id=\"yui_3_17_2_1_1669885285400_5901\">En la secci\u00f3n <strong>\u00abTarjetas de \u00abImagen\u00bb<\/strong>, haz clic en<strong> \u00abAgregar imagen\u00bb<\/strong> y sube la imagen. Para <strong>\u00abImagen coincidente\u00bb<\/strong>, carga imagen que quieras que se empareje.<\/p>\n<p><img loading=\"lazy\" decoding=\"async\" id=\"yui_3_17_2_1_1669885285400_5900\" src=\"https:\/\/h5p.org\/sites\/default\/files\/011.png\" alt=\"\" width=\"1415\" height=\"1257\"><br \/>\nRepite el proceso para el resto. Se agrega una nueva tarjeta haciendo clic en el bot\u00f3n azul<strong> \u00abAgregar tarjeta\u00bb<\/strong>.<\/p>\n<p id=\"yui_3_17_2_1_1669885285400_5877\"><strong>Recuerda Guardar <\/strong>para ver tu actividad finalizada.&nbsp;<\/p>\n","protected":false},"excerpt":{"rendered":"<p>El emparejamiento de im\u00e1genes es una actividad simple y efectiva de relaci\u00f3n de pares de im\u00e1genes. Dado que no se requiere que ambas im\u00e1genes sean iguales, podemos usar esta actividad tami\u00e9n para probar la&#46;&#46;&#46;<\/p>\n","protected":false},"author":10977,"featured_media":0,"parent":0,"menu_order":0,"comment_status":"closed","ping_status":"closed","template":"","meta":{"ngg_post_thumbnail":0,"footnotes":""},"aioseo_notices":[],"_links":{"self":[{"href":"https:\/\/blogsaverroes.juntadeandalucia.es\/creah5p\/wp-json\/wp\/v2\/pages\/100"}],"collection":[{"href":"https:\/\/blogsaverroes.juntadeandalucia.es\/creah5p\/wp-json\/wp\/v2\/pages"}],"about":[{"href":"https:\/\/blogsaverroes.juntadeandalucia.es\/creah5p\/wp-json\/wp\/v2\/types\/page"}],"author":[{"embeddable":true,"href":"https:\/\/blogsaverroes.juntadeandalucia.es\/creah5p\/wp-json\/wp\/v2\/users\/10977"}],"replies":[{"embeddable":true,"href":"https:\/\/blogsaverroes.juntadeandalucia.es\/creah5p\/wp-json\/wp\/v2\/comments?post=100"}],"version-history":[{"count":7,"href":"https:\/\/blogsaverroes.juntadeandalucia.es\/creah5p\/wp-json\/wp\/v2\/pages\/100\/revisions"}],"predecessor-version":[{"id":351,"href":"https:\/\/blogsaverroes.juntadeandalucia.es\/creah5p\/wp-json\/wp\/v2\/pages\/100\/revisions\/351"}],"wp:attachment":[{"href":"https:\/\/blogsaverroes.juntadeandalucia.es\/creah5p\/wp-json\/wp\/v2\/media?parent=100"}],"curies":[{"name":"wp","href":"https:\/\/api.w.org\/{rel}","templated":true}]}}