{"id":117,"date":"2022-12-01T13:53:11","date_gmt":"2022-12-01T13:53:11","guid":{"rendered":"https:\/\/blogsaverroes.juntadeandalucia.es\/creah5p\/?page_id=117"},"modified":"2023-10-06T08:40:19","modified_gmt":"2023-10-06T08:40:19","slug":"video-interactivo","status":"publish","type":"page","link":"https:\/\/blogsaverroes.juntadeandalucia.es\/creah5p\/video-interactivo\/","title":{"rendered":"V\u00eddeo interactivo"},"content":{"rendered":"<p><iframe loading=\"lazy\" title=\"Tutorial V\u00eddeo interactivo\" width=\"500\" height=\"281\" src=\"https:\/\/www.youtube.com\/embed\/adHgjYX-ybQ?feature=oembed&#038;wmode=opaque\" frameborder=\"0\" allow=\"accelerometer; autoplay; clipboard-write; encrypted-media; gyroscope; picture-in-picture; web-share\" allowfullscreen><\/iframe><\/p>\n<p>&nbsp;<\/p>\n<p dir=\"ltr\"><code><div class=\"h5p-iframe-wrapper\"><iframe id=\"h5p-iframe-23\" class=\"h5p-iframe\" data-content-id=\"23\" style=\"height:1px\" src=\"about:blank\" frameBorder=\"0\" scrolling=\"no\" title=\"Resumen\"><\/iframe><\/div><\/code><\/p>\n<h2 id=\"guides-header-1\">&nbsp;<\/h2>\n<p>&nbsp;<\/p>\n<h2 id=\"guides-header-2\">Cu\u00e1ndo usar videos interactivos<\/h2>\n<p id=\"yui_3_17_2_1_1669902006879_1938\">Los videos interactivos pueden ayudar&nbsp; el aprendizaje diferenciado agregando informaci\u00f3n detallada como im\u00e1genes, tablas, texto y enlaces con los que el alumnado puede interactuar durante la reproducci\u00f3n del video.<\/p>\n<p id=\"yui_3_17_2_1_1669902006879_1940\">Permite la interacci\u00f3n agregando&nbsp; <a id=\"yui_3_17_2_1_1669902006879_1941\" href=\"https:\/\/h5p-org.translate.goog\/tutorial-multichoice-question?_x_tr_sl=auto&amp;_x_tr_tl=es&amp;_x_tr_hl=es\" target=\"_blank\" rel=\"noopener noreferrer\">preguntas de opci\u00f3n m\u00faltiple<\/a> ,&nbsp; <a id=\"yui_3_17_2_1_1669902006879_1942\" href=\"https:\/\/h5p-org.translate.goog\/tutorial-fill-in-the-blanks?_x_tr_sl=auto&amp;_x_tr_tl=es&amp;_x_tr_hl=es\" target=\"_blank\" rel=\"noopener noreferrer\">complete los espacios en blanco<\/a> ,&nbsp; <a id=\"yui_3_17_2_1_1669902006879_1943\" href=\"https:\/\/h5p-org.translate.goog\/tutorial-drag-and-drop-question?_x_tr_sl=auto&amp;_x_tr_tl=es&amp;_x_tr_hl=es\" target=\"_blank\" rel=\"noopener noreferrer\">arrastre y suelte preguntas<\/a> &nbsp;y&nbsp; <a id=\"yui_3_17_2_1_1669902006879_1944\" href=\"https:\/\/h5p-org.translate.goog\/tutorial-summary?_x_tr_sl=auto&amp;_x_tr_tl=es&amp;_x_tr_hl=es\" target=\"_blank\" rel=\"noopener noreferrer\">res\u00famenes<\/a> .<\/p>\n<p id=\"yui_3_17_2_1_1669902006879_1953\">&nbsp;<\/p>\n<p>&nbsp;<\/p>\n<h2 id=\"guides-header-5\">Paso 1: Creaci\u00f3n de un video interactivo<\/h2>\n<p id=\"yui_3_17_2_1_1669902006879_1955\">Selecciona la&nbsp; opci\u00f3n <strong id=\"yui_3_17_2_1_1669902006879_1956\">Nuevo contenido&nbsp; y elije&nbsp; <\/strong><strong id=\"yui_3_17_2_1_1669902006879_1957\">Video interactivo <\/strong>&nbsp;de la lista de Tipos de contenido:<strong id=\"yui_3_17_2_1_1669902006879_1958\"><\/strong><\/p>\n<p id=\"yui_3_17_2_1_1669902006879_1959\"><img loading=\"lazy\" decoding=\"async\" id=\"yui_3_17_2_1_1669902006879_1960\" src=\"https:\/\/h5p.org\/sites\/default\/files\/iv_1.png\" alt=\"\" width=\"1377\" height=\"1203\"><\/p>\n<h2 id=\"guides-header-6\">Paso 2: Editor de video interactivo<\/h2>\n<p>Ahora deber\u00eda aparecer el editor de video interactivo. La parte superior del editor se ve as\u00ed:<\/p>\n<p><img loading=\"lazy\" decoding=\"async\" src=\"https:\/\/h5p.org\/sites\/default\/files\/1.jpg\" alt=\"\" width=\"2150\" height=\"783\"><\/p>\n<p>Nos centraremos en la parte superior del editor, encima del&nbsp; &nbsp;encabezado <strong>Campos comunes .<\/strong><\/p>\n<p>El tipo de contenido de v\u00eddeo interactivo consta de tres pesta\u00f1as: <strong>Subir video<\/strong> , <strong>Agregar interacciones<\/strong> y <strong>Resumen de tareas<\/strong> . Estos tres pasos representan un flujo de trabajo natural para crear un v\u00eddeo interactivo. De manera predeterminada, la pesta\u00f1a <strong>Cargar video<\/strong> se muestra cuando crea un nuevo v\u00eddeo interactivo.<\/p>\n<h2 id=\"guides-header-7\">Paso 3: sube el v\u00eddeo<\/h2>\n<p>Aqu\u00ed es donde agregamos los clips de video en los que se basa nuestro v\u00eddeo interactivo.&nbsp;<\/p>\n<p>Presione el bot\u00f3n \u00ab+\u00bb y luego presione el bot\u00f3n \u00abSubir archivo de video\u00bb:<br \/>\n<img loading=\"lazy\" decoding=\"async\" src=\"https:\/\/h5p.org\/sites\/default\/files\/02_3.jpg\" alt=\"\" width=\"2059\" height=\"712\"><\/p>\n<p>En esta pesta\u00f1a puedes subir un v\u00eddeo ya descargado o puedes pegar un link de un v\u00eddeo colgado en youtube.<\/p>\n<p><img loading=\"lazy\" decoding=\"async\" class=\"alignnone wp-image-301 size-full\" src=\"https:\/\/blogsaverroes.juntadeandalucia.es\/creah5p\/files\/2023\/04\/VI3-1.png\" alt=\"\" width=\"793\" height=\"504\" srcset=\"https:\/\/blogsaverroes.juntadeandalucia.es\/creah5p\/files\/2023\/04\/VI3-1.png 793w, https:\/\/blogsaverroes.juntadeandalucia.es\/creah5p\/files\/2023\/04\/VI3-1-300x191.png 300w, https:\/\/blogsaverroes.juntadeandalucia.es\/creah5p\/files\/2023\/04\/VI3-1-768x488.png 768w\" sizes=\"(max-width: 793px) 100vw, 793px\" \/><\/p>\n<p>&nbsp;<\/p>\n<p>&nbsp;<\/p>\n<p><em><br \/>\n<\/em><em><br \/>\n<\/em><\/p>\n<p>&nbsp;<\/p>\n<p>&nbsp;<\/p>\n<h2 id=\"guides-header-8\">Paso 4: Agregar interacciones<\/h2>\n<p>Presiona la pesta\u00f1a <strong>Agregar interacciones<\/strong> en la parte superior del editor. Se muestra una vista previa del videoclip que agregamos en el paso anterior:<\/p>\n<p><img loading=\"lazy\" decoding=\"async\" class=\"alignnone wp-image-302 size-full\" src=\"https:\/\/blogsaverroes.juntadeandalucia.es\/creah5p\/files\/2023\/04\/VI6.png\" alt=\"\" width=\"773\" height=\"559\" srcset=\"https:\/\/blogsaverroes.juntadeandalucia.es\/creah5p\/files\/2023\/04\/VI6.png 773w, https:\/\/blogsaverroes.juntadeandalucia.es\/creah5p\/files\/2023\/04\/VI6-300x217.png 300w, https:\/\/blogsaverroes.juntadeandalucia.es\/creah5p\/files\/2023\/04\/VI6-768x555.png 768w\" sizes=\"(max-width: 773px) 100vw, 773px\" \/><\/p>\n<p>Usamos la barra de herramientas arriba del videoclip para agregar interacciones:<\/p>\n<p><img loading=\"lazy\" decoding=\"async\" src=\"https:\/\/h5p.org\/sites\/default\/files\/06_0.jpg\" alt=\"\" width=\"2152\" height=\"119\"><\/p>\n<p>Hay tres tipos diferentes de interacciones:<\/p>\n<ul>\n<li><strong>Interacci\u00f3n de prueba<\/strong> (Pregunta), presentada como un bot\u00f3n azul<\/li>\n<li><strong>Interacciones simples<\/strong> (Texto, Imagen, Tabla), presentadas como un bot\u00f3n morado<\/li>\n<li><strong>Interacci\u00f3n de adaptabilidad<\/strong> (Ir a)<\/li>\n<\/ul>\n<p><strong>&nbsp;<\/strong><\/p>\n<p>En este tutorial utilizaremos una interacci\u00f3n de prueba, concretamente una actividad Single Choice Set.<\/p>\n<p><img loading=\"lazy\" decoding=\"async\" class=\"alignnone wp-image-303 size-full\" src=\"https:\/\/blogsaverroes.juntadeandalucia.es\/creah5p\/files\/2023\/04\/VI4.png\" alt=\"\" width=\"647\" height=\"811\" srcset=\"https:\/\/blogsaverroes.juntadeandalucia.es\/creah5p\/files\/2023\/04\/VI4.png 647w, https:\/\/blogsaverroes.juntadeandalucia.es\/creah5p\/files\/2023\/04\/VI4-239x300.png 239w\" sizes=\"(max-width: 647px) 100vw, 647px\" \/><\/p>\n<p>Una vez seleccionada la actividad, escribe el t\u00edtulo de la misma, el texto de la pregunta y las posibles respuestas. <strong>Ten en cuenta que la primera respuesta que escribas ser\u00e1 siempre<\/strong> la<strong> correcta.<\/strong><\/p>\n<p>Puedes insertar tantas interacciones como quieras, eligiendo los tipos de actividades que aparecen en la barra superior.<\/p>\n<h2 id=\"guides-header-11\">Paso 9: Resumen<\/h2>\n<p>Al final de un video interactivo, puedes agregar un <a href=\"https:\/\/h5p-org.translate.goog\/tutorial-summary?_x_tr_sl=auto&amp;_x_tr_tl=es&amp;_x_tr_hl=es\"><strong>resumen<\/strong><\/a> . El <strong>resumen<\/strong> es un tipo de actividad Single Choice Set. Recuerda escribir la verdadera respuesta siempre la primera.<\/p>\n<p><img loading=\"lazy\" decoding=\"async\" class=\"alignnone wp-image-306 size-full\" src=\"https:\/\/blogsaverroes.juntadeandalucia.es\/creah5p\/files\/2023\/04\/VI5.png\" alt=\"\" width=\"576\" height=\"549\" srcset=\"https:\/\/blogsaverroes.juntadeandalucia.es\/creah5p\/files\/2023\/04\/VI5.png 576w, https:\/\/blogsaverroes.juntadeandalucia.es\/creah5p\/files\/2023\/04\/VI5-300x286.png 300w\" sizes=\"(max-width: 576px) 100vw, 576px\" \/><\/p>\n<p><strong>Una vez terminado recuerda siempre guardar tu trabajo.<\/strong><\/p>\n<p>&nbsp;<\/p>\n","protected":false},"excerpt":{"rendered":"<p>&nbsp; &nbsp; &nbsp; Cu\u00e1ndo usar videos interactivos Los videos interactivos pueden ayudar&nbsp; el aprendizaje diferenciado agregando informaci\u00f3n detallada como im\u00e1genes, tablas, texto y enlaces con los que el alumnado puede interactuar durante la reproducci\u00f3n&#46;&#46;&#46;<\/p>\n","protected":false},"author":10977,"featured_media":0,"parent":0,"menu_order":0,"comment_status":"closed","ping_status":"closed","template":"","meta":{"ngg_post_thumbnail":0,"footnotes":""},"aioseo_notices":[],"_links":{"self":[{"href":"https:\/\/blogsaverroes.juntadeandalucia.es\/creah5p\/wp-json\/wp\/v2\/pages\/117"}],"collection":[{"href":"https:\/\/blogsaverroes.juntadeandalucia.es\/creah5p\/wp-json\/wp\/v2\/pages"}],"about":[{"href":"https:\/\/blogsaverroes.juntadeandalucia.es\/creah5p\/wp-json\/wp\/v2\/types\/page"}],"author":[{"embeddable":true,"href":"https:\/\/blogsaverroes.juntadeandalucia.es\/creah5p\/wp-json\/wp\/v2\/users\/10977"}],"replies":[{"embeddable":true,"href":"https:\/\/blogsaverroes.juntadeandalucia.es\/creah5p\/wp-json\/wp\/v2\/comments?post=117"}],"version-history":[{"count":9,"href":"https:\/\/blogsaverroes.juntadeandalucia.es\/creah5p\/wp-json\/wp\/v2\/pages\/117\/revisions"}],"predecessor-version":[{"id":353,"href":"https:\/\/blogsaverroes.juntadeandalucia.es\/creah5p\/wp-json\/wp\/v2\/pages\/117\/revisions\/353"}],"wp:attachment":[{"href":"https:\/\/blogsaverroes.juntadeandalucia.es\/creah5p\/wp-json\/wp\/v2\/media?parent=117"}],"curies":[{"name":"wp","href":"https:\/\/api.w.org\/{rel}","templated":true}]}}