{"id":159,"date":"2022-12-07T14:08:15","date_gmt":"2022-12-07T14:08:15","guid":{"rendered":"https:\/\/blogsaverroes.juntadeandalucia.es\/creah5p\/?page_id=159"},"modified":"2023-10-05T15:52:47","modified_gmt":"2023-10-05T15:52:47","slug":"find-multiple-hotspots-encuentra-los-puntos","status":"publish","type":"page","link":"https:\/\/blogsaverroes.juntadeandalucia.es\/creah5p\/find-multiple-hotspots-encuentra-los-puntos\/","title":{"rendered":"Find multiple hotspots: encuentra los puntos"},"content":{"rendered":"<p><iframe loading=\"lazy\" title=\"Tutorial Multiple Hot spots\" width=\"500\" height=\"281\" src=\"https:\/\/www.youtube.com\/embed\/3_AhIIb8j-I?feature=oembed&#038;wmode=opaque\" frameborder=\"0\" allow=\"accelerometer; autoplay; clipboard-write; encrypted-media; gyroscope; picture-in-picture; web-share\" allowfullscreen><\/iframe><\/p>\n<div>\n<div>\n<div>\n<p>Este tipo de actividad permite&nbsp; crear una prueba basada en im\u00e1genes donde el alumno\/a debe encontrar los puntos correctos en una imagen.<\/p>\n<div class=\"h5p-content\" data-content-id=\"15\"><\/div>\n<p>Este tipo de contenido se puede usar para preguntas en las que los usuarios finales, por ejemplo, deben encontrar todos los puntos de acceso en una imagen. Los usuarios finales reciben comentarios relevantes en funci\u00f3n de d\u00f3nde hacen clic.<\/p>\n<\/div>\n<\/div>\n<\/div>\n<div>\n<p><strong>Pasos<\/strong><\/p>\n<h2>1. Escribe el t\u00edtulo de la actividad.<img loading=\"lazy\" decoding=\"async\" class=\"alignnone wp-image-160 size-full\" src=\"https:\/\/blogsaverroes.juntadeandalucia.es\/creah5p\/files\/2022\/12\/FHP-titulo.png\" alt=\"\" width=\"797\" height=\"108\" srcset=\"https:\/\/blogsaverroes.juntadeandalucia.es\/creah5p\/files\/2022\/12\/FHP-titulo.png 797w, https:\/\/blogsaverroes.juntadeandalucia.es\/creah5p\/files\/2022\/12\/FHP-titulo-300x41.png 300w, https:\/\/blogsaverroes.juntadeandalucia.es\/creah5p\/files\/2022\/12\/FHP-titulo-768x104.png 768w\" sizes=\"(max-width: 797px) 100vw, 797px\" \/><\/h2>\n<h2>2. Describe la tarea a realizar.<\/h2>\n<p>Dentro de la pesta\u00f1a <strong>P<\/strong><strong>aso 1<\/strong> escribe la descripci\u00f3n de la actividad. Es decir, explica qu\u00e9 es lo que habr\u00e1 que se\u00f1alar.<\/p>\n<p><img loading=\"lazy\" decoding=\"async\" class=\"alignnone wp-image-161 size-full\" src=\"https:\/\/blogsaverroes.juntadeandalucia.es\/creah5p\/files\/2022\/12\/FMH-3.png\" alt=\"\" width=\"760\" height=\"373\" srcset=\"https:\/\/blogsaverroes.juntadeandalucia.es\/creah5p\/files\/2022\/12\/FMH-3.png 760w, https:\/\/blogsaverroes.juntadeandalucia.es\/creah5p\/files\/2022\/12\/FMH-3-300x147.png 300w\" sizes=\"(max-width: 760px) 100vw, 760px\" \/><\/p>\n<h2>3. A\u00f1ade una imagen de fondo.<\/h2>\n<p>Dentro del mismo paso, selecciona el bot\u00f3n <strong>a\u00f1adir<\/strong>&nbsp;y sube la imagen de fondo que hayas elegido desde tu ordenador.<\/p>\n<p>&nbsp;<\/p>\n<p><img><\/p>\n<h2>4. Selecciona los hotspots.<\/h2>\n<p>Presiona el bot\u00f3n <strong>hotspots<\/strong>&nbsp;para acceder a la siguiente pesta\u00f1a.<\/p>\n<p>A continuaci\u00f3n, selecciona los puntos que vayas a resaltar en tu imagen. Para ello, haz clic en la imagen del c\u00edrculo o del cuadrado, ll\u00e9valos a la imagen deseada y su\u00e9ltalo. Puedes adaptar el tama\u00f1o del c\u00edrculo para que se adapte a la imagen deseada.<\/p>\n<p><img loading=\"lazy\" decoding=\"async\" class=\"alignnone wp-image-171 size-full\" src=\"https:\/\/blogsaverroes.juntadeandalucia.es\/creah5p\/files\/2022\/12\/Captura-de-pantalla-2022-12-09-a-las-12.38.15.png\" alt=\"\" width=\"1442\" height=\"914\" srcset=\"https:\/\/blogsaverroes.juntadeandalucia.es\/creah5p\/files\/2022\/12\/Captura-de-pantalla-2022-12-09-a-las-12.38.15.png 1442w, https:\/\/blogsaverroes.juntadeandalucia.es\/creah5p\/files\/2022\/12\/Captura-de-pantalla-2022-12-09-a-las-12.38.15-300x190.png 300w, https:\/\/blogsaverroes.juntadeandalucia.es\/creah5p\/files\/2022\/12\/Captura-de-pantalla-2022-12-09-a-las-12.38.15-1024x649.png 1024w, https:\/\/blogsaverroes.juntadeandalucia.es\/creah5p\/files\/2022\/12\/Captura-de-pantalla-2022-12-09-a-las-12.38.15-768x487.png 768w\" sizes=\"(max-width: 1442px) 100vw, 1442px\" \/><\/p>\n<p><img><\/p>\n<p><img>Especifica si la imagen va a ser correcta o no y escribe un feedback.<\/p>\n<p>&nbsp;Selecciona cu\u00e1ntos puntos&nbsp; correctos deben encontrarse antes de marcar la pregunta como completa.<\/p>\n<h2>5. Guarda tu trabajo.<\/h2>\n<p>Recuerda siempre guardar tu trabajo.<\/p>\n<\/div>\n","protected":false},"excerpt":{"rendered":"<p>Este tipo de actividad permite&nbsp; crear una prueba basada en im\u00e1genes donde el alumno\/a debe encontrar los puntos correctos en una imagen. Este tipo de contenido se puede usar para preguntas en las que&#46;&#46;&#46;<\/p>\n","protected":false},"author":10977,"featured_media":0,"parent":0,"menu_order":0,"comment_status":"closed","ping_status":"closed","template":"","meta":{"ngg_post_thumbnail":0,"footnotes":""},"aioseo_notices":[],"_links":{"self":[{"href":"https:\/\/blogsaverroes.juntadeandalucia.es\/creah5p\/wp-json\/wp\/v2\/pages\/159"}],"collection":[{"href":"https:\/\/blogsaverroes.juntadeandalucia.es\/creah5p\/wp-json\/wp\/v2\/pages"}],"about":[{"href":"https:\/\/blogsaverroes.juntadeandalucia.es\/creah5p\/wp-json\/wp\/v2\/types\/page"}],"author":[{"embeddable":true,"href":"https:\/\/blogsaverroes.juntadeandalucia.es\/creah5p\/wp-json\/wp\/v2\/users\/10977"}],"replies":[{"embeddable":true,"href":"https:\/\/blogsaverroes.juntadeandalucia.es\/creah5p\/wp-json\/wp\/v2\/comments?post=159"}],"version-history":[{"count":9,"href":"https:\/\/blogsaverroes.juntadeandalucia.es\/creah5p\/wp-json\/wp\/v2\/pages\/159\/revisions"}],"predecessor-version":[{"id":348,"href":"https:\/\/blogsaverroes.juntadeandalucia.es\/creah5p\/wp-json\/wp\/v2\/pages\/159\/revisions\/348"}],"wp:attachment":[{"href":"https:\/\/blogsaverroes.juntadeandalucia.es\/creah5p\/wp-json\/wp\/v2\/media?parent=159"}],"curies":[{"name":"wp","href":"https:\/\/api.w.org\/{rel}","templated":true}]}}