{"id":2337,"date":"2020-11-04T19:24:08","date_gmt":"2020-11-04T19:24:08","guid":{"rendered":"https:\/\/blogsaverroes.juntadeandalucia.es\/cristobalcolon\/?page_id=2337"},"modified":"2021-10-17T13:24:59","modified_gmt":"2021-10-17T13:24:59","slug":"covid-19","status":"publish","type":"page","link":"https:\/\/blogsaverroes.juntadeandalucia.es\/cristobalcolon\/covid-19\/","title":{"rendered":"COVID-19"},"content":{"rendered":"<p><a href=\"https:\/\/blogsaverroes.juntadeandalucia.es\/cristobalcolon\/files\/2021\/10\/punta-lapices-de-colores.jpg\"><img loading=\"lazy\" decoding=\"async\" class=\"aligncenter wp-image-2648 size-full\" src=\"https:\/\/blogsaverroes.juntadeandalucia.es\/cristobalcolon\/files\/2021\/10\/punta-lapices-de-colores.jpg\" alt=\"\" width=\"946\" height=\"669\" srcset=\"https:\/\/blogsaverroes.juntadeandalucia.es\/cristobalcolon\/files\/2021\/10\/punta-lapices-de-colores.jpg 946w, https:\/\/blogsaverroes.juntadeandalucia.es\/cristobalcolon\/files\/2021\/10\/punta-lapices-de-colores-300x212.jpg 300w, https:\/\/blogsaverroes.juntadeandalucia.es\/cristobalcolon\/files\/2021\/10\/punta-lapices-de-colores-768x543.jpg 768w\" sizes=\"(max-width: 946px) 100vw, 946px\" \/><\/a><\/p>\n<p><b>\u00bfQu\u00e9 es COVID-19?<\/b><\/p>\n<div class=\"hgKElc PZY7Gb\">\n<p>Como ya todos sabemos,COVID-19 es una enfermedad infecciosa causada por el coronavirus que se ha descubierto recientemente. Tanto el nuevo virus como la enfermedad eran desconocidos antes de que estallara el brote en Wuhan (China) en diciembre de 2019.<\/p>\n<p>Ante esta pandemia que ha afectado a nivel mundial, los centros educativos hemos tenido que elaborar un protocolo de actuaci\u00f3n para una vuelta segura a las aulas, garantizando todas las medidas posibles de protecci\u00f3n.<\/p>\n<p>De esta forma, compartimos en el siguiente enlace, el protocolo elaborado por nuestro equipo directivo, adaptado, consensuado y pensado para nuestro centro y su comunidad educativa, en funci\u00f3n de las caracter\u00edsticas del mismo, del alumnado, as\u00ed como del personal docente y no docente.<\/p>\n<p>Desde el centro no s\u00f3lo recomendamos sino que, pedimos que, se cumplan estrictamente todas las medidas acordadas, pues esto&nbsp;<strong>lo FRENAMOS ENTRE TODOS\/AS.<\/strong><\/p>\n<p>Si quieres conocer nuestro protocolo COVID, pincha sobre el t\u00edtulo de abajo.<\/p>\n<h2 style=\"text-align: center\"><a href=\"https:\/\/drive.google.com\/file\/d\/1J_xPiHKVg_joc06AeBi0GAPEwXbDbrPT\/view?usp=sharing\">PROTOCOLO COVID 21\/22. DEF<\/a><\/h2>\n<p>&nbsp;<\/p>\n<p>&nbsp;<\/p>\n<\/div>\n","protected":false},"excerpt":{"rendered":"<p>\u00bfQu\u00e9 es COVID-19? Como ya todos sabemos,COVID-19 es una enfermedad infecciosa causada por el coronavirus que se ha descubierto recientemente. Tanto el nuevo virus como la enfermedad eran desconocidos antes de que estallara el&#46;&#46;&#46;<\/p>\n","protected":false},"author":10874,"featured_media":0,"parent":0,"menu_order":0,"comment_status":"closed","ping_status":"closed","template":"","meta":{"ngg_post_thumbnail":0,"footnotes":"","_mc_calendar":[]},"aioseo_notices":[],"_links":{"self":[{"href":"https:\/\/blogsaverroes.juntadeandalucia.es\/cristobalcolon\/wp-json\/wp\/v2\/pages\/2337"}],"collection":[{"href":"https:\/\/blogsaverroes.juntadeandalucia.es\/cristobalcolon\/wp-json\/wp\/v2\/pages"}],"about":[{"href":"https:\/\/blogsaverroes.juntadeandalucia.es\/cristobalcolon\/wp-json\/wp\/v2\/types\/page"}],"author":[{"embeddable":true,"href":"https:\/\/blogsaverroes.juntadeandalucia.es\/cristobalcolon\/wp-json\/wp\/v2\/users\/10874"}],"replies":[{"embeddable":true,"href":"https:\/\/blogsaverroes.juntadeandalucia.es\/cristobalcolon\/wp-json\/wp\/v2\/comments?post=2337"}],"version-history":[{"count":8,"href":"https:\/\/blogsaverroes.juntadeandalucia.es\/cristobalcolon\/wp-json\/wp\/v2\/pages\/2337\/revisions"}],"predecessor-version":[{"id":2649,"href":"https:\/\/blogsaverroes.juntadeandalucia.es\/cristobalcolon\/wp-json\/wp\/v2\/pages\/2337\/revisions\/2649"}],"wp:attachment":[{"href":"https:\/\/blogsaverroes.juntadeandalucia.es\/cristobalcolon\/wp-json\/wp\/v2\/media?parent=2337"}],"curies":[{"name":"wp","href":"https:\/\/api.w.org\/{rel}","templated":true}]}}