{"id":2354,"date":"2024-09-02T17:49:28","date_gmt":"2024-09-02T17:49:28","guid":{"rendered":"https:\/\/blogsaverroes.juntadeandalucia.es\/cristobalcolon\/?page_id=2354"},"modified":"2024-09-03T18:18:31","modified_gmt":"2024-09-03T18:18:31","slug":"e-t-c-p","status":"publish","type":"page","link":"https:\/\/blogsaverroes.juntadeandalucia.es\/cristobalcolon\/e-t-c-p\/","title":{"rendered":"E.T.C.P."},"content":{"rendered":"<header class=\"entry-header\">\n<h1 class=\"entry-title\">ETCP: Equipo T\u00e9cnico de Coordinaci\u00f3n Pedag\u00f3gica<\/h1>\n<\/header>\n<div class=\"entry-content\">\n<p><span class=\"introduccion_documento\">El ETCP es un \u00f3rgano fundamental en la vida del Centro. Coordina de forma habitual y permanente la labores docentes del profesorado, de los ciclos, de los tutores y especialistas, de las actividades lectivas: docentes, complementarias, extraescolares\u2026 Coordina todos los trabajos acad\u00e9micos y la actividad lectiva del Centro.<\/span><\/p>\n<p>El ETCP de nuestro centro est\u00e1 formado por:<\/p>\n<p><strong>Direcci\u00f3n<\/strong>:<\/p>\n<p>Mercedes Monserrat M\u00e1iquez<\/p>\n<p><strong>Jefe de Estudios&nbsp;<\/strong><\/p>\n<p>\u00c1ngeles Mar\u00eda Mu\u00f1oz Revaliente<\/p>\n<p><strong>Coordinadora&nbsp; de Infantil:<\/strong><\/p>\n<p>Noem\u00ed Hern\u00e1ndez Doello<\/p>\n<p><strong>Coordinadora del primer ciclo de E.P.<\/strong>:<\/p>\n<p>Elisa Zabala Al\u00e9s<\/p>\n<p><strong>Coordinadora segundo ciclo de E.P.:<\/strong><\/p>\n<p>Francisco P\u00e9rez Anillo<\/p>\n<p><strong>Coordinador&nbsp; del tercer ciclo de E.P.:<\/strong><\/p>\n<p>Pablo Fern\u00e1ndez Mata<\/p>\n<p><b>Coordinadora de Pedagog\u00eda Terap\u00e9utica:<\/b><\/p>\n<p>Magdalena Fern\u00e1ndez Dom\u00ednguez<\/p>\n<p align=\"justify\">&nbsp;<\/p>\n<p align=\"justify\"><em><strong>Entre las competencias del E.T.C.P. destacan fundamentalmente:<\/strong><\/em><\/p>\n<p align=\"justify\">a) Establecer las directrices generales para la elaboraci\u00f3n del Proyecto Curricular de Centro y sus modificaciones.<\/p>\n<p align=\"justify\">b) Coordinar la elaboraci\u00f3n del Proyecto Curricular de Centro y su posible modificaci\u00f3n, y asegurar su coherencia con el Proyecto de Centro y sus modificaciones.<\/p>\n<p align=\"justify\">c) Elaborar la propuesta de organizaci\u00f3n de la orientaci\u00f3n escolar, del plan de acci\u00f3n tutorial y del plan de formaci\u00f3n del profesorado.<\/p>\n<p align=\"justify\">d) Organizar la realizaci\u00f3n de las actividades de perfeccionamiento del profesorado de acuerdo con el plan de formaci\u00f3n.<\/p>\n<p align=\"justify\">e) Elaborar la propuesta de criterios y procedimientos previstos para realizar las adaptaciones curriculares adecuadas al alumnado con necesidades educativas especiales.<\/p>\n<p align=\"justify\">f) Proponer al Claustro de Profesores el Proyecto Curricular de Centro para su aprobaci\u00f3n.<\/p>\n<p align=\"justify\">g) Velar por el cumplimiento y posterior evaluaci\u00f3n del Proyecto Curricular de Centro.<\/p>\n<p align=\"justify\">h) Proponer al Claustro de Profesores la planificaci\u00f3n general de las sesiones de evaluaci\u00f3n de acuerdo con la jefatura de estudios.<\/p>\n<p align=\"justify\">i) Proponer al Claustro de Profesores el plan para evaluar el Proyecto Curricular de Centro, los aspectos docentes del Proyecto de Centro y del Plan Anual del mismo, la evoluci\u00f3n del aprendizaje y el proceso de ense\u00f1anza.<\/p>\n<p align=\"justify\">j) Fomentar la evaluaci\u00f3n de todas las actividades y proyectos que el Centro realice, colaborar con las evaluaciones que se lleven a cabo a iniciativa de los \u00f3rganos de gobierno o de la Administraci\u00f3n Educativa e impulsar planes de mejora en caso de que se estime necesario, como resultado de dichas evaluaciones.<\/p>\n<\/div>\n","protected":false},"excerpt":{"rendered":"<p>ETCP: Equipo T\u00e9cnico de Coordinaci\u00f3n Pedag\u00f3gica El ETCP es un \u00f3rgano fundamental en la vida del Centro. Coordina de forma habitual y permanente la labores docentes del profesorado, de los ciclos, de los tutores&#46;&#46;&#46;<\/p>\n","protected":false},"author":10874,"featured_media":0,"parent":0,"menu_order":0,"comment_status":"closed","ping_status":"closed","template":"","meta":{"ngg_post_thumbnail":0,"footnotes":"","_mc_calendar":[]},"aioseo_notices":[],"_links":{"self":[{"href":"https:\/\/blogsaverroes.juntadeandalucia.es\/cristobalcolon\/wp-json\/wp\/v2\/pages\/2354"}],"collection":[{"href":"https:\/\/blogsaverroes.juntadeandalucia.es\/cristobalcolon\/wp-json\/wp\/v2\/pages"}],"about":[{"href":"https:\/\/blogsaverroes.juntadeandalucia.es\/cristobalcolon\/wp-json\/wp\/v2\/types\/page"}],"author":[{"embeddable":true,"href":"https:\/\/blogsaverroes.juntadeandalucia.es\/cristobalcolon\/wp-json\/wp\/v2\/users\/10874"}],"replies":[{"embeddable":true,"href":"https:\/\/blogsaverroes.juntadeandalucia.es\/cristobalcolon\/wp-json\/wp\/v2\/comments?post=2354"}],"version-history":[{"count":5,"href":"https:\/\/blogsaverroes.juntadeandalucia.es\/cristobalcolon\/wp-json\/wp\/v2\/pages\/2354\/revisions"}],"predecessor-version":[{"id":2828,"href":"https:\/\/blogsaverroes.juntadeandalucia.es\/cristobalcolon\/wp-json\/wp\/v2\/pages\/2354\/revisions\/2828"}],"wp:attachment":[{"href":"https:\/\/blogsaverroes.juntadeandalucia.es\/cristobalcolon\/wp-json\/wp\/v2\/media?parent=2354"}],"curies":[{"name":"wp","href":"https:\/\/api.w.org\/{rel}","templated":true}]}}