{"id":2360,"date":"2022-09-05T18:04:37","date_gmt":"2022-09-05T18:04:37","guid":{"rendered":"https:\/\/blogsaverroes.juntadeandalucia.es\/cristobalcolon\/?page_id=2360"},"modified":"2022-09-12T19:57:23","modified_gmt":"2022-09-12T19:57:23","slug":"e-o-e","status":"publish","type":"page","link":"https:\/\/blogsaverroes.juntadeandalucia.es\/cristobalcolon\/e-o-e\/","title":{"rendered":"E.O.E"},"content":{"rendered":"<p><a href=\"https:\/\/blogsaverroes.juntadeandalucia.es\/cristobalcolon\/files\/2020\/11\/120552740_2980145535421255_3431611860803207729_o.jpg\"><img loading=\"lazy\" decoding=\"async\" class=\"aligncenter wp-image-2404 size-large\" src=\"https:\/\/blogsaverroes.juntadeandalucia.es\/cristobalcolon\/files\/2020\/11\/120552740_2980145535421255_3431611860803207729_o-1024x1024.jpg\" alt=\"\" width=\"782\" height=\"782\" srcset=\"https:\/\/blogsaverroes.juntadeandalucia.es\/cristobalcolon\/files\/2020\/11\/120552740_2980145535421255_3431611860803207729_o-1024x1024.jpg 1024w, https:\/\/blogsaverroes.juntadeandalucia.es\/cristobalcolon\/files\/2020\/11\/120552740_2980145535421255_3431611860803207729_o-300x300.jpg 300w, https:\/\/blogsaverroes.juntadeandalucia.es\/cristobalcolon\/files\/2020\/11\/120552740_2980145535421255_3431611860803207729_o-150x150.jpg 150w, https:\/\/blogsaverroes.juntadeandalucia.es\/cristobalcolon\/files\/2020\/11\/120552740_2980145535421255_3431611860803207729_o-768x768.jpg 768w, https:\/\/blogsaverroes.juntadeandalucia.es\/cristobalcolon\/files\/2020\/11\/120552740_2980145535421255_3431611860803207729_o-100x100.jpg 100w, https:\/\/blogsaverroes.juntadeandalucia.es\/cristobalcolon\/files\/2020\/11\/120552740_2980145535421255_3431611860803207729_o-24x24.jpg 24w, https:\/\/blogsaverroes.juntadeandalucia.es\/cristobalcolon\/files\/2020\/11\/120552740_2980145535421255_3431611860803207729_o-36x36.jpg 36w, https:\/\/blogsaverroes.juntadeandalucia.es\/cristobalcolon\/files\/2020\/11\/120552740_2980145535421255_3431611860803207729_o-48x48.jpg 48w, https:\/\/blogsaverroes.juntadeandalucia.es\/cristobalcolon\/files\/2020\/11\/120552740_2980145535421255_3431611860803207729_o.jpg 1080w\" sizes=\"(max-width: 782px) 100vw, 782px\" \/><\/a><\/p>\n<p><strong>El Equipo de Orientaci\u00f3n de nuestro centro est\u00e1 compuesto por:<\/strong><\/p>\n<ul>\n<li><strong>(Orientador)<\/strong><\/li>\n<li><strong>Magdalena Fern\u00e1ndez Dom\u00ednguez (Maestra especialista en Audici\u00f3n y Lenguaje)<\/strong><\/li>\n<li><strong>\u00c1ngeles Mu\u00f1oz Revaliente (Maestra especialista en Pedagog\u00eda Terap\u00e9utica, titular del Aula de Apoyo a la Integraci\u00f3n)<\/strong><\/li>\n<li><strong>Mercedes Gonz\u00e1lez Moraza (Maestra especialista en Pedagog\u00eda Terap\u00e9utica, titular de Apoyo a la Compensaci\u00f3n)<\/strong><\/li>\n<li style=\"text-align: center\"><strong>Estefan\u00eda L\u00f3pez Rodrig (Maestra especialista en Pedagog\u00eda Terap\u00e9utica, titular del Aula Espec\u00edfica)<\/strong><\/li>\n<\/ul>\n<table class=\" aligncenter\" style=\"border-collapse: collapse;width: 48.1053%;height: 319px\">\n<tbody>\n<tr>\n<td style=\"width: 100%;text-align: center\">La diversidad del alumnado constituye una realidad en nuestro centro y es asumida por nuestro profesorado bajo los criterios de normalizaci\u00f3n, atenci\u00f3n personalizada e inclusi\u00f3n. Nuestro sentir de la educaci\u00f3n, no es m\u00e1s que un proyecto de inclusi\u00f3n que reconoce la legitimidad de las diferencias de todas las personas, asumiendo esta diversidad como un valor que enriquece a todo el contexto educativo. Es por ello que el Proyecto Educativo de Centro recoge las medidas organizativas ordinarias y espec\u00edficas para dar respuesta a las necesidades educativas de todo el alumnado<\/td>\n<\/tr>\n<\/tbody>\n<\/table>\n<p style=\"margin-bottom: 0.0001pt;text-align: center\">.<\/p>\n<p>&nbsp;<\/p>\n<p>&nbsp;<\/p>\n<p>&nbsp;<\/p>\n","protected":false},"excerpt":{"rendered":"<p>El Equipo de Orientaci\u00f3n de nuestro centro est\u00e1 compuesto por: (Orientador) Magdalena Fern\u00e1ndez Dom\u00ednguez (Maestra especialista en Audici\u00f3n y Lenguaje) \u00c1ngeles Mu\u00f1oz Revaliente (Maestra especialista en Pedagog\u00eda Terap\u00e9utica, titular del Aula de Apoyo a&#46;&#46;&#46;<\/p>\n","protected":false},"author":10874,"featured_media":0,"parent":0,"menu_order":0,"comment_status":"closed","ping_status":"closed","template":"","meta":{"ngg_post_thumbnail":0,"footnotes":"","_mc_calendar":[]},"aioseo_notices":[],"_links":{"self":[{"href":"https:\/\/blogsaverroes.juntadeandalucia.es\/cristobalcolon\/wp-json\/wp\/v2\/pages\/2360"}],"collection":[{"href":"https:\/\/blogsaverroes.juntadeandalucia.es\/cristobalcolon\/wp-json\/wp\/v2\/pages"}],"about":[{"href":"https:\/\/blogsaverroes.juntadeandalucia.es\/cristobalcolon\/wp-json\/wp\/v2\/types\/page"}],"author":[{"embeddable":true,"href":"https:\/\/blogsaverroes.juntadeandalucia.es\/cristobalcolon\/wp-json\/wp\/v2\/users\/10874"}],"replies":[{"embeddable":true,"href":"https:\/\/blogsaverroes.juntadeandalucia.es\/cristobalcolon\/wp-json\/wp\/v2\/comments?post=2360"}],"version-history":[{"count":7,"href":"https:\/\/blogsaverroes.juntadeandalucia.es\/cristobalcolon\/wp-json\/wp\/v2\/pages\/2360\/revisions"}],"predecessor-version":[{"id":2742,"href":"https:\/\/blogsaverroes.juntadeandalucia.es\/cristobalcolon\/wp-json\/wp\/v2\/pages\/2360\/revisions\/2742"}],"wp:attachment":[{"href":"https:\/\/blogsaverroes.juntadeandalucia.es\/cristobalcolon\/wp-json\/wp\/v2\/media?parent=2360"}],"curies":[{"name":"wp","href":"https:\/\/api.w.org\/{rel}","templated":true}]}}

<p><a href="https://blogsaverroes.juntadeandalucia.es/cristobalcolon/files/2020/11/120552740_2980145535421255_3431611860803207729_o.jpg"><img loading="lazy" decoding="async" class="aligncenter wp-image-2404 size-large" src="https://blogsaverroes.juntadeandalucia.es/cristobalcolon/files/2020/11/120552740_2980145535421255_3431611860803207729_o-1024x1024.jpg" alt="" width="782" height="782" srcset="https://blogsaverroes.juntadeandalucia.es/cristobalcolon/files/2020/11/120552740_2980145535421255_3431611860803207729_o-1024x1024.jpg 1024w, https://blogsaverroes.juntadeandalucia.es/cristobalcolon/files/2020/11/120552740_2980145535421255_3431611860803207729_o-300x300.jpg 300w, https://blogsaverroes.juntadeandalucia.es/cristobalcolon/files/2020/11/120552740_2980145535421255_3431611860803207729_o-150x150.jpg 150w, https://blogsaverroes.juntadeandalucia.es/cristobalcolon/files/2020/11/120552740_2980145535421255_3431611860803207729_o-768x768.jpg 768w, https://blogsaverroes.juntadeandalucia.es/cristobalcolon/files/2020/11/120552740_2980145535421255_3431611860803207729_o-100x100.jpg 100w, https://blogsaverroes.juntadeandalucia.es/cristobalcolon/files/2020/11/120552740_2980145535421255_3431611860803207729_o-24x24.jpg 24w, https://blogsaverroes.juntadeandalucia.es/cristobalcolon/files/2020/11/120552740_2980145535421255_3431611860803207729_o-36x36.jpg 36w, https://blogsaverroes.juntadeandalucia.es/cristobalcolon/files/2020/11/120552740_2980145535421255_3431611860803207729_o-48x48.jpg 48w, https://blogsaverroes.juntadeandalucia.es/cristobalcolon/files/2020/11/120552740_2980145535421255_3431611860803207729_o.jpg 1080w" sizes="(max-width: 782px) 100vw, 782px" /></a></p>
<p><strong>El Equipo de Orientación de nuestro centro está compuesto por:</strong></p>
<ul>
<li><strong>(Orientador)</strong></li>
<li><strong>Magdalena Fernández Domínguez (Maestra especialista en Audición y Lenguaje)</strong></li>
<li><strong>Ángeles Muñoz Revaliente (Maestra especialista en Pedagogía Terapéutica, titular del Aula de Apoyo a la Integración)</strong></li>
<li><strong>Mercedes González Moraza (Maestra especialista en Pedagogía Terapéutica, titular de Apoyo a la Compensación)</strong></li>
<li style="text-align: center"><strong>Estefanía López Rodrig (Maestra especialista en Pedagogía Terapéutica, titular del Aula Específica)</strong></li>
</ul>
<table class=" aligncenter" style="border-collapse: collapse;width: 48.1053%;height: 319px">
<tbody>
<tr>
<td style="width: 100%;text-align: center">La diversidad del alumnado constituye una realidad en nuestro centro y es asumida por nuestro profesorado bajo los criterios de normalización, atención personalizada e inclusión. Nuestro sentir de la educación, no es más que un proyecto de inclusión que reconoce la legitimidad de las diferencias de todas las personas, asumiendo esta diversidad como un valor que enriquece a todo el contexto educativo. Es por ello que el Proyecto Educativo de Centro recoge las medidas organizativas ordinarias y específicas para dar respuesta a las necesidades educativas de todo el alumnado</td>
</tr>
</tbody>
</table>
<p style="margin-bottom: 0.0001pt;text-align: center">.</p>
<p>&nbsp;</p>
<p>&nbsp;</p>
<p>&nbsp;</p>

<p>El Equipo de Orientación de nuestro centro está compuesto por: (Orientador) Magdalena Fernández Domínguez (Maestra especialista en Audición y Lenguaje) Ángeles Muñoz Revaliente (Maestra especialista en Pedagogía Terapéutica, titular del Aula de Apoyo a&#46;&#46;&#46;</p>
