{"id":2764,"date":"2023-06-25T16:24:43","date_gmt":"2023-06-25T16:24:43","guid":{"rendered":"https:\/\/blogsaverroes.juntadeandalucia.es\/cristobalcolon\/?page_id=2764"},"modified":"2023-06-25T16:46:09","modified_gmt":"2023-06-25T16:46:09","slug":"plan-de-acogida","status":"publish","type":"page","link":"https:\/\/blogsaverroes.juntadeandalucia.es\/cristobalcolon\/plan-de-acogida\/","title":{"rendered":"PLAN DE ACOGIDA"},"content":{"rendered":"<p style=\"text-align: center\"><span style=\"color: #000080\"><strong>PLAN DE ACOGIDA DE NUESTRO CENTRO<\/strong><\/span><\/p>\n<p style=\"text-align: justify\">La llegada a un nuevo Centro de un nuevo alumno o alumna y su familia supone un proceso de adaptaci\u00f3n que implica asimilar nuevas normas, pautas de comportamiento y nuevos contenidos curriculares.<br \/>\nEl proceso de adaptaci\u00f3n es especialmente dif\u00edcil para el alumnado que muestra una acusada diversidad. Por eso es fundamental que exista una actitud positiva hacia el nuevo centro y que este tenga una acogida<br \/>\nadecuada a las caracter\u00edsticas del nuevo alumnado.<\/p>\n<p style=\"text-align: justify\">Por ello, nos vemos en la necesidad de elaborar unas directrices para dar respuestas, desde nuestro Centro, dise\u00f1ando nuestro Plan de Acogida.<br \/>\nConsideramos que un Plan de Acogida es el conjunto de actuaciones planificadas que el Centro pone en marcha para facilitar la adaptaci\u00f3n del alumnado que se incorpora al Centro y propiciar su adecuada integraci\u00f3n en el nuevo \u00e1mbito escolar y darle la mejor respuesta educativa.<br \/>\nLas actuaciones deber\u00e1n contemplar: medidas dirigidas al alumnado reci\u00e9n llegado y a su familia, medidas dirigidas al alumnado receptor, as\u00ed como al profesorado del Centro.<\/p>\n<p style=\"text-align: justify\">&nbsp; &nbsp; &nbsp; &nbsp; &nbsp; &nbsp; &nbsp; Aqu\u00ed puedes consultar nuestro Plan de Acogida<\/p>\n<p>&nbsp; &nbsp; &nbsp; &nbsp; &nbsp; &nbsp; &nbsp; &nbsp; &nbsp; &nbsp; &nbsp; &nbsp; &nbsp; &nbsp; &nbsp; &nbsp; &nbsp; &nbsp; &nbsp; &nbsp; &nbsp; &nbsp; &nbsp; &nbsp; &nbsp; &nbsp; &nbsp; &nbsp; &nbsp; &nbsp; &nbsp; &nbsp; &nbsp; &nbsp; &nbsp; &nbsp; &nbsp; &nbsp;<a href=\"https:\/\/drive.google.com\/file\/d\/1rDo-jlWUW-5Jt4_vu22fUUHWoIQVQdhy\/view?usp=drive_link\">PLAN DE ACOGIDA<\/a><\/p>\n<p>&nbsp;<\/p>\n<p style=\"text-align: center\">&nbsp;<\/p>\n","protected":false},"excerpt":{"rendered":"<p>PLAN DE ACOGIDA DE NUESTRO CENTRO La llegada a un nuevo Centro de un nuevo alumno o alumna y su familia supone un proceso de adaptaci\u00f3n que implica asimilar nuevas normas, pautas de comportamiento&#46;&#46;&#46;<\/p>\n","protected":false},"author":10874,"featured_media":0,"parent":0,"menu_order":0,"comment_status":"closed","ping_status":"closed","template":"","meta":{"ngg_post_thumbnail":0,"footnotes":"","_mc_calendar":[]},"aioseo_notices":[],"_links":{"self":[{"href":"https:\/\/blogsaverroes.juntadeandalucia.es\/cristobalcolon\/wp-json\/wp\/v2\/pages\/2764"}],"collection":[{"href":"https:\/\/blogsaverroes.juntadeandalucia.es\/cristobalcolon\/wp-json\/wp\/v2\/pages"}],"about":[{"href":"https:\/\/blogsaverroes.juntadeandalucia.es\/cristobalcolon\/wp-json\/wp\/v2\/types\/page"}],"author":[{"embeddable":true,"href":"https:\/\/blogsaverroes.juntadeandalucia.es\/cristobalcolon\/wp-json\/wp\/v2\/users\/10874"}],"replies":[{"embeddable":true,"href":"https:\/\/blogsaverroes.juntadeandalucia.es\/cristobalcolon\/wp-json\/wp\/v2\/comments?post=2764"}],"version-history":[{"count":6,"href":"https:\/\/blogsaverroes.juntadeandalucia.es\/cristobalcolon\/wp-json\/wp\/v2\/pages\/2764\/revisions"}],"predecessor-version":[{"id":2774,"href":"https:\/\/blogsaverroes.juntadeandalucia.es\/cristobalcolon\/wp-json\/wp\/v2\/pages\/2764\/revisions\/2774"}],"wp:attachment":[{"href":"https:\/\/blogsaverroes.juntadeandalucia.es\/cristobalcolon\/wp-json\/wp\/v2\/media?parent=2764"}],"curies":[{"name":"wp","href":"https:\/\/api.w.org\/{rel}","templated":true}]}}