{"id":77,"date":"2015-03-16T06:54:56","date_gmt":"2015-03-16T06:54:56","guid":{"rendered":"http:\/\/blogsaverroes.juntadeandalucia.es\/pre\/ceip\/?page_id=77"},"modified":"2020-11-02T19:29:27","modified_gmt":"2020-11-02T19:29:27","slug":"secretaria","status":"publish","type":"page","link":"https:\/\/blogsaverroes.juntadeandalucia.es\/cristobalcolon\/secretaria\/","title":{"rendered":"Secretar\u00eda"},"content":{"rendered":"<p><a href=\"https:\/\/blogsaverroes.juntadeandalucia.es\/cristobalcolon\/files\/2020\/10\/foto-Tere.jpg\"><img loading=\"lazy\" decoding=\"async\" class=\"alignnone wp-image-2246\" src=\"https:\/\/blogsaverroes.juntadeandalucia.es\/cristobalcolon\/files\/2020\/10\/foto-Tere-300x225.jpg\" alt=\"\" width=\"383\" height=\"287\" srcset=\"https:\/\/blogsaverroes.juntadeandalucia.es\/cristobalcolon\/files\/2020\/10\/foto-Tere-300x225.jpg 300w, https:\/\/blogsaverroes.juntadeandalucia.es\/cristobalcolon\/files\/2020\/10\/foto-Tere-1024x768.jpg 1024w, https:\/\/blogsaverroes.juntadeandalucia.es\/cristobalcolon\/files\/2020\/10\/foto-Tere-768x576.jpg 768w, https:\/\/blogsaverroes.juntadeandalucia.es\/cristobalcolon\/files\/2020\/10\/foto-Tere-1536x1152.jpg 1536w, https:\/\/blogsaverroes.juntadeandalucia.es\/cristobalcolon\/files\/2020\/10\/foto-Tere-24x18.jpg 24w, https:\/\/blogsaverroes.juntadeandalucia.es\/cristobalcolon\/files\/2020\/10\/foto-Tere-36x27.jpg 36w, https:\/\/blogsaverroes.juntadeandalucia.es\/cristobalcolon\/files\/2020\/10\/foto-Tere-48x36.jpg 48w, https:\/\/blogsaverroes.juntadeandalucia.es\/cristobalcolon\/files\/2020\/10\/foto-Tere.jpg 1600w\" sizes=\"(max-width: 383px) 100vw, 383px\" \/><\/a><\/p>\n<header class=\"entry-header\">\n<h1 class=\"entry-title\">Solicitud Presencial<\/h1>\n<\/header>\n<div class=\"entry-content\">\n<p><strong>Adem\u00e1s de los impresos que se puede descargar a continuaci\u00f3n, deber\u00e1 aportar tres fotograf\u00edas del alumno\/a, certificado de empadronamiento, fotocopia del libro de familia y fotocopia de la cartilla de vacunaci\u00f3n.<\/strong><\/p>\n<p>Descargue a continuaci\u00f3n los impresos necesarios para rellenar y presentarlos en el centro:<\/p>\n<p><strong>ADMISI\u00d3N:<\/strong><\/p>\n<ul>\n<li><a href=\"https:\/\/www.juntadeandalucia.es\/educacion\/portals\/delegate\/content\/7e1d7b27-eaa4-42e7-bfa3-ac436db80ed6\/ANEXO%20III\" target=\"_blank\" rel=\"noopener noreferrer\"><strong>ANEXO III<\/strong><\/a>&nbsp;(<em>Solicitud de admisi\u00f3n en segundo ciclo de Educaci\u00f3n Infantil, Educaci\u00f3n Primaria, Educaci\u00f3n Especial, E.S.O y Bachillerato<\/em>).<\/li>\n<\/ul>\n<p><strong>MATRICULACI\u00d3N:<\/strong><\/p>\n<ul>\n<li><a href=\"https:\/\/www.juntadeandalucia.es\/educacion\/portals\/delegate\/content\/d26442b2-4b4a-433a-9c1e-e1790a29f781\/ANEXO%20IV\" target=\"_blank\" rel=\"noopener noreferrer\"><strong>ANEXO IV<\/strong><\/a>&nbsp;<em>(Matr\u00edcula en segundo ciclo de Educaci\u00f3n Infantil).<\/em><\/li>\n<\/ul>\n<p>&nbsp;<\/p>\n<ul>\n<li><a href=\"https:\/\/blogsaverroes.juntadeandalucia.es\/ceipdonana\/files\/2020\/05\/ANEXO-V.pdf\" target=\"_blank\" rel=\"noopener noreferrer\"><strong>ANEXO V<\/strong><\/a>&nbsp;<em>(Matr\u00edcula en Educaci\u00f3n Primaria).<\/em><\/li>\n<\/ul>\n<p>&nbsp;<\/p>\n<ul>\n<li><a href=\"https:\/\/blogsaverroes.juntadeandalucia.es\/ceipdonana\/files\/2020\/05\/ANEXO_RELIGION_2021_200227.pdf\" target=\"_blank\" rel=\"noopener noreferrer\"><strong>ANEXO RELIGI\u00d3N<\/strong><\/a>&nbsp;<em>(Solicitud para cursar la ense\u00f1anza de religi\u00f3n).<\/em><\/li>\n<\/ul>\n<p>&nbsp;<\/p>\n<p>&nbsp;<\/p>\n<\/div>\n<header class=\"entry-header\">\n<h1 class=\"entry-title\">Solicitud telem\u00e1tica<\/h1>\n<\/header>\n<div class=\"entry-content\">\n<p><a href=\"https:\/\/www.juntadeandalucia.es\/educacion\/secretariavirtual\/\" target=\"_blank\" rel=\"noopener noreferrer\">PINCHE AQU\u00cd<\/a>&nbsp;para acceder a la cumplimentaci\u00f3n telem\u00e1tica, sin necesidad de acudir al centro. Puedes hacerlo sin certificado digital, SOLO ES NECESARIO DNI y TEL\u00c9FONO:<\/p>\n<p>&nbsp;<\/p>\n<p><a class=\"cboxElement\" href=\"https:\/\/blogsaverroes.juntadeandalucia.es\/ceipdonana\/files\/2020\/05\/secretariavirtual.jpg\"><img loading=\"lazy\" decoding=\"async\" class=\"aligncenter wp-image-7887 size-full\" src=\"https:\/\/blogsaverroes.juntadeandalucia.es\/ceipdonana\/files\/2020\/05\/secretariavirtual.jpg\" alt=\"\" width=\"280\" height=\"150\"><\/a><\/p>\n<\/div>\n","protected":false},"excerpt":{"rendered":"<p>Solicitud Presencial Adem\u00e1s de los impresos que se puede descargar a continuaci\u00f3n, deber\u00e1 aportar tres fotograf\u00edas del alumno\/a, certificado de empadronamiento, fotocopia del libro de familia y fotocopia de la cartilla de vacunaci\u00f3n. Descargue&#46;&#46;&#46;<\/p>\n","protected":false},"author":1,"featured_media":0,"parent":0,"menu_order":0,"comment_status":"closed","ping_status":"open","template":"page-cs.php","meta":{"ngg_post_thumbnail":0,"footnotes":"","_mc_calendar":[]},"aioseo_notices":[],"_links":{"self":[{"href":"https:\/\/blogsaverroes.juntadeandalucia.es\/cristobalcolon\/wp-json\/wp\/v2\/pages\/77"}],"collection":[{"href":"https:\/\/blogsaverroes.juntadeandalucia.es\/cristobalcolon\/wp-json\/wp\/v2\/pages"}],"about":[{"href":"https:\/\/blogsaverroes.juntadeandalucia.es\/cristobalcolon\/wp-json\/wp\/v2\/types\/page"}],"author":[{"embeddable":true,"href":"https:\/\/blogsaverroes.juntadeandalucia.es\/cristobalcolon\/wp-json\/wp\/v2\/users\/1"}],"replies":[{"embeddable":true,"href":"https:\/\/blogsaverroes.juntadeandalucia.es\/cristobalcolon\/wp-json\/wp\/v2\/comments?post=77"}],"version-history":[{"count":11,"href":"https:\/\/blogsaverroes.juntadeandalucia.es\/cristobalcolon\/wp-json\/wp\/v2\/pages\/77\/revisions"}],"predecessor-version":[{"id":2260,"href":"https:\/\/blogsaverroes.juntadeandalucia.es\/cristobalcolon\/wp-json\/wp\/v2\/pages\/77\/revisions\/2260"}],"wp:attachment":[{"href":"https:\/\/blogsaverroes.juntadeandalucia.es\/cristobalcolon\/wp-json\/wp\/v2\/media?parent=77"}],"curies":[{"name":"wp","href":"https:\/\/api.w.org\/{rel}","templated":true}]}}