{"id":1372,"date":"2023-12-01T17:02:21","date_gmt":"2023-12-01T16:02:21","guid":{"rendered":"https:\/\/blogsaverroes.juntadeandalucia.es\/cristobalcolonweb\/?page_id=1372"},"modified":"2025-11-10T14:45:02","modified_gmt":"2025-11-10T13:45:02","slug":"cicloenfermeria","status":"publish","type":"page","link":"https:\/\/blogsaverroes.juntadeandalucia.es\/cristobalcolonweb\/cicloenfermeria\/","title":{"rendered":"CFGM Auxiliar de Enfermer\u00eda"},"content":{"rendered":"<p>[et_pb_section fb_built=&#8221;1&#8243; _builder_version=&#8221;4.16&#8243; custom_padding=&#8221;0px||0px|&#8221; z_index_tablet=&#8221;500&#8243; box_shadow_horizontal_tablet=&#8221;0px&#8221; box_shadow_vertical_tablet=&#8221;0px&#8221; box_shadow_blur_tablet=&#8221;40px&#8221; box_shadow_spread_tablet=&#8221;0px&#8221; global_colors_info=&#8221;{}&#8221;][et_pb_row _builder_version=&#8221;4.16&#8243; background_size=&#8221;initial&#8221; background_position=&#8221;top_left&#8221; background_repeat=&#8221;repeat&#8221; global_colors_info=&#8221;{}&#8221;][et_pb_column type=&#8221;4_4&#8243; _builder_version=&#8221;4.16&#8243; custom_padding=&#8221;|||&#8221; global_colors_info=&#8221;{}&#8221; custom_padding__hover=&#8221;|||&#8221;][et_pb_image title_text=&#8221;IMG_5861&#8243; force_fullwidth=&#8221;on&#8221; src_tablet=&#8221;&#8221; src_phone=&#8221;&#8221; src_last_edited=&#8221;on|desktop&#8221; admin_label=&#8221;Imagen de la portada&#8221; _builder_version=&#8221;4.16&#8243; background_image=&#8221;https:\/\/blogsaverroes.juntadeandalucia.es\/cristobalcolonweb\/files\/2023\/05\/IMG_5861-scaled.jpg&#8221; parallax=&#8221;on&#8221; vertical_offset_tablet=&#8221;0&#8243; horizontal_offset_tablet=&#8221;0&#8243; z_index_tablet=&#8221;500&#8243; box_shadow_horizontal_tablet=&#8221;0px&#8221; box_shadow_vertical_tablet=&#8221;0px&#8221; box_shadow_blur_tablet=&#8221;40px&#8221; box_shadow_spread_tablet=&#8221;0px&#8221; global_colors_info=&#8221;{}&#8221;][\/et_pb_image][et_pb_text admin_label=&#8221;Texto descriptivo&#8221; _builder_version=&#8221;4.24.2&#8243; hover_enabled=&#8221;0&#8243; z_index_tablet=&#8221;500&#8243; text_text_shadow_horizontal_length_tablet=&#8221;0px&#8221; text_text_shadow_vertical_length_tablet=&#8221;0px&#8221; text_text_shadow_blur_strength_tablet=&#8221;1px&#8221; link_text_shadow_horizontal_length_tablet=&#8221;0px&#8221; link_text_shadow_vertical_length_tablet=&#8221;0px&#8221; link_text_shadow_blur_strength_tablet=&#8221;1px&#8221; ul_text_shadow_horizontal_length_tablet=&#8221;0px&#8221; ul_text_shadow_vertical_length_tablet=&#8221;0px&#8221; ul_text_shadow_blur_strength_tablet=&#8221;1px&#8221; ol_text_shadow_horizontal_length_tablet=&#8221;0px&#8221; ol_text_shadow_vertical_length_tablet=&#8221;0px&#8221; ol_text_shadow_blur_strength_tablet=&#8221;1px&#8221; quote_text_shadow_horizontal_length_tablet=&#8221;0px&#8221; quote_text_shadow_vertical_length_tablet=&#8221;0px&#8221; quote_text_shadow_blur_strength_tablet=&#8221;1px&#8221; header_text_shadow_horizontal_length_tablet=&#8221;0px&#8221; header_text_shadow_vertical_length_tablet=&#8221;0px&#8221; header_text_shadow_blur_strength_tablet=&#8221;1px&#8221; header_2_text_shadow_horizontal_length_tablet=&#8221;0px&#8221; header_2_text_shadow_vertical_length_tablet=&#8221;0px&#8221; header_2_text_shadow_blur_strength_tablet=&#8221;1px&#8221; header_3_text_shadow_horizontal_length_tablet=&#8221;0px&#8221; header_3_text_shadow_vertical_length_tablet=&#8221;0px&#8221; header_3_text_shadow_blur_strength_tablet=&#8221;1px&#8221; header_4_text_shadow_horizontal_length_tablet=&#8221;0px&#8221; header_4_text_shadow_vertical_length_tablet=&#8221;0px&#8221; header_4_text_shadow_blur_strength_tablet=&#8221;1px&#8221; header_5_text_shadow_horizontal_length_tablet=&#8221;0px&#8221; header_5_text_shadow_vertical_length_tablet=&#8221;0px&#8221; header_5_text_shadow_blur_strength_tablet=&#8221;1px&#8221; header_6_text_shadow_horizontal_length_tablet=&#8221;0px&#8221; header_6_text_shadow_vertical_length_tablet=&#8221;0px&#8221; header_6_text_shadow_blur_strength_tablet=&#8221;1px&#8221; box_shadow_horizontal_tablet=&#8221;0px&#8221; box_shadow_vertical_tablet=&#8221;0px&#8221; box_shadow_blur_tablet=&#8221;40px&#8221; box_shadow_spread_tablet=&#8221;0px&#8221; global_colors_info=&#8221;{}&#8221; sticky_enabled=&#8221;0&#8243;]<\/p>\n<h2>CFGM CUIDADOS AUXILIARES DE ENFERMER\u00cdA<\/h2>\n<p>Las materias de este curso son las siguientes (Si pulsas sobre ellas podr\u00e1s ver los criterios de evaluaci\u00f3n):<\/p>\n<p>MATERIAS :<\/p>\n<table style=\"border-collapse: collapse;width: 66.8617%;height: 369px\">\n<tbody>\n<tr style=\"height: 149px\">\n<td style=\"width: 16.8998%;height: 197px\">\n<p><a title=\"Criterios FOL\" href=\"https:\/\/drive.google.com\/file\/d\/1UB-HfsII8YlMQMzPogwznMNO1Z6IZiOe\/view?usp=drive_link\" target=\"_blank\" rel=\"noopener noreferrer\"><img loading=\"lazy\" decoding=\"async\" class=\"aligncenter wp-image-1386 size-thumbnail\" src=\"https:\/\/blogsaverroes.juntadeandalucia.es\/cristobalcolonweb\/files\/2023\/12\/FOL-150x150.png\" alt=\"\" width=\"150\" height=\"150\"><\/a><\/p>\n<p>FORMACI\u00d3N Y ORIENTACI\u00d3N LABORAL<\/p>\n<\/td>\n<td style=\"width: 16.2782%;height: 197px\">\n<p><a title=\"Criterios de HMH\" href=\"https:\/\/drive.google.com\/file\/d\/1npCcfD9tFvEF7Y6pB8pS1s1q1KQ3dfW8\/view?usp=drive_link\" target=\"_blank\" rel=\"noopener noreferrer\"><img loading=\"lazy\" decoding=\"async\" class=\"aligncenter wp-image-1385 size-thumbnail\" src=\"https:\/\/blogsaverroes.juntadeandalucia.es\/cristobalcolonweb\/files\/2023\/12\/Higiene-150x150.png\" alt=\"\" width=\"150\" height=\"150\"><\/a><\/p>\n<p>HIGIENE DEL MEDIO HOSPITALARIO Y LIMPIEZA<\/p>\n<\/td>\n<td style=\"width: 17.0127%;height: 197px\">\n<p style=\"text-align: center\"><a title=\"Criterios de OPS\" href=\"https:\/\/drive.google.com\/file\/d\/1TXJql58sSVdZgx-oNZbMHAEsR6VMU-vn\/view?usp=drive_link\" target=\"_blank\" rel=\"noopener noreferrer\"><img loading=\"lazy\" decoding=\"async\" class=\"aligncenter wp-image-1384 size-thumbnail\" src=\"https:\/\/blogsaverroes.juntadeandalucia.es\/cristobalcolonweb\/files\/2023\/12\/OPS-150x150.png\" alt=\"\" width=\"150\" height=\"150\"><\/a>OPERACIONES ADMINISTRATIVAS Y DOCUMENTACI\u00d3N SANITARIA<\/p>\n<\/td>\n<td style=\"width: 12.8411%;height: 197px\">\n<p>&nbsp;<\/p>\n<p><a title=\"Criterios en REQT\" href=\"https:\/\/drive.google.com\/file\/d\/1FIcJOEctcw1i9a7fSU6VCo4ZbtJbcqxd\/view?usp=drive_link\" target=\"_blank\" rel=\"noopener noreferrer\"><img loading=\"lazy\" decoding=\"async\" class=\"aligncenter wp-image-1383 size-thumbnail\" src=\"https:\/\/blogsaverroes.juntadeandalucia.es\/cristobalcolonweb\/files\/2023\/12\/RET-150x150.png\" alt=\"\" width=\"150\" height=\"150\"><\/a>RELACIONES EN EL EQUIPO DE TRABAJO<\/p>\n<\/td>\n<\/tr>\n<tr style=\"height: 149px\">\n<td style=\"width: 16.8998%;height: 149px\">\n<p><a title=\"Criterios de TAO\" href=\"https:\/\/drive.google.com\/file\/d\/1QwVT8tTUz8oGWliqK3SQGXmxmOCC_Coa\/view?usp=drive_link\" target=\"_blank\" rel=\"noopener noreferrer\"><img loading=\"lazy\" decoding=\"async\" class=\"aligncenter wp-image-1382 size-thumbnail\" src=\"https:\/\/blogsaverroes.juntadeandalucia.es\/cristobalcolonweb\/files\/2023\/12\/TBO-150x150.png\" alt=\"\" width=\"150\" height=\"150\"><\/a><\/p>\n<p>T\u00c9CNICAS DE AYUDA ODONTOESTOMATOL\u00d3GICAS<\/p>\n<\/td>\n<td style=\"width: 16.2782%;height: 149px\">\n<p><a title=\"Criterios de TBE\" href=\"https:\/\/drive.google.com\/file\/d\/1mQzVUpe2EDnR9HCG1pwNTWeTWXbSAuWt\/view?usp=drive_link\" target=\"_blank\" rel=\"noopener noreferrer\"><img loading=\"lazy\" decoding=\"async\" class=\"aligncenter wp-image-1381 size-thumbnail\" src=\"https:\/\/blogsaverroes.juntadeandalucia.es\/cristobalcolonweb\/files\/2023\/12\/TBE-150x150.png\" alt=\"\" width=\"150\" height=\"150\"><\/a><\/p>\n<p>1\u00ba T\u00c9CNICO EN CUIDADOS AUXILIARES DE ENFERMER\u00cdA<\/p>\n<\/td>\n<td style=\"width: 16.2782%;height: 149px\">\n<p><a title=\"Criterios PSP\" href=\"https:\/\/drive.google.com\/file\/d\/1IoL60TKIzY6IDB_pmz1077FBdgBpyWTP\/view?usp=drive_link\" target=\"_blank\" rel=\"noopener noreferrer\"><img loading=\"lazy\" decoding=\"async\" class=\"aligncenter wp-image-1380 size-thumbnail\" src=\"https:\/\/blogsaverroes.juntadeandalucia.es\/cristobalcolonweb\/files\/2023\/12\/Apoyo-150x150.png\" alt=\"\" width=\"150\" height=\"150\"><\/a><\/p>\n<p>PROMOCI\u00d3N DE LA SALUD Y APOYO PSICO<\/p>\n<\/td>\n<td style=\"width: 16.2782%;height: 149px\">\n<p><a title=\"Criterios SSA\" href=\"https:\/\/drive.google.com\/file\/d\/1lNhQMWbe2mJTiuOgcrBgMXtDhbCkHT0f\/view?usp=drive_link\" target=\"_blank\" rel=\"noopener noreferrer\"><img loading=\"lazy\" decoding=\"async\" class=\"aligncenter wp-image-1379 size-thumbnail\" src=\"https:\/\/blogsaverroes.juntadeandalucia.es\/cristobalcolonweb\/files\/2023\/12\/SSA-150x150.png\" alt=\"\" width=\"150\" height=\"150\"><\/a><\/p>\n<p>SECTOR SANITARIO EN ANDALUC\u00cdA<\/p>\n<\/td>\n<\/tr>\n<\/tbody>\n<\/table>\n<p>[\/et_pb_text][\/et_pb_column][\/et_pb_row][\/et_pb_section]<\/p>\n","protected":false},"excerpt":{"rendered":"<p>CFGM CUIDADOS AUXILIARES DE ENFERMER\u00cdA Las materias de este curso son las siguientes (Si pulsas sobre ellas podr\u00e1s ver los criterios de evaluaci\u00f3n): MATERIAS : FORMACI\u00d3N Y ORIENTACI\u00d3N LABORAL HIGIENE DEL MEDIO HOSPITALARIO Y LIMPIEZA OPERACIONES ADMINISTRATIVAS Y DOCUMENTACI\u00d3N SANITARIA &nbsp; RELACIONES EN EL EQUIPO DE TRABAJO T\u00c9CNICAS DE AYUDA ODONTOESTOMATOL\u00d3GICAS 1\u00ba T\u00c9CNICO EN CUIDADOS [&hellip;]<\/p>\n","protected":false},"author":18004,"featured_media":0,"parent":0,"menu_order":0,"comment_status":"closed","ping_status":"closed","template":"","meta":{"_et_pb_use_builder":"on","_et_pb_old_content":"","_et_gb_content_width":"","ngg_post_thumbnail":0,"footnotes":""},"aioseo_notices":[],"_links":{"self":[{"href":"https:\/\/blogsaverroes.juntadeandalucia.es\/cristobalcolonweb\/wp-json\/wp\/v2\/pages\/1372"}],"collection":[{"href":"https:\/\/blogsaverroes.juntadeandalucia.es\/cristobalcolonweb\/wp-json\/wp\/v2\/pages"}],"about":[{"href":"https:\/\/blogsaverroes.juntadeandalucia.es\/cristobalcolonweb\/wp-json\/wp\/v2\/types\/page"}],"author":[{"embeddable":true,"href":"https:\/\/blogsaverroes.juntadeandalucia.es\/cristobalcolonweb\/wp-json\/wp\/v2\/users\/18004"}],"replies":[{"embeddable":true,"href":"https:\/\/blogsaverroes.juntadeandalucia.es\/cristobalcolonweb\/wp-json\/wp\/v2\/comments?post=1372"}],"version-history":[{"count":12,"href":"https:\/\/blogsaverroes.juntadeandalucia.es\/cristobalcolonweb\/wp-json\/wp\/v2\/pages\/1372\/revisions"}],"predecessor-version":[{"id":2246,"href":"https:\/\/blogsaverroes.juntadeandalucia.es\/cristobalcolonweb\/wp-json\/wp\/v2\/pages\/1372\/revisions\/2246"}],"wp:attachment":[{"href":"https:\/\/blogsaverroes.juntadeandalucia.es\/cristobalcolonweb\/wp-json\/wp\/v2\/media?parent=1372"}],"curies":[{"name":"wp","href":"https:\/\/api.w.org\/{rel}","templated":true}]}}