{"id":26,"date":"2020-01-10T07:42:54","date_gmt":"2020-01-10T06:42:54","guid":{"rendered":"http:\/\/blogsaverroes.juntadeandalucia.es\/pre\/nuevoiesv2\/?page_id=26"},"modified":"2025-11-10T15:20:59","modified_gmt":"2025-11-10T14:20:59","slug":"4o-eso","status":"publish","type":"page","link":"https:\/\/blogsaverroes.juntadeandalucia.es\/cristobalcolonweb\/4o-eso\/","title":{"rendered":"4\u00ba ESO"},"content":{"rendered":"<p>[et_pb_section fb_built=&#8221;1&#8243; _builder_version=&#8221;4.16&#8243; custom_padding=&#8221;0px||0px|&#8221; z_index_tablet=&#8221;500&#8243; box_shadow_horizontal_tablet=&#8221;0px&#8221; box_shadow_vertical_tablet=&#8221;0px&#8221; box_shadow_blur_tablet=&#8221;40px&#8221; box_shadow_spread_tablet=&#8221;0px&#8221; global_colors_info=&#8221;{}&#8221;][et_pb_row _builder_version=&#8221;4.16&#8243; background_size=&#8221;initial&#8221; background_position=&#8221;top_left&#8221; background_repeat=&#8221;repeat&#8221; global_colors_info=&#8221;{}&#8221;][et_pb_column type=&#8221;4_4&#8243; _builder_version=&#8221;4.16&#8243; custom_padding=&#8221;|||&#8221; global_colors_info=&#8221;{}&#8221; custom_padding__hover=&#8221;|||&#8221;][et_pb_image src=&#8221;https:\/\/blogsaverroes.juntadeandalucia.es\/cristobalcolonweb\/files\/2020\/01\/cabecera-interior-ies-3-3.png&#8221; admin_label=&#8221;Imagen de la portada&#8221; _builder_version=&#8221;4.16&#8243; vertical_offset_tablet=&#8221;0&#8243; horizontal_offset_tablet=&#8221;0&#8243; z_index_tablet=&#8221;500&#8243; box_shadow_horizontal_tablet=&#8221;0px&#8221; box_shadow_vertical_tablet=&#8221;0px&#8221; box_shadow_blur_tablet=&#8221;40px&#8221; box_shadow_spread_tablet=&#8221;0px&#8221; global_colors_info=&#8221;{}&#8221;][\/et_pb_image][et_pb_text admin_label=&#8221;Texto descriptivo&#8221; _builder_version=&#8221;4.24.2&#8243; hover_enabled=&#8221;0&#8243; z_index_tablet=&#8221;500&#8243; text_text_shadow_horizontal_length_tablet=&#8221;0px&#8221; text_text_shadow_vertical_length_tablet=&#8221;0px&#8221; text_text_shadow_blur_strength_tablet=&#8221;1px&#8221; link_text_shadow_horizontal_length_tablet=&#8221;0px&#8221; link_text_shadow_vertical_length_tablet=&#8221;0px&#8221; link_text_shadow_blur_strength_tablet=&#8221;1px&#8221; ul_text_shadow_horizontal_length_tablet=&#8221;0px&#8221; ul_text_shadow_vertical_length_tablet=&#8221;0px&#8221; ul_text_shadow_blur_strength_tablet=&#8221;1px&#8221; ol_text_shadow_horizontal_length_tablet=&#8221;0px&#8221; ol_text_shadow_vertical_length_tablet=&#8221;0px&#8221; ol_text_shadow_blur_strength_tablet=&#8221;1px&#8221; quote_text_shadow_horizontal_length_tablet=&#8221;0px&#8221; quote_text_shadow_vertical_length_tablet=&#8221;0px&#8221; quote_text_shadow_blur_strength_tablet=&#8221;1px&#8221; header_text_shadow_horizontal_length_tablet=&#8221;0px&#8221; header_text_shadow_vertical_length_tablet=&#8221;0px&#8221; header_text_shadow_blur_strength_tablet=&#8221;1px&#8221; header_2_text_shadow_horizontal_length_tablet=&#8221;0px&#8221; header_2_text_shadow_vertical_length_tablet=&#8221;0px&#8221; header_2_text_shadow_blur_strength_tablet=&#8221;1px&#8221; header_3_text_shadow_horizontal_length_tablet=&#8221;0px&#8221; header_3_text_shadow_vertical_length_tablet=&#8221;0px&#8221; header_3_text_shadow_blur_strength_tablet=&#8221;1px&#8221; header_4_text_shadow_horizontal_length_tablet=&#8221;0px&#8221; header_4_text_shadow_vertical_length_tablet=&#8221;0px&#8221; header_4_text_shadow_blur_strength_tablet=&#8221;1px&#8221; header_5_text_shadow_horizontal_length_tablet=&#8221;0px&#8221; header_5_text_shadow_vertical_length_tablet=&#8221;0px&#8221; header_5_text_shadow_blur_strength_tablet=&#8221;1px&#8221; header_6_text_shadow_horizontal_length_tablet=&#8221;0px&#8221; header_6_text_shadow_vertical_length_tablet=&#8221;0px&#8221; header_6_text_shadow_blur_strength_tablet=&#8221;1px&#8221; box_shadow_horizontal_tablet=&#8221;0px&#8221; box_shadow_vertical_tablet=&#8221;0px&#8221; box_shadow_blur_tablet=&#8221;40px&#8221; box_shadow_spread_tablet=&#8221;0px&#8221; global_colors_info=&#8221;{}&#8221; sticky_enabled=&#8221;0&#8243;]<\/p>\n<h2>4\u00ba ESO<\/h2>\n<p>Las materias de este curso son las siguientes (Si pulsas sobre ellas podr\u00e1s ver los criterios de evaluaci\u00f3n):<\/p>\n<p>MATERIAS COMUNES:<\/p>\n<table style=\"border-collapse: collapse;width: 66.8617%;height: 369px\">\n<tbody>\n<tr style=\"height: 149px\">\n<td style=\"width: 16.8998%;height: 197px\"><div id=\"attachment_1194\" style=\"width: 160px\" class=\"wp-caption aligncenter\"><a title=\"Criterios de Geograf\u00eda e Historia\" href=\"https:\/\/drive.google.com\/file\/d\/19ukhoXTEZeWKmHPYxd_6mYkv-CT1fYut\/view?usp=drive_link\" target=\"_blank\" rel=\"noopener noreferrer\"><img loading=\"lazy\" decoding=\"async\" aria-describedby=\"caption-attachment-1194\" class=\"alignnone wp-image-1194 size-thumbnail\" src=\"https:\/\/blogsaverroes.juntadeandalucia.es\/cristobalcolonweb\/files\/2023\/11\/Geografia-150x150.png\" alt=\"\" width=\"150\" height=\"150\"><\/a><p id=\"caption-attachment-1194\" class=\"wp-caption-text\">GEOGRAF\u00cdA E HISTORIA<\/p><\/div><\/td>\n<td style=\"width: 16.2782%;height: 197px\"><div id=\"attachment_1190\" style=\"width: 160px\" class=\"wp-caption aligncenter\"><a title=\"Criterios de Matem\u00e1ticas\" href=\"https:\/\/drive.google.com\/file\/d\/1Hb7mCYaY5mf5tzyiageojEUfZUhRSJfL\/view?usp=drive_link\" target=\"_blank\" rel=\"noopener noreferrer\"><img loading=\"lazy\" decoding=\"async\" aria-describedby=\"caption-attachment-1190\" class=\"alignnone wp-image-1190 size-thumbnail\" src=\"https:\/\/blogsaverroes.juntadeandalucia.es\/cristobalcolonweb\/files\/2023\/11\/Matematicas-150x150.png\" alt=\"\" width=\"150\" height=\"150\"><\/a><p id=\"caption-attachment-1190\" class=\"wp-caption-text\">MATEM\u00c1TICAS OPCI\u00d3N A<\/p><\/div><\/td>\n<td style=\"width: 17.0127%;height: 197px\">\n<p style=\"text-align: center\"><a title=\"Criterios de Matem\u00e1ticas B\" href=\"https:\/\/drive.google.com\/file\/d\/1tnA2xTloah2ZjgATB7Jgir5-l18WmAqY\/view?usp=drive_link\" target=\"_blank\" rel=\"noopener noreferrer\"><img loading=\"lazy\" decoding=\"async\" class=\"aligncenter wp-image-1190 size-thumbnail\" src=\"https:\/\/blogsaverroes.juntadeandalucia.es\/cristobalcolonweb\/files\/2023\/11\/Matematicas-150x150.png\" alt=\"\" width=\"150\" height=\"150\"><\/a>MATEM\u00c1TICAS OPCI\u00d3N B<\/p>\n<\/td>\n<td style=\"width: 12.8411%;height: 197px\">\n<p>&nbsp;<\/p>\n<div id=\"attachment_1188\" style=\"width: 160px\" class=\"wp-caption aligncenter\"><a title=\"Criterios de Lengua y Literatura\" href=\"https:\/\/drive.google.com\/file\/d\/1LCCm0FYsyEQeDEBj10r-Gwse1tYWESkn\/view?usp=drive_link\" target=\"_blank\" rel=\"noopener noreferrer\"><img loading=\"lazy\" decoding=\"async\" aria-describedby=\"caption-attachment-1188\" class=\"alignnone wp-image-1188 size-thumbnail\" src=\"https:\/\/blogsaverroes.juntadeandalucia.es\/cristobalcolonweb\/files\/2023\/11\/Lengua-150x150.png\" alt=\"\" width=\"150\" height=\"150\"><\/a><p id=\"caption-attachment-1188\" class=\"wp-caption-text\">LENGUA Y LITERATURA<\/p><\/div>\n<p>&nbsp;<\/p>\n<\/td>\n<\/tr>\n<tr style=\"height: 149px\">\n<td style=\"width: 16.8998%;height: 149px\"><div id=\"attachment_1191\" style=\"width: 160px\" class=\"wp-caption aligncenter\"><a title=\"Criterios de Biolog\u00eda y Geolog\u00eda\" href=\"https:\/\/drive.google.com\/file\/d\/1585G_XCrvg9XDyNYWR_NKjnoB3mqIEIo\/view?usp=drive_link\" target=\"_blank\" rel=\"noopener noreferrer\"><img loading=\"lazy\" decoding=\"async\" aria-describedby=\"caption-attachment-1191\" class=\"alignnone wp-image-1191 size-thumbnail\" src=\"https:\/\/blogsaverroes.juntadeandalucia.es\/cristobalcolonweb\/files\/2023\/11\/bIO-150x150.png\" alt=\"\" width=\"150\" height=\"150\"><\/a><p id=\"caption-attachment-1191\" class=\"wp-caption-text\">BIOLOG\u00cdA Y GEOLOG\u00cdA<\/p><\/div><\/td>\n<td style=\"width: 16.2782%;height: 149px\"><div id=\"attachment_1239\" style=\"width: 160px\" class=\"wp-caption aligncenter\"><a title=\"Criterios de Ed. F\u00edsica\" href=\"https:\/\/drive.google.com\/file\/d\/1eWBs5U_h-4SYvQt5L8K0Cl-WoMnU0Aik\/view?usp=drive_link\" target=\"_blank\" rel=\"noopener noreferrer\"><img loading=\"lazy\" decoding=\"async\" aria-describedby=\"caption-attachment-1239\" class=\"alignnone wp-image-1239 size-thumbnail\" src=\"https:\/\/blogsaverroes.juntadeandalucia.es\/cristobalcolonweb\/files\/2023\/11\/EF-150x150.png\" alt=\"\" width=\"150\" height=\"150\"><\/a><p id=\"caption-attachment-1239\" class=\"wp-caption-text\"><br \/>ED. F\u00cdSICA<\/p><\/div><\/td>\n<td style=\"width: 17.0127%;height: 149px\"><div id=\"attachment_1233\" style=\"width: 160px\" class=\"wp-caption aligncenter\"><a title=\"Criterios Ingl\u00e9s\" href=\"https:\/\/drive.google.com\/file\/d\/1CXM2WtpNV_KOqfHwpvhGbEHocnAhVIc-\/view?usp=drive_link\" target=\"_blank\" rel=\"noopener noreferrer\"><img loading=\"lazy\" decoding=\"async\" aria-describedby=\"caption-attachment-1233\" class=\"alignnone wp-image-1233 size-thumbnail\" src=\"https:\/\/blogsaverroes.juntadeandalucia.es\/cristobalcolonweb\/files\/2023\/11\/iNGLES-150x150.png\" alt=\"\" width=\"150\" height=\"150\"><\/a><p id=\"caption-attachment-1233\" class=\"wp-caption-text\">INGL\u00c9S<\/p><\/div><\/td>\n<td style=\"width: 12.8411%;height: 149px\"><div id=\"attachment_1234\" style=\"width: 160px\" class=\"wp-caption aligncenter\"><a title=\"Criterios de M\u00fasica\" href=\"https:\/\/drive.google.com\/file\/d\/1kB1e8p6dBcaq4yPEp7lDw9FXTfMeGFNx\/view?usp=drive_link\" target=\"_blank\" rel=\"noopener noreferrer\"><img loading=\"lazy\" decoding=\"async\" aria-describedby=\"caption-attachment-1234\" class=\"wp-image-1234 size-thumbnail\" src=\"https:\/\/blogsaverroes.juntadeandalucia.es\/cristobalcolonweb\/files\/2023\/11\/mUSICA-150x150.png\" alt=\"\" width=\"150\" height=\"150\"><\/a><p id=\"caption-attachment-1234\" class=\"wp-caption-text\">M\u00daSICA<\/p><\/div><\/td>\n<\/tr>\n<\/tbody>\n<\/table>\n<p>MATERIAS OPTATIVAS:<\/p>\n<table style=\"border-collapse: collapse;width: 66.8617%;height: 369px\">\n<tbody>\n<tr style=\"height: 149px\">\n<td style=\"width: 16.8998%;height: 197px\"><a title=\"Criterios de Tecnolog\u00eda\" href=\"https:\/\/drive.google.com\/file\/d\/1a-FhCV4ODuCYwrH-fT4cGCRCPSAtSjfZ\/view?usp=drive_link\" target=\"_blank\" rel=\"noopener noreferrer\"><img loading=\"lazy\" decoding=\"async\" class=\"aligncenter wp-image-1262 size-thumbnail\" src=\"https:\/\/blogsaverroes.juntadeandalucia.es\/cristobalcolonweb\/files\/2023\/11\/TEcnologia-150x150.png\" alt=\"\" width=\"150\" height=\"150\"><\/a>TECNOLOG\u00cdA<\/td>\n<td style=\"width: 16.2782%;height: 197px\"><a title=\"Criterios de Digitalizaci\u00f3n\" href=\"https:\/\/drive.google.com\/file\/d\/1nWPAzjLCksDoVe2hMo3cws67P1ecQ0iG\/view?usp=drive_link\" target=\"_blank\" rel=\"noopener noreferrer\"><img loading=\"lazy\" decoding=\"async\" class=\"aligncenter wp-image-1276 size-thumbnail\" src=\"https:\/\/blogsaverroes.juntadeandalucia.es\/cristobalcolonweb\/files\/2023\/11\/Digitalizacion-150x150.png\" alt=\"\" width=\"150\" height=\"150\"><\/a>DIGITALIZACI\u00d3N<\/td>\n<td style=\"width: 17.0127%;height: 197px\"><img loading=\"lazy\" decoding=\"async\" class=\"aligncenter wp-image-1279 size-thumbnail\" src=\"https:\/\/blogsaverroes.juntadeandalucia.es\/cristobalcolonweb\/files\/2023\/11\/Teatro-150x150.png\" alt=\"\" width=\"150\" height=\"150\">TEATRO<\/td>\n<td style=\"width: 12.8411%;height: 197px\">\n<p>&nbsp;<\/p>\n<p><a title=\"Criterios de Econom\u00eda y Emprendimiento\" href=\"https:\/\/drive.google.com\/file\/d\/1Y9Kw1QjDod8uwa-e66WgtOQIlS-Y237H\/view?usp=drive_link\" target=\"_blank\" rel=\"noopener noreferrer\"><img loading=\"lazy\" decoding=\"async\" class=\"aligncenter wp-image-1277 size-thumbnail\" src=\"https:\/\/blogsaverroes.juntadeandalucia.es\/cristobalcolonweb\/files\/2023\/11\/Eco_Empr-150x150.png\" alt=\"\" width=\"150\" height=\"150\"><\/a>ECONOM\u00cdA Y EMPRENDIMIENTO<\/p>\n<p>&nbsp;<\/p>\n<\/td>\n<\/tr>\n<tr style=\"height: 149px\">\n<td style=\"width: 16.8998%;height: 149px\"><a title=\"Criterios de Expresi\u00f3n art\u00edstica\" href=\"https:\/\/drive.google.com\/file\/d\/1M24xVuof21EWK6i0Jxn852zIrjQA0R7U\/view?usp=drive_link\" target=\"_blank\" rel=\"noopener noreferrer\"><img loading=\"lazy\" decoding=\"async\" class=\"aligncenter wp-image-1278 size-thumbnail\" src=\"https:\/\/blogsaverroes.juntadeandalucia.es\/cristobalcolonweb\/files\/2023\/11\/ExpArt-150x150.png\" alt=\"\" width=\"150\" height=\"150\"><\/a>EXPRESI\u00d3N ART\u00cdSTICA<\/td>\n<td style=\"width: 16.2782%;height: 149px\"><a title=\"Criterios de F\u00edsica y Qu\u00edmica\" href=\"https:\/\/drive.google.com\/file\/d\/10JP16J-H1kt_bZKLf5seVaSYcKxzix27\/view?usp=drive_link\" target=\"_blank\" rel=\"noopener noreferrer\"><img loading=\"lazy\" decoding=\"async\" class=\"aligncenter wp-image-1192 size-thumbnail\" src=\"https:\/\/blogsaverroes.juntadeandalucia.es\/cristobalcolonweb\/files\/2023\/11\/FQ-150x150.png\" alt=\"\" width=\"150\" height=\"150\"><\/a>F\u00cdSICA Y QU\u00cdMICA<\/td>\n<td style=\"width: 17.0127%;height: 149px\"><a title=\"Criterios de Dibujo T\u00e9cnico\" href=\"https:\/\/drive.google.com\/file\/d\/19tGR3wt9fmC3ftpb8YFLpuxrMJNirl7D\/view?usp=drive_link\" target=\"_blank\" rel=\"noopener noreferrer\"><img loading=\"lazy\" decoding=\"async\" class=\"aligncenter wp-image-1275 size-thumbnail\" src=\"https:\/\/blogsaverroes.juntadeandalucia.es\/cristobalcolonweb\/files\/2023\/11\/DibujoTecnico-150x150.png\" alt=\"\" width=\"150\" height=\"150\"><\/a>DIBUJO T\u00c9CNICO<\/td>\n<td style=\"width: 12.8411%;height: 149px\">\n<p><a href=\"https:\/\/drive.google.com\/file\/d\/1u7pMmnlUjn83pdagHYU02W338mamBlRl\/view?usp=drive_link\"><img loading=\"lazy\" decoding=\"async\" class=\"aligncenter wp-image-2030 size-full\" src=\"https:\/\/blogsaverroes.juntadeandalucia.es\/cristobalcolonweb\/files\/2025\/10\/Aprendizaje-Socioemocional.png\" alt=\"\" width=\"601\" height=\"360\" srcset=\"https:\/\/blogsaverroes.juntadeandalucia.es\/cristobalcolonweb\/files\/2025\/10\/Aprendizaje-Socioemocional.png 601w, https:\/\/blogsaverroes.juntadeandalucia.es\/cristobalcolonweb\/files\/2025\/10\/Aprendizaje-Socioemocional-480x288.png 480w\" sizes=\"(min-width: 0px) and (max-width: 480px) 480px, (min-width: 481px) 601px, 100vw\" \/><\/a><\/p>\n<p>APRENDIZAJE SOCIOEMOCIONAL<\/p>\n<\/td>\n<\/tr>\n<\/tbody>\n<\/table>\n<table style=\"border-collapse: collapse;width: 51.325%\">\n<tbody>\n<tr>\n<td style=\"width: 28.3518%\">\n<p><a href=\"https:\/\/drive.google.com\/file\/d\/1u1qjVRNaGsoFxwutW4yPPgjFP3pCYAxx\/view?usp=drive_link\"><img loading=\"lazy\" decoding=\"async\" class=\"aligncenter wp-image-2066 size-full\" src=\"https:\/\/blogsaverroes.juntadeandalucia.es\/cristobalcolonweb\/files\/2025\/10\/Latin-logo-1-1.png\" alt=\"\" width=\"934\" height=\"936\" srcset=\"https:\/\/blogsaverroes.juntadeandalucia.es\/cristobalcolonweb\/files\/2025\/10\/Latin-logo-1-1.png 934w, https:\/\/blogsaverroes.juntadeandalucia.es\/cristobalcolonweb\/files\/2025\/10\/Latin-logo-1-1-480x481.png 480w\" sizes=\"(min-width: 0px) and (max-width: 480px) 480px, (min-width: 481px) 934px, 100vw\" \/><\/a><\/p>\n<p><span style=\"font-family: inherit;font-size: inherit\">&nbsp; LAT\u00cdN&nbsp;<\/span><\/p>\n<\/td>\n<td style=\"width: 27.6373%\">\n<p><a href=\"https:\/\/drive.google.com\/file\/d\/1N2iHyRT1WL4jE6ySvjhfOmO2D8wSQTvU\/view?usp=drive_link\"><img loading=\"lazy\" decoding=\"async\" class=\"aligncenter wp-image-2225\" src=\"https:\/\/blogsaverroes.juntadeandalucia.es\/cristobalcolonweb\/files\/2025\/10\/cartoon-maths-elements-background-education-logo-vector.jpg\" alt=\"\" width=\"178\" height=\"107\"><\/a><\/p>\n<p>REFUERZO DE MATEM\u00c1TICAS<\/p>\n<\/td>\n<td style=\"width: 28.0409%\"><a href=\"https:\/\/drive.google.com\/file\/d\/17Y6cAFosDZCLLokQAT4NSNU9IaUZxZcb\/view?usp=drive_link\"><img loading=\"lazy\" decoding=\"async\" class=\"alignnone wp-image-2287 size-medium\" src=\"https:\/\/blogsaverroes.juntadeandalucia.es\/cristobalcolonweb\/files\/2025\/11\/1720461-300x300.png\" alt=\"\" width=\"300\" height=\"300\"><\/a>FOPP<\/td>\n<\/tr>\n<\/tbody>\n<\/table>\n<p>MATERIAS DIVERSIFICACI\u00d3N:<\/p>\n<table style=\"width: 23.5817%\">\n<tbody>\n<tr>\n<td style=\"width: 46.8944%\"><a title=\"Criterios \u00c1mbito Cient\u00edfico Tecnol\u00f3gico\" href=\"https:\/\/drive.google.com\/file\/d\/1bjvFe3D4GSXNTh_9iCFz0d9FeR8KEypg\/view?usp=drive_link\" target=\"_blank\" rel=\"noopener noreferrer\"><img loading=\"lazy\" decoding=\"async\" class=\"aligncenter wp-image-1287 size-thumbnail\" src=\"https:\/\/blogsaverroes.juntadeandalucia.es\/cristobalcolonweb\/files\/2023\/11\/AmbitoCT-150x150.png\" alt=\"\" width=\"150\" height=\"150\"><\/a>\u00c1MBITO CIENT\u00cdFICO<br \/>TECNOL\u00d3GICO<\/td>\n<td style=\"width: 47.205%\"><a title=\"Criterios \u00c1mbito Ling\u00fc\u00edstico y Social\" href=\"https:\/\/drive.google.com\/file\/d\/1Lkjsuz0-yd9vtQ2A9nxYV-kD6HPsTnl1\/view?usp=drive_link\" target=\"_blank\" rel=\"noopener noreferrer\"><img loading=\"lazy\" decoding=\"async\" class=\"aligncenter wp-image-1288 size-thumbnail\" src=\"https:\/\/blogsaverroes.juntadeandalucia.es\/cristobalcolonweb\/files\/2023\/11\/AmbitoLS-150x150.png\" alt=\"\" width=\"150\" height=\"150\"><\/a>\u00c1MBITO LING\u00dcISTICO<br \/>Y SOCIAL<\/td>\n<\/tr>\n<\/tbody>\n<\/table>\n<p>&nbsp;<\/p>\n<p>[\/et_pb_text][\/et_pb_column][\/et_pb_row][\/et_pb_section]<\/p>\n","protected":false},"excerpt":{"rendered":"<p>4\u00ba ESO Las materias de este curso son las siguientes (Si pulsas sobre ellas podr\u00e1s ver los criterios de evaluaci\u00f3n): MATERIAS COMUNES: MATEM\u00c1TICAS OPCI\u00d3N B &nbsp; &nbsp; MATERIAS OPTATIVAS: TECNOLOG\u00cdA DIGITALIZACI\u00d3N TEATRO &nbsp; ECONOM\u00cdA Y EMPRENDIMIENTO &nbsp; EXPRESI\u00d3N ART\u00cdSTICA F\u00cdSICA Y QU\u00cdMICA DIBUJO T\u00c9CNICO APRENDIZAJE SOCIOEMOCIONAL &nbsp; LAT\u00cdN&nbsp; REFUERZO DE MATEM\u00c1TICAS FOPP MATERIAS DIVERSIFICACI\u00d3N: \u00c1MBITO [&hellip;]<\/p>\n","protected":false},"author":18010,"featured_media":0,"parent":0,"menu_order":0,"comment_status":"closed","ping_status":"closed","template":"","meta":{"_et_pb_use_builder":"on","_et_pb_old_content":"","_et_gb_content_width":"","ngg_post_thumbnail":0,"footnotes":""},"aioseo_notices":[],"_links":{"self":[{"href":"https:\/\/blogsaverroes.juntadeandalucia.es\/cristobalcolonweb\/wp-json\/wp\/v2\/pages\/26"}],"collection":[{"href":"https:\/\/blogsaverroes.juntadeandalucia.es\/cristobalcolonweb\/wp-json\/wp\/v2\/pages"}],"about":[{"href":"https:\/\/blogsaverroes.juntadeandalucia.es\/cristobalcolonweb\/wp-json\/wp\/v2\/types\/page"}],"author":[{"embeddable":true,"href":"https:\/\/blogsaverroes.juntadeandalucia.es\/cristobalcolonweb\/wp-json\/wp\/v2\/users\/18010"}],"replies":[{"embeddable":true,"href":"https:\/\/blogsaverroes.juntadeandalucia.es\/cristobalcolonweb\/wp-json\/wp\/v2\/comments?post=26"}],"version-history":[{"count":27,"href":"https:\/\/blogsaverroes.juntadeandalucia.es\/cristobalcolonweb\/wp-json\/wp\/v2\/pages\/26\/revisions"}],"predecessor-version":[{"id":2326,"href":"https:\/\/blogsaverroes.juntadeandalucia.es\/cristobalcolonweb\/wp-json\/wp\/v2\/pages\/26\/revisions\/2326"}],"wp:attachment":[{"href":"https:\/\/blogsaverroes.juntadeandalucia.es\/cristobalcolonweb\/wp-json\/wp\/v2\/media?parent=26"}],"curies":[{"name":"wp","href":"https:\/\/api.w.org\/{rel}","templated":true}]}}